891
CXUS52 KILM 012121
CLMLBT


CLIMATE REPORT
NATIONAL WEATHER SERVICE WILMINGTON NC
419 PM EST SUN JAN 1 2017

...................................

...THE LUMBERTON NC CLIMATE SUMMARY FOR THE YEAR OF 2016...

CLIMATE NORMAL PERIOD 1981 TO 2010
CLIMATE RECORD PERIOD 9999 TO 9999

WEATHER         OBSERVED          NORMAL  DEPART  LAST YEAR`S
                 VALUE   DATE(S)  VALUE   FROM    VALUE  DATE(S)
                                          NORMAL
................................................................
TEMPERATURE (F)
HIGHEST           100   06/12                        104  06/18
                                                          06/15
LOWEST             21   01/19                         13  02/20
AVG. MAXIMUM     75.4              73.9     1.5     75.9
AVG. MINIMUM     53.6              51.4     2.2     54.4
MEAN             64.5              62.6     1.9     65.2
DAYS MAX >= 90     93              50.6    42.4       92
DAYS MAX <= 32      0               0.5    -0.5        2
DAYS MIN <= 32     48              48.8    -0.8       38
DAYS MIN <= 0       0               0.0     0.0        0

PRECIPITATION (INCHES)
RECORD
 MAXIMUM        65.74   1924
 MINIMUM        22.65   2007
TOTALS          57.65             43.52   14.13    49.84
DAILY AVG.       0.16              0.12    0.04     0.14
DAYS >= .01       113                                125
DAYS >= .10        73                                 91
DAYS >= .50        33                                 35
DAYS >= 1.00       10                                 11
GREATEST
 24 HR. TOTAL   12.53   10/08 TO 10/08

DEGREE_DAYS
HEATING TOTAL    2445              2761    -316     2211
 SINCE 7/1        913              1050    -137      486
COOLING TOTAL    2371              1910     461     2441
 SINCE 1/1       2371              1909     462     2441
..................................................

WIND (MPH)
AVERAGE WIND SPEED              6.1
RESULTANT WIND SPEED/DIRECTION   1/297
HIGHEST WIND SPEED/DIRECTION    49/360    DATE  10/08
HIGHEST GUST SPEED/DIRECTION    67/360    DATE  10/08

SKY COVER
POSSIBLE SUNSHINE (PERCENT)   MM
AVERAGE SKY COVER           0.30
NUMBER OF DAYS FAIR          235
NUMBER OF DAYS PC             82
NUMBER OF DAYS CLOUDY         39

AVERAGE RH (PERCENT)     70

WEATHER CONDITIONS. NUMBER OF DAYS WITH
THUNDERSTORM             62     MIXED PRECIP              MM
HEAVY RAIN               56     RAIN                      64
LIGHT RAIN              127     FREEZING RAIN              1
LT FREEZING RAIN          1     HAIL                      MM
HEAVY SNOW                0     SNOW                       0
LIGHT SNOW                1     SLEET                     MM
FOG                     197     FOG W/VIS <= 1/4 MILE     23
HAZE                     33

-  INDICATES NEGATIVE NUMBERS.
R  INDICATES RECORD WAS SET OR TIED.
MM INDICATES DATA IS MISSING.
T  INDICATES TRACE AMOUNT.

$$
