085
CXUS52 KILM 012226
CLMLBT


CLIMATE REPORT
NATIONAL WEATHER SERVICE WILMINGTON NC
623 PM EDT SAT OCT 1 2016

...................................

...THE LUMBERTON NC CLIMATE SUMMARY FOR THE MONTH OF SEPTEMBER 2016...

CLIMATE NORMAL PERIOD 1981 TO 2010
CLIMATE RECORD PERIOD 9999 TO 9999

WEATHER         OBSERVED          NORMAL  DEPART  LAST YEAR`S
                 VALUE   DATE(S)  VALUE   FROM    VALUE  DATE(S)
                                          NORMAL
................................................................
TEMPERATURE (F)
HIGHEST            94   09/08                         95
                        09/07
LOWEST             60   09/05                         49
AVG. MAXIMUM     86.8              83.7     3.1     86.3
AVG. MINIMUM     67.8              62.3     5.5     67.3
MEAN             77.3              73.0     4.3     76.8
DAYS MAX >= 90     10               4.0     6.0       10
DAYS MAX <= 32      0               0.0     0.0        0
DAYS MIN <= 32      0               0.0     0.0        0
DAYS MIN <= 0       0               0.0     0.0        0

PRECIPITATION (INCHES)
RECORD
 MAXIMUM        16.92   1999
 MINIMUM         0.26   1985
TOTALS           7.20              4.80    2.40     2.45
DAILY AVG.       0.24              0.16    0.08     0.08
DAYS >= .01        12                                 13
DAYS >= .10         9                                  8
DAYS >= .50         3                                  1
DAYS >= 1.00        1                                  0
GREATEST
 24 HR. TOTAL    3.90   09/02 TO 09/02

DEGREE_DAYS
HEATING TOTAL       0                 9      -9        0
COOLING TOTAL     377               249     128      364
.....................................................

WIND (MPH)
AVERAGE WIND SPEED              5.5
RESULTANT WIND SPEED/DIRECTION   2/046
HIGHEST WIND SPEED/DIRECTION    31/010    DATE  09/02
HIGHEST GUST SPEED/DIRECTION    45/010    DATE  09/02

SKY COVER
POSSIBLE SUNSHINE (PERCENT)   MM
AVERAGE SKY COVER           0.40
NUMBER OF DAYS FAIR           14
NUMBER OF DAYS PC             10
NUMBER OF DAYS CLOUDY          5

AVERAGE RH (PERCENT)     78

WEATHER CONDITIONS. NUMBER OF DAYS WITH
THUNDERSTORM              6     MIXED PRECIP              MM
HEAVY RAIN                7     RAIN                       8
LIGHT RAIN               11     FREEZING RAIN              0
LT FREEZING RAIN          0     HAIL                      MM
HEAVY SNOW                0     SNOW                       0
LIGHT SNOW                0     SLEET                     MM
FOG                      20     FOG W/VIS <= 1/4 MILE      3
HAZE                      3

-  INDICATES NEGATIVE NUMBERS.
R  INDICATES RECORD WAS SET OR TIED.
MM INDICATES DATA IS MISSING.
T  INDICATES TRACE AMOUNT.

$$
