000
CXUS51 KRNK 022225
CLMLYH

CLIMATE REPORT
NATIONAL WEATHER SERVICE BLACKSBURG VA
541 AM EST WED MAR 1 2017

...................................

...THE LYNCHBURG VA CLIMATE SUMMARY FOR THE MONTH OF FEBRUARY 2017...

CLIMATE NORMAL PERIOD 1981 TO 2010
CLIMATE RECORD PERIOD 1893 TO 2017

WEATHER         OBSERVED          NORMAL  DEPART  LAST YEAR`S
                 VALUE   DATE(S)  VALUE   FROM    VALUE
                                          NORMAL
.............................................................
TEMPERATURE (F)
RECORD
 HIGH              82   02/11/1932
 LOW              -11   02/20/2015
HIGHEST            80   02/12                         66
LOWEST             17   02/04                          7
AVG. MAXIMUM     59.9              49.1    10.8     47.0
AVG. MINIMUM     32.9              27.2     5.7     28.3
MEAN             46.7              38.2     8.5     37.6
DAYS MAX >= 90      0               0.0     0.0        0
DAYS MAX <= 32      0               1.1    -1.1        6
DAYS MIN <= 32     14              20.8    -6.8       18
DAYS MIN <= 0       0               0.0     0.0        0

PRECIPITATION (INCHES)
RECORD
 MAXIMUM         7.84   1897
 MINIMUM         0.53   1918
TOTALS           0.60              2.93   -2.33     4.52
DAILY AVG.       0.02              0.10   -0.08     0.16
DAYS >= .01         5               9.4    -4.4       11
DAYS >= .10         3               5.9    -2.9        6
DAYS >= .50         0               1.8    -1.8        4
DAYS >= 1.00        0               0.7    -0.7        2
GREATEST
 24 HR. TOTAL    0.25                               1.14

SNOWFALL (INCHES)
TOTALS            0.0                                5.4
DAYS >= TRACE       0                                  3
DAYS >= 1.0         0                                  1
GREATEST
 24 HR TOTAL      0.0                                4.9

DEGREE_DAYS
HEATING TOTAL     501               752    -251      789
COOLING TOTAL       1                 0       1        0
..............................................................

WIND (MPH)
AVERAGE WIND SPEED              5.7
HIGHEST WIND SPEED/DIRECTION    28/200    DATE  02/07
HIGHEST GUST SPEED/DIRECTION    38/300    DATE  02/09

SKY COVER
AVERAGE SKY COVER           0.20

AVERAGE RH (PERCENT)     54

WEATHER CONDITIONS. NUMBER OF DAYS WITH
THUNDERSTORM              1     MIXED PRECIP               0
HEAVY RAIN                0     RAIN                       1
LIGHT RAIN                9     FREEZING RAIN              0
LT FREEZING RAIN          0     HAIL                       0
HEAVY SNOW                0     SNOW                       0
LIGHT SNOW                0     SLEET                      0
FOG                       5     FOG W/VIS <= 1/4 MILE      2
HAZE                      0

-  INDICATES NEGATIVE NUMBERS.
R  INDICATES RECORD WAS SET OR TIED.
MM INDICATES DATA IS MISSING.
T  INDICATES TRACE AMOUNT.

REMARKS:

DUE TO A POWER OUTAGE CAUSING A MISSING LOW TEMPERATURE ON FEBRUARY 23...
ALL TEMPERATURE AND HEATING DEGREE DAY INFORMATION WILL BE CALCULATED
WITHOUT DATA FROM THIS DATE.

$$

RAB
