000
CXUS54 KLZK 011557
CLMLZK


CLIMATE REPORT
NATIONAL WEATHER SERVICE LITTLE ROCK AR
1053 AM CDT SAT NOV 1 2014

...................................

...THE NORTH LITTLE ROCK CLIMATE SUMMARY FOR THE MONTH OF OCTOBER 2014...

CLIMATE NORMAL PERIOD 1981 TO 2010
CLIMATE RECORD PERIOD 1975 TO 2014

WEATHER         OBSERVED          NORMAL  DEPART  LAST YEAR`S
                 VALUE   DATE(S)  VALUE   FROM    VALUE  DATE(S)
                                          NORMAL
................................................................
TEMPERATURE (F)
RECORD
 HIGH              92   10/23/2003
 LOW               27   10/31/1993
HIGHEST            89   10/02        75      14       86  10/02
LOWEST             39   10/31        54     -15       37  10/25
AVG. MAXIMUM     75.3              73.4     1.9     72.0
AVG. MINIMUM     55.7              54.1     1.6     54.6
MEAN             65.5              63.8     1.7     63.3
DAYS MAX >= 90      0               0.3    -0.3        0
DAYS MAX <= 32      0               0.0     0.0        0
DAYS MIN <= 32      0               0.1    -0.1        0
DAYS MIN <= 0       0               0.0     0.0        0

PRECIPITATION (INCHES)
RECORD
 MAXIMUM        15.81   2009
 MINIMUM         0.80   2000
TOTALS           5.25              4.80    0.45     3.46
DAILY AVG.       0.17              0.15    0.02     0.11
DAYS >= .01         8               8.1    -0.1       12
DAYS >= .10         8                                  8
DAYS >= .50         5                                  3
DAYS >= 1.00        1               1.6    -0.6        1
GREATEST
 24 HR. TOTAL    1.42   10/12 TO 10/13

SNOWFALL (INCHES)
RECORDS
 TOTAL            0.2   1993
 24 HR TOTAL      0.2   10/29/1993 TO 10/29/1993
 SNOW DEPTH         T   10/30/1993
TOTALS              T                 T     0.0      0.0
 LIQUID EQUIV      MM              0.00      MM     0.00
SINCE 7/1           T                 T     0.0      0.0
 LIQUID 7/1        MM              0.00      MM     0.00
SNOWDEPTH AVG.      0
DAYS >= TRACE       1               0.0     1.0        0
DAYS >= 1.0         0                                  0
GREATEST
 SNOW DEPTH         0   MM
 24 HR TOTAL        T

DEGREE_DAYS
HEATING TOTAL      74               122     -48      124
 SINCE 7/1         81               135     -54      124
COOLING TOTAL      99                84      15       81
 SINCE 1/1       1931              2158    -227     2110

FREEZE DATES
RECORD
 EARLIEST     10/20/1989
 LATEST       04/19/1983
EARLIEST                        11/13
LATEST                          03/19
..................................................

WIND (MPH)
AVERAGE WIND SPEED              6.3
HIGHEST WIND SPEED/DIRECTION    18/240    DATE  10/05
HIGHEST GUST SPEED/DIRECTION    54/270    DATE  10/06

SKY COVER
POSSIBLE SUNSHINE (PERCENT)   MM
AVERAGE SKY COVER             MM
NUMBER OF DAYS FAIR          MM
NUMBER OF DAYS PC            MM
NUMBER OF DAYS CLOUDY        MM

AVERAGE RH (PERCENT)     MM

WEATHER CONDITIONS. NUMBER OF DAYS WITH
THUNDERSTORM              0     MIXED PRECIP               0
HEAVY RAIN                6     RAIN                       8
LIGHT RAIN               11     FREEZING RAIN              0
LT FREEZING RAIN          0     HAIL                       1
HEAVY SNOW                0     SNOW                       0
LIGHT SNOW                0     SLEET                      0
FOG                       7     FOG W/VIS <= 1/4 MILE      3
HAZE                      0

-  INDICATES NEGATIVE NUMBERS.
R  INDICATES RECORD WAS SET OR TIED.
MM INDICATES DATA IS MISSING.
T  INDICATES TRACE AMOUNT.

&&


...DATA FOR NORTH LITTLE ROCK FOR OCTOBER 2014...

.SUMMARY...
OCTOBER TEMPERATURES WERE ABOVE AVERAGE...AND WERE THE WARMEST IN
SEVERAL YEARS. ODDLY ENOUGH...THE WARMEST PERIOD WAS IN THE LATTER
PORTION OF THE MONTH...FROM THE 24TH THROUGH 30TH...WITH AVERAGE
TEMPERATURES AS MUCH AS 10 TO 15 DEGREES ABOVE NORMAL. COOL PERIODS
THIS MONTH WERE NOT PROLONGED...BUT WERE INSTEAD SCATTERED OUT
DURING THE MONTH.

.MONTHLY TEMPERATURES...
THE AVERAGE HIGH TEMPERATURE WAS THE WARMEST SINCE 2010. THE AVERAGE
LOW TEMPERATURE WAS THE WARMEST SINCE 2007. THE AVERAGE MONTHLY
TEMPERATURE WAS THE WARMEST SINCE 2010.

.DAILY AVERAGE TEMPERATURES...

ABOVE NORMAL ON 16 DAYS...NORMAL ON FIVE DAYS...AND BELOW NORMAL ON
TEN DAYS.

.NUMBER OF DAYS WITH TEMPERATURES...

AT OR ABOVE  80...10...MOST SINCE 2011
AT OR BELOW  40....1...SAME AS 2013

.DAILY TEMPERATURE RECORDS TIED OR BROKEN DURING THE MONTH...

NONE.

.RAINFALL...

IT WAS THE WETTEST OCTOBER SINCE 2009...AND THE FIRST OCTOBER SINCE
THEN WITH ABOVE AVERAGE RAINFALL.

.DAILY RAINFALL RECORDS TIED OR BROKEN DURING THE MONTH...

NONE.

.SNOW...

NO SNOW FELL DURING THE MONTH.

.OTHER PHENOMENA...

HAIL FELL DURING THE PASSAGE OF A STRONG THUNDERSTORM ON THE EARLY
MORNING OF THE 6TH.

ALSO...DURING THE PASSAGE OF THIS THUNDERSTORM...A 54 MPH WIND GUST
WAS RECORDED. THIS WAS THE HIGHEST WIND GUST AT NORTH LITTLE ROCK
SINCE APRIL 25TH 2011...AND THE 7TH HIGHEST ON RECORD OVER ALL. IT
WAS ALSO THE 2ND HIGHEST WIND GUST ON RECORD IN THE MONTH OF
OCTOBER.

$$

57
