000
CXUS56 KHNX 011938
CLMMAE


CLIMATE REPORT
NATIONAL WEATHER SERVICE SAN JOAQUIN VALLEY, CA
1131 AM PST THU FEB 1 2018

...................................

...THE MADERA CA AIRPORT CLIMATE SUMMARY FOR THE MONTH OF JANUARY 2018...

CLIMATE NORMAL PERIOD 1981 TO 2010
CLIMATE RECORD PERIOD 1998 TO 2018

WEATHER         OBSERVED          NORMAL  DEPART  LAST YEAR`S
                 VALUE   DATE(S)  VALUE   FROM    VALUE  DATE(S)
                                          NORMAL
................................................................
TEMPERATURE (F)
RECORD
 HIGH              77   01/24/2014
 LOW               20   01/12/2007
HIGHEST            73   01/05        MM      MM       71  01/08
LOWEST             31   01/26        MM      MM       27  01/06
AVG. MAXIMUM     60.8              54.0     6.8     56.3
AVG. MINIMUM     41.2              37.2     4.0     40.1
MEAN             51.0              45.6     5.4     48.2
DAYS MAX >= 90      0               0.0     0.0        0
DAYS MIN <= 32      3               7.8    -4.8        5

PRECIPITATION (INCHES)
RECORD
 MAXIMUM         5.17   2017
TOTALS           1.14              2.45   -1.31     5.17
DAYS >= .01         6                MM      MM       14
DAYS >= .10         5                MM      MM       13
DAYS >= .50         0                MM      MM        5
DAYS >= 1.00        0                MM      MM        0
GREATEST
 24 HR. TOTAL    0.38   01/09 TO 01/09

SNOWFALL (INCHES)
RECORDS
 TOTAL            0.0
TOTALS            0.0              0.0

DEGREE_DAYS
HEATING TOTAL     429               601    -172      511
 SINCE 7/1       1315              1676    -361     1371
COOLING TOTAL       0                 0       0        0
 SINCE 1/1          0                 0       0        0
.................................................................

WIND (MPH)
AVERAGE WIND SPEED              4.3
HIGHEST WIND SPEED/DIRECTION    23/140    DATE  01/09
HIGHEST GUST SPEED/DIRECTION    27/130    DATE  01/09

AVERAGE RH (PERCENT)     79

WEATHER CONDITIONS. NUMBER OF DAYS WITH
THUNDERSTORM              0     RAIN                       2
HAIL                      0     FOG                       30
FOG W/VIS <= 1/4 MILE    16     HAZE                      18

-  INDICATES NEGATIVE NUMBERS.
R  INDICATES RECORD WAS SET OR TIED.
MM INDICATES DATA IS MISSING.
T  INDICATES TRACE AMOUNT.

$$
