000
CXUS53 KABR 011730
CLMMBG


CLIMATE REPORT
NATIONAL WEATHER SERVICE ABERDEEN SD
1126 AM CST WED MAR 1 2017

...................................

...THE MOBRIDGE SD CLIMATE SUMMARY FOR THE MONTH OF FEBRUARY 2017...

CLIMATE NORMAL PERIOD 1981 TO 2010
CLIMATE RECORD PERIOD 1911 TO 2017

WEATHER         OBSERVED          NORMAL  DEPART  LAST YEAR`S
                 VALUE   DATE(S)  VALUE   FROM    VALUE  DATE(S)
                                          NORMAL
................................................................
TEMPERATURE (F)
RECORD
 HIGH              73   02/27/2016
 LOW              -44   02/19/1929
HIGHEST            60   02/21        31      29       73  02/27
LOWEST             -8   02/08        MM      MM        6  02/12
                        02/03
AVG. MAXIMUM     34.8              31.2     3.6     41.5
AVG. MINIMUM     17.5              10.1     7.4     22.4
MEAN             26.2              20.7     5.5     32.0
DAYS MAX >= 90      0               0.0     0.0        0
DAYS MAX <= 32      9              14.4    -5.4        4
DAYS MIN <= 32     25              27.0    -2.0       25
DAYS MIN <= 0       5               8.0    -3.0        0

PRECIPITATION (INCHES)
RECORD
 MAXIMUM         2.60   1930
 MINIMUM         0.03   1934
TOTALS           0.23              0.44   -0.21     1.10
DAYS >= .01         5                MM      MM       10
DAYS >= .10         1                MM      MM        4
DAYS >= .50         0                MM      MM        0
DAYS >= 1.00        0                MM      MM        0

SNOWFALL (INCHES)
RECORDS
 TOTAL           25.0   5
 SNOW DEPTH        MM   MM
TOTALS            0.9                MM      MM      7.1
SINCE 7/1        39.0                MM      MM     18.0
SNOWDEPTH AVG.      5                MM      MM        0
DAYS >= TRACE       9
DAYS >= 1.0         0
GREATEST
 SNOW DEPTH         9   02/10                          4  02/15
                        02/09
                        02/08

DEGREE_DAYS
HEATING TOTAL    1080              1242    -162      954
 SINCE 7/1       5437              5975    -538     4875
COOLING TOTAL       0                 0       0        0
 SINCE 1/1          0                 0       0        0

FREEZE DATES
RECORD
 EARLIEST     MM
 LATEST       MM
EARLIEST                        MM
LATEST                          MM
.................................................................

WIND (MPH)
AVERAGE WIND SPEED              8.8
RESULTANT WIND SPEED/DIRECTION   2/022
HIGHEST WIND SPEED/DIRECTION    33/160    DATE  02/09
HIGHEST GUST SPEED/DIRECTION   141/210    DATE  02/11

SKY COVER
POSSIBLE SUNSHINE (PERCENT)   MM
AVERAGE SKY COVER           0.30
NUMBER OF DAYS FAIR           17
NUMBER OF DAYS PC              9
NUMBER OF DAYS CLOUDY          2

AVERAGE RH (PERCENT)     70

WEATHER CONDITIONS. NUMBER OF DAYS WITH
THUNDERSTORM              0     MIXED PRECIP               0
HEAVY RAIN                0     RAIN                       1
LIGHT RAIN                3     FREEZING RAIN              0
LT FREEZING RAIN          0     HAIL                       0
HEAVY SNOW                0     SNOW                       0
LIGHT SNOW                8     SLEET                      0
FOG                       4     FOG W/VIS <= 1/4 MILE      0
HAZE                      8

-  INDICATES NEGATIVE NUMBERS.
R  INDICATES RECORD WAS SET OR TIED.
MM INDICATES DATA IS MISSING.
T  INDICATES TRACE AMOUNT.

$$
