000
CXUS53 KEAX 011614
CLMMCI

CLIMATE REPORT
NATIONAL WEATHER SERVICE KANSAS CITY/PLEASANT HILL MO
1048 AM CDT FRI MAY 1 2015

...................................

...THE KANSAS CITY INTERNATIONAL MO CLIMATE SUMMARY FOR THE MONTH OF APRIL 2015...

CLIMATE NORMAL PERIOD 1981 TO 2010
CLIMATE RECORD PERIOD 1888 TO 2015

WEATHER         OBSERVED          NORMAL  DEPART  LAST YEAR`S
                 VALUE   DATE(S)  VALUE   FROM    VALUE  DATE(S)
                                          NORMAL
................................................................
TEMPERATURE (F)
RECORD
 HIGH              95   04/29/1910
 LOW               12   04/03/1975
HIGHEST            85   04/07        85       0       83  04/12
LOWEST             29   04/04        27       2       27  04/01
AVG. MAXIMUM     68.1              65.7     2.4     65.1
AVG. MINIMUM     45.5              44.0     1.5     42.1
MEAN             56.8              54.8     2.0     53.6
DAYS MAX >= 90      0               0.2    -0.2        0
DAYS MAX <= 32      0               0.0     0.0        0
DAYS MIN <= 32      1               3.7    -2.7        4
DAYS MIN <= 0       0               0.0     0.0        0

PRECIPITATION (INCHES)
RECORD
 MAXIMUM        10.57   1944
 MINIMUM         0.65   2000
TOTALS           3.29              3.70   -0.41     3.93
DAILY AVG.       0.11              0.12   -0.01     0.13
DAYS >= .01        11              11.0     0.0       10
DAYS >= .10         6               6.8    -0.8        6
DAYS >= .50         4               2.6     1.4        3
DAYS >= 1.00        0               0.8    -0.8        1
GREATEST
 24 HR. TOTAL    1.04   04/18 TO 04/19

SNOWFALL (INCHES)
RECORDS
 TOTAL            7.2   1983
                        0
                        0
TOTALS            0.0               0.6    -0.6      0.1
SINCE 7/1        14.2              18.8    -4.6     26.1
SNOWDEPTH AVG.      0                MM      MM        0
DAYS >= 1.0         0               0.2    -0.2        0
GREATEST
 SNOW DEPTH         0   MM                             0  MM
 24 HR TOTAL      0.0   04/30 TO 04/30

DEGREE_DAYS
HEATING TOTAL     244               329     -85      344
 SINCE 7/1       5020              5020       0     5675
COOLING TOTAL       7                25     -18        9
 SINCE 1/1          9                28     -19        9
.................................................................

WIND (MPH)
AVERAGE WIND SPEED              10.8
HIGHEST WIND SPEED/DIRECTION    37/140    DATE  04/12
HIGHEST GUST SPEED/DIRECTION    45/140    DATE  04/12

SKY COVER
POSSIBLE SUNSHINE (PERCENT)   MM
AVERAGE SKY COVER           0.60
NUMBER OF DAYS FAIR            5
NUMBER OF DAYS PC             11
NUMBER OF DAYS CLOUDY         14

AVERAGE RH (PERCENT)     64

WEATHER CONDITIONS. NUMBER OF DAYS WITH
THUNDERSTORM              0     MIXED PRECIP               0
HEAVY RAIN                2     RAIN                       7
LIGHT RAIN               17     FREEZING RAIN              0
LT FREEZING RAIN          0     HAIL                       0
HEAVY SNOW                0     SNOW                       0
LIGHT SNOW                0     SLEET                      0
FOG                      14     FOG W/VIS <= 1/4 MILE      2
HAZE                      4

-  INDICATES NEGATIVE NUMBERS.
R  INDICATES RECORD WAS SET OR TIED.
MM INDICATES DATA IS MISSING.
T  INDICATES TRACE AMOUNT.

$$
