000
CXUS54 KJAN 011723
CLMMEI


CLIMATE REPORT
NATIONAL WEATHER SERVICE JACKSON MS
1120 AM CST THU DEC 1 2016

...................................

...THE MERIDIAN CLIMATE SUMMARY FOR THE MONTH OF NOVEMBER 2016...

CLIMATE NORMAL PERIOD 1981 TO 2010
CLIMATE RECORD PERIOD 1889 TO 2016

WEATHER         OBSERVED          NORMAL  DEPART  LAST YEAR`S
                 VALUE   DATE(S)  VALUE   FROM    VALUE  DATE(S)
                                          NORMAL
................................................................
TEMPERATURE (F)
RECORD
 HIGH              89   11/01/2016
 LOW               12   11/16/2000
HIGHEST            89R  11/01        82       7       84  11/06
LOWEST             26   11/27        27      -1       26  11/23
AVG. MAXIMUM     75.7              67.7     8.0     70.4
AVG. MINIMUM     42.3              41.6     0.7     49.2
MEAN             59.0              54.7     4.3     59.8
DAYS MAX >= 90      0               0.0     0.0        0
DAYS MAX <= 32      0               0.0     0.0        0
DAYS MIN <= 32      5               6.5    -1.5        3
DAYS MIN <= 0       0               0.0     0.0        0

PRECIPITATION (INCHES)
RECORD
 MAXIMUM        13.93   1948
 MINIMUM         0.17   1924
TOTALS           3.93              4.95   -1.02     7.02
DAILY AVG.       0.13              0.16   -0.03     0.23
DAYS >= .01         6               8.7    -2.7        8
DAYS >= .10         3               6.6    -3.6        5
DAYS >= .50         2               3.2    -1.2        2
DAYS >= 1.00        1               1.8    -0.8        2
GREATEST
 24 HR. TOTAL    2.97   11/28 TO 11/29              3.70

SNOWFALL (INCHES)
RECORDS
 TOTAL              T   2001
                        2000
                        1998
TOTALS            0.0               0.0     0.0      0.0
SINCE 7/1         0.0               0.0     0.0      0.0
DAYS >= TRACE       0
DAYS >= 1.0         0               0.0     0.0        0
GREATEST
 24 HR TOTAL      0.0   11/30 TO 11/30

DEGREE_DAYS
HEATING TOTAL     193               326    -133      193
 SINCE 7/1        209               450    -241      251
COOLING TOTAL      22                16       6       46
 SINCE 1/1       2856              2029     827     2295
.................................................................

WIND (MPH)
AVERAGE WIND SPEED              4.4
HIGHEST WIND SPEED/DIRECTION    38/180    DATE  11/28
HIGHEST GUST SPEED/DIRECTION    49/180    DATE  11/28

SKY COVER
POSSIBLE SUNSHINE (PERCENT)   MM
AVERAGE SKY COVER           0.20
NUMBER OF DAYS FAIR           22
NUMBER OF DAYS PC              6
NUMBER OF DAYS CLOUDY          2

AVERAGE RH (PERCENT)     61

WEATHER CONDITIONS. NUMBER OF DAYS WITH
THUNDERSTORM              3     MIXED PRECIP               0
HEAVY RAIN                2     RAIN                       3
LIGHT RAIN                7     FREEZING RAIN              0
LT FREEZING RAIN          0     HAIL                       0
HEAVY SNOW                0     SNOW                       0
LIGHT SNOW                0     SLEET                      0
FOG                       9     FOG W/VIS <= 1/4 MILE      4
HAZE                      2

-  INDICATES NEGATIVE NUMBERS.
R  INDICATES RECORD WAS SET OR TIED.
MM INDICATES DATA IS MISSING.
T  INDICATES TRACE AMOUNT.

$$
