000
CXUS54 KJAN 011629
CLMMEI


CLIMATE REPORT
NATIONAL WEATHER SERVICE JACKSON MS
1027 AM CST FRI DEC 1 2017

...................................

...THE MERIDIAN CLIMATE SUMMARY FOR THE MONTH OF NOVEMBER 2017...

CLIMATE NORMAL PERIOD 1981 TO 2010
CLIMATE RECORD PERIOD 1889 TO 2017

WEATHER         OBSERVED          NORMAL  DEPART  LAST YEAR`S
                 VALUE   DATE(S)  VALUE   FROM    VALUE  DATE(S)
                                          NORMAL
................................................................
TEMPERATURE (F)
RECORD
 HIGH              89   11/01/2016
 LOW               12   11/16/2000
HIGHEST            87   11/03        82       5       89  11/01
LOWEST             29   11/24        27       2       26  11/27
                        11/23
AVG. MAXIMUM     71.3              67.7     3.6     75.7
AVG. MINIMUM     45.0              41.6     3.4     42.3
MEAN             58.2              54.7     3.5     59.0
DAYS MAX >= 90      0               0.0     0.0        0
DAYS MAX <= 32      0               0.0     0.0        0
DAYS MIN <= 32      6               6.5    -0.5        5
DAYS MIN <= 0       0               0.0     0.0        0

PRECIPITATION (INCHES)
RECORD
 MAXIMUM        13.93   1948
 MINIMUM         0.17   1924
TOTALS           1.41              4.95   -3.54     3.93
DAILY AVG.       0.05              0.16   -0.11     0.13
DAYS >= .01         7               8.7    -1.7        6
DAYS >= .10         3               6.6    -3.6        3
DAYS >= .50         1               3.2    -2.2        2
DAYS >= 1.00        0               1.8    -1.8        1
GREATEST
 24 HR. TOTAL    0.55   11/04 TO 11/04              2.97

SNOWFALL (INCHES)
RECORDS
 TOTAL              T   2001
                        2000
                        1998
TOTALS            0.0               0.0     0.0      0.0
SINCE 7/1         0.0               0.0     0.0      0.0
DAYS >= TRACE       0
DAYS >= 1.0         0               0.0     0.0        0
GREATEST
 24 HR TOTAL      0.0   11/30 TO 11/30

DEGREE_DAYS
HEATING TOTAL     247               326     -79      193
 SINCE 7/1        341               450    -109      209
COOLING TOTAL      49                16      33       22
 SINCE 1/1       2542              2029     513     2856
.................................................................

WIND (MPH)
AVERAGE WIND SPEED              4.7
HIGHEST WIND SPEED/DIRECTION    29/320    DATE  11/18
HIGHEST GUST SPEED/DIRECTION    43/320    DATE  11/18

SKY COVER
POSSIBLE SUNSHINE (PERCENT)   MM
AVERAGE SKY COVER           0.30
NUMBER OF DAYS FAIR           16
NUMBER OF DAYS PC             10
NUMBER OF DAYS CLOUDY          4

AVERAGE RH (PERCENT)     74

WEATHER CONDITIONS. NUMBER OF DAYS WITH
THUNDERSTORM              2     MIXED PRECIP               0
HEAVY RAIN                3     RAIN                       4
LIGHT RAIN                7     FREEZING RAIN              0
LT FREEZING RAIN          0     HAIL                       0
HEAVY SNOW                0     SNOW                       0
LIGHT SNOW                0     SLEET                      0
FOG                      17     FOG W/VIS <= 1/4 MILE      4
HAZE                      1

-  INDICATES NEGATIVE NUMBERS.
R  INDICATES RECORD WAS SET OR TIED.
MM INDICATES DATA IS MISSING.
T  INDICATES TRACE AMOUNT.

$$
