000
CXUS54 KJAN 012010
CLMMEI


CLIMATE REPORT
NATIONAL WEATHER SERVICE JACKSON MS
307 PM CDT TUE SEP 1 2015

...................................

...THE MERIDIAN CLIMATE SUMMARY FOR THE MONTH OF AUGUST 2015...

CLIMATE NORMAL PERIOD 1981 TO 2010
CLIMATE RECORD PERIOD 1889 TO 2015

WEATHER         OBSERVED          NORMAL  DEPART  LAST YEAR`S
                 VALUE   DATE(S)  VALUE   FROM    VALUE  DATE(S)
                                          NORMAL
................................................................
TEMPERATURE (F)
RECORD
 HIGH             106   08/29/2000
 LOW               49   08/25/1891
HIGHEST           100   08/08        98       2       99  08/24
LOWEST             57   08/27        62      -5       59  08/14
                        08/26
AVG. MAXIMUM     92.7              91.5     1.2     92.7
AVG. MINIMUM     68.9              69.0    -0.1     68.3
MEAN             80.8              80.3     0.5     80.5
DAYS MAX >= 90     23              20.4     2.6       24
DAYS MAX <= 32      0               0.0     0.0        0
DAYS MIN <= 32      0               0.0     0.0        0
DAYS MIN <= 0       0               0.0     0.0        0

PRECIPITATION (INCHES)
RECORD
 MAXIMUM        12.10   1919
 MINIMUM         0.41   1947
TOTALS           4.10              3.99    0.11     2.30
DAILY AVG.       0.13              0.13    0.00     0.07
DAYS >= .01        10               9.4     0.6        7
DAYS >= .10         8               5.8     2.2        4
DAYS >= .50         3               2.6     0.4        3
DAYS >= 1.00        1               1.1    -0.1        0
GREATEST
 24 HR. TOTAL    1.43   08/14 TO 08/15              0.80
                        08/15 TO 08/15
                        08/15 TO 08/16

SNOWFALL (INCHES)
RECORDS
 TOTAL            0.0   MM
TOTALS            0.0               0.0     0.0      0.0
SINCE 7/1         0.0               0.0     0.0      0.0
DAYS >= TRACE       0
DAYS >= 1.0         0               0.0     0.0        0
GREATEST
 24 HR TOTAL      0.0   MM

DEGREE_DAYS
HEATING TOTAL       0                 0       0        0
 SINCE 7/1          0                 0       0        0
COOLING TOTAL     497               473      24      488
 SINCE 1/1       1825              1620     205     1593
.................................................................

WIND (MPH)
AVERAGE WIND SPEED              4.7
HIGHEST WIND SPEED/DIRECTION    40/020    DATE  08/08
HIGHEST GUST SPEED/DIRECTION    50/020    DATE  08/08

SKY COVER
POSSIBLE SUNSHINE (PERCENT)   MM
AVERAGE SKY COVER           0.20
NUMBER OF DAYS FAIR           28
NUMBER OF DAYS PC              3
NUMBER OF DAYS CLOUDY          0

AVERAGE RH (PERCENT)     69

WEATHER CONDITIONS. NUMBER OF DAYS WITH
THUNDERSTORM             10     MIXED PRECIP               0
HEAVY RAIN                9     RAIN                      10
LIGHT RAIN               12     FREEZING RAIN              0
LT FREEZING RAIN          0     HAIL                       0
HEAVY SNOW                0     SNOW                       0
LIGHT SNOW                0     SLEET                      0
FOG                      12     FOG W/VIS <= 1/4 MILE      0
HAZE                      1

-  INDICATES NEGATIVE NUMBERS.
R  INDICATES RECORD WAS SET OR TIED.
MM INDICATES DATA IS MISSING.
T  INDICATES TRACE AMOUNT.

$$
