000
CXUS54 KMEG 022213
CLMMEM


CLIMATE REPORT
NATIONAL WEATHER SERVICE MEMPHIS TN
510 PM CDT FRI SEP 2 2016

...................................

...THE MEMPHIS CLIMATE SUMMARY FOR THE MONTH OF AUGUST 2016...

CLIMATE NORMAL PERIOD 1981 TO 2010
CLIMATE RECORD PERIOD 1872 TO 2016

WEATHER         OBSERVED          NORMAL  DEPART  LAST YEAR`S
                 VALUE   DATE(S)  VALUE   FROM    VALUE  DATE(S)
                                          NORMAL
................................................................
TEMPERATURE (F)
RECORD
 HIGH             107   08/30/2000
 LOW               48   08/31/1946
HIGHEST            99   08/05        91       8       98  08/04
                                                          08/03
LOWEST             70   08/22        71      -1       61  08/26
                                                          08/25
AVG. MAXIMUM     92.5              91.3     1.2     90.4
AVG. MINIMUM     76.7              72.7     4.0     71.0
MEAN             84.6              82.0     2.6     80.7
DAYS MAX >= 90     22              19.2     2.8       18
DAYS MAX <= 32      0               0.0     0.0        0
DAYS MIN <= 32      0               0.0     0.0        0
DAYS MIN <= 0       0               0.0     0.0        0

PRECIPITATION (INCHES)
RECORD
 MAXIMUM        10.60   1915
 MINIMUM         0.40   1936
TOTALS           5.53              2.88    2.65     4.11
DAILY AVG.       0.18              0.09    0.09     0.13
DAYS >= .01        10               6.8     3.2        6
DAYS >= .10         7               4.2     2.8        6
DAYS >= .50         4               1.9     2.1        3
DAYS >= 1.00        3               0.9     2.1        1
GREATEST
 24 HR. TOTAL    1.82   08/20 TO 08/21

SNOWFALL (INCHES)
RECORDS
 TOTAL            0.0   2002
                        2001
                        2000
TOTALS            0.0               0.0     0.0      0.0
SINCE 7/1         0.0               0.0     0.0      0.0
SNOWDEPTH AVG.      0                MM      MM        0
DAYS >= 1.0         0               0.0     0.0        0
GREATEST
 SNOW DEPTH         0   MM                             0  MM
 24 HR TOTAL      0.0   08/31 TO 08/31

DEGREE_DAYS
HEATING TOTAL       0                 0       0        0
 SINCE 7/1          0                 0       0        0
COOLING TOTAL     615               527      88      495
 SINCE 1/1       2101              1835     266     1939
.................................................................

WIND (MPH)
AVERAGE WIND SPEED              5.7
HIGHEST WIND SPEED/DIRECTION    35/200    DATE  08/25
HIGHEST GUST SPEED/DIRECTION    45/200    DATE  08/25

SKY COVER
POSSIBLE SUNSHINE (PERCENT)   MM
AVERAGE SKY COVER           0.50
NUMBER OF DAYS FAIR           10
NUMBER OF DAYS PC             13
NUMBER OF DAYS CLOUDY          8

AVERAGE RH (PERCENT)     69

WEATHER CONDITIONS. NUMBER OF DAYS WITH
THUNDERSTORM              0     MIXED PRECIP               0
HEAVY RAIN                7     RAIN                       4
LIGHT RAIN               13     FREEZING RAIN              0
LT FREEZING RAIN          0     HAIL                       0
HEAVY SNOW                0     SNOW                       0
LIGHT SNOW                0     SLEET                      0
FOG                       4     FOG W/VIS <= 1/4 MILE      0
HAZE                      5

-  INDICATES NEGATIVE NUMBERS.
R  INDICATES RECORD WAS SET OR TIED.
MM INDICATES DATA IS MISSING.
T  INDICATES TRACE AMOUNT.

$$
