000
CXUS56 KMFR 011213
CLMMFR

CLIMATE REPORT
NATIONAL WEATHER SERVICE MEDFORD, OR
510 AM PDT FRI AUG 1 2014

...................................

...THE MEDFORD OR CLIMATE SUMMARY FOR THE MONTH OF JULY 2014...

CLIMATE NORMAL PERIOD 1981 TO 2010
CLIMATE RECORD PERIOD 1911 TO 2014

WEATHER         OBSERVED          NORMAL  DEPART  LAST YEAR`S
                 VALUE   DATE(S)  VALUE   FROM    VALUE  DATE(S)
                                          NORMAL
................................................................
TEMPERATURE (F)
RECORD
 HIGH             115   07/20/1946
 LOW               38   07/01/1976
                        07/02/1962
HIGHEST           106   07/28                        106  07/25
LOWEST             48   07/24                         54  07/06
AVG. MAXIMUM     96.9              90.7     6.2     96.1
AVG. MINIMUM     63.0              57.4     5.6     61.6
MEAN             79.9              74.1     5.8     78.9
DAYS MAX >= 90     25              17.7     7.3       28
DAYS MAX <= 32      0               0.0     0.0        0
DAYS MIN <= 32      0               0.0     0.0        0
DAYS MIN <= 0       0               0.0     0.0        0

PRECIPITATION (INCHES)
RECORD
 MAXIMUM         2.74   1913
TOTALS           0.10              0.28   -0.18     0.00
DAILY AVG.       0.00              0.01   -0.01     0.00
DAYS >= .01         2               2.1    -0.1        0
DAYS >= .10         0               1.0    -1.0        0
DAYS >= .50         0               0.1    -0.1        0
DAYS >= 1.00        0               0.0     0.0        0
GREATEST
 24 HR. TOTAL    0.09   07/23 TO 07/23

SNOWFALL (INCHES)
RECORDS
 TOTAL            0.0   2010
TOTALS            0.0               0.0     0.0      0.0
SINCE 7/1         0.0               0.0     0.0      0.0

DEGREE_DAYS
HEATING TOTAL       0                 6      -6        0
 SINCE 7/1          0                 6      -6        0
COOLING TOTAL     471               286     185      437
 SINCE 1/1        638               432     206      618

FREEZE DATES
RECORD
 EARLIEST     09/13/1921
 LATEST       06/12/1952
EARLIEST                        10/18
LATEST                          04/29
.................................................................

WIND (MPH)
AVERAGE WIND SPEED              5.1
HIGHEST WIND SPEED/DIRECTION    32/150    DATE  07/30
HIGHEST GUST SPEED/DIRECTION    36/150    DATE  07/30

SKY COVER
POSSIBLE SUNSHINE (PERCENT)   MM
AVERAGE SKY COVER           0.10
NUMBER OF DAYS FAIR           28
NUMBER OF DAYS PC              2
NUMBER OF DAYS CLOUDY          1

AVERAGE RH (PERCENT)     44

WEATHER CONDITIONS. NUMBER OF DAYS WITH
THUNDERSTORM              0     MIXED PRECIP               0
HEAVY RAIN                1     RAIN                       0
LIGHT RAIN                4     FREEZING RAIN              0
LT FREEZING RAIN          0     HAIL                       0
HEAVY SNOW                0     SNOW                       0
LIGHT SNOW                0     SLEET                      0
FOG                       1     FOG W/VIS <= 1/4 MILE      0
HAZE                      5

-  INDICATES NEGATIVE NUMBERS.
R  INDICATES RECORD WAS SET OR TIED.
MM INDICATES DATA IS MISSING.
T  INDICATES TRACE AMOUNT.

&&

RECORD BREAKING HEAT IS THE MAIN STORY FOR JULY 2014 IN THE MEDFORD
AREA. THIS MONTH BREAKS THE RECORD FOR THE HIGHEST AVERAGE MAXIMUM
TEMPERATURE SET BACK IN 1911; THE HIGHEST AVERAGE MINIMUM TEMPERATURE
SET IN 2013; AND THE HIGHEST AVERAGE MONTHLY TEMPERATURE ALSO SET
BACK IN 2013. JULY STARTED OFF AS A SCORCHER WITH THE FIRST TRIPLE
DIGIT DAY OF THE YEAR OCCURRING ON THE 1ST OF THE MONTH. HIGH
PRESSURE ALLOWED FOR CONDITIONS TO REMAIN HOT THROUGHOUT MOST OF
JULY WITH 25 DAYS REACHING ABOVE 90 DEGREES AND 13 DAYS REACHING
TRIPLE DIGITS. THERE WAS A BRIEF REPRIEVE FROM THE HOT WEATHER NEAR
THE END OF THE MONTH WHEN A COLD FRONT BROUGHT UNSEASONABLY COOL
TEMPERATURES WITH IT ON THE 21ST THROUGH THE 24TH. ON THESE DAYS,
TEMPERATURES ONLY ROSE INTO THE 70S AND 80S. UNFORTUNATELY, THE HEAT
RETURNED IN FULL FORCE PROVIDING THE HOTTEST DAY OF THE YEAR ON THE
28TH AT 106 DEGREES. TEMPERATURES HAVE SINCE REMAINED IN THE TRIPLE
DIGITS TO CLOSE OUT JULY. IN ADDITION TO THE HEAT, THUNDERSTORMS DID
OCCUR THROUGHOUT OUR AREA WITH A FEW OF THEM BECOMING SEVERE. THERE
WERE ONLY 4 DAYS WHERE THE MEDFORD AIRPORT MEASURED RAINFALL, BUT 3
OF THE DAYS SAW ONLY 0.01 OF AN INCH OR LESS. THE HEAVIEST AMOUNT WAS
MEASURED ON THE 23RD TOPPING OUT AT 0.09 INCHES. THIS, HOWEVER, DID
LITTLE FOR THE ONGOING DROUGHT; AND THE ABUNDANT LIGHTNING ASSOCIATED
WITH SOME OF THESE STORMS IGNITED SEVERAL NEW FIRES AROUND OUR CWA.

$$
