000
CXUS56 KMFR 011204
CLMMFR

CLIMATE REPORT
NATIONAL WEATHER SERVICE MEDFORD, OR
505 AM PDT SAT OCT 1 2016

...................................

...THE MEDFORD OR CLIMATE SUMMARY FOR THE MONTH OF SEPTEMBER 2016...

CLIMATE NORMAL PERIOD 1981 TO 2010
CLIMATE RECORD PERIOD 1911 TO 2016

WEATHER         OBSERVED          NORMAL  DEPART  LAST YEAR`S
                 VALUE   DATE(S)  VALUE   FROM    VALUE  DATE(S)
                                          NORMAL
................................................................
TEMPERATURE (F)
RECORD
 HIGH             110   09/02/1988
 LOW               29   09/30/1950
                        09/26/1934
                        09/26/1926
HIGHEST            98   09/26                        102  09/11
                        09/10
LOWEST             44   09/23                         44  09/18
                                                          09/05
AVG. MAXIMUM     83.5              83.5     0.0     84.0
AVG. MINIMUM     50.7              50.0     0.7     51.2
MEAN             67.1              66.8     0.3     67.6
DAYS MAX >= 90      7               8.8    -1.8        8
DAYS MAX <= 32      0               0.0     0.0        0
DAYS MIN <= 32      0               0.0     0.0        0
DAYS MIN <= 0       0               0.0     0.0        0

PRECIPITATION (INCHES)
RECORD
 MAXIMUM         4.22   1977
TOTALS           0.01              0.57   -0.56     0.25
DAILY AVG.       0.00              0.02   -0.02     0.01
DAYS >= .01         1               3.4    -2.4        3
DAYS >= .10         0               1.6    -1.6        2
DAYS >= .50         0               0.2    -0.2        0
DAYS >= 1.00        0               0.1    -0.1        0
GREATEST
 24 HR. TOTAL    0.01   09/22 TO 09/22

SNOWFALL (INCHES)
RECORDS
 TOTAL            0.0   2010
TOTALS            0.0               0.0     0.0      0.0
SINCE 7/1         0.0               0.0     0.0      0.0

DEGREE_DAYS
HEATING TOTAL      39                59     -20       41
 SINCE 7/1         41                69     -28       41
COOLING TOTAL     109               112      -3      128
 SINCE 1/1       1054               819     235     1258

FREEZE DATES
RECORD
 EARLIEST     09/13/1921
 LATEST       06/12/1952
EARLIEST                        10/18
LATEST                          04/29
.................................................................

WIND (MPH)
AVERAGE WIND SPEED              3.6
HIGHEST WIND SPEED/DIRECTION    21/320    DATE  09/22
HIGHEST GUST SPEED/DIRECTION    31/340    DATE  09/22

SKY COVER
POSSIBLE SUNSHINE (PERCENT)   MM
AVERAGE SKY COVER           0.10
NUMBER OF DAYS FAIR           25
NUMBER OF DAYS PC              5
NUMBER OF DAYS CLOUDY          0

AVERAGE RH (PERCENT)     47

WEATHER CONDITIONS. NUMBER OF DAYS WITH
THUNDERSTORM              0     MIXED PRECIP               0
HEAVY RAIN                0     RAIN                       0
LIGHT RAIN                2     FREEZING RAIN              0
LT FREEZING RAIN          0     HAIL                       0
HEAVY SNOW                0     SNOW                       0
LIGHT SNOW                0     SLEET                      0
FOG                       1     FOG W/VIS <= 1/4 MILE      0
HAZE                      6

-  INDICATES NEGATIVE NUMBERS.
R  INDICATES RECORD WAS SET OR TIED.
MM INDICATES DATA IS MISSING.
T  INDICATES TRACE AMOUNT.

&&
...MEDFORD OREGON WEATHER REVIEW: SEPTEMBER 2016...

SEPTEMBER 2016 WAS MET WITH SOME INTERESTING CLIMATE PATTERNS AND
FINALLY BROUGHT AN END TO OUR STREAK OF CONSECUTIVE DAYS WITHOUT
MEASURABLE PRECIPITATION. WE MEASURED 0.01 INCHES OF RAIN IN MEDFORD
ON THE 21ST BREAKING THE 76 DAY STREAK OF NON MEASUREABLE
PRECIPITATION.

THE OTHER NOTABLE TRENDS FOR SEPTEMBER WAS A FAIRLY SEASONABLE START
BEFORE STORM SYSTEMS STARTED PROGRESSING THROUGH RESULTING IN A
ROLLER COASTER OF TEMPERATURES ENDING ON A COOL NOTE.

OTHER THAN THE ACTIVE WEATHER TO END SEPTEMBER,  THE MONTH WAS
RATHER BORING. WE DIDN`T SET ANY RECORDS AND TEMPERATURES WERE JUST
SLIGHTLY ABOVE AVERAGE.

$$
