000
CXUS54 KBMX 011937
CLMMGM


CLIMATE REPORT
NATIONAL WEATHER SERVICE BIRMINGHAM, AL
136 PM CST SUN FEB 1 2015

...................................

...THE MONTGOMERY CLIMATE SUMMARY FOR THE MONTH OF JANUARY 2015...

CLIMATE NORMAL PERIOD 1981 TO 2010
CLIMATE RECORD PERIOD 1872 TO 2015

WEATHER         OBSERVED          NORMAL  DEPART  LAST YEAR`S
                 VALUE   DATE(S)  VALUE   FROM    VALUE  DATE(S)
                                          NORMAL
................................................................
TEMPERATURE (F)
RECORD
 HIGH              83   01/11/1949
 LOW                0   01/21/1985
HIGHEST            73   01/03        MM      MM       70  01/11
LOWEST             14   01/08        MM      MM       11  01/30
AVG. MAXIMUM     58.5              57.4     1.1     52.5
AVG. MINIMUM     34.8              35.7    -0.9     26.8
MEAN             46.7                               39.7
DAYS MAX >= 90      0               0.0     0.0        0
DAYS MAX <= 32      0               0.2    -0.2        2
DAYS MIN <= 32     15              12.5     2.5       23
DAYS MIN <= 0       0               0.0     0.0        0

PRECIPITATION (INCHES)
RECORD
 MAXIMUM        17.78   1892
 MINIMUM         0.49   1927
TOTALS           2.82              4.65   -1.83     2.52
DAILY AVG.       0.09              0.15   -0.06     0.08
DAYS >= .01         8              10.1    -2.1       10
DAYS >= .10         4               7.1    -3.1        7
DAYS >= .50         2               3.3    -1.3        1
DAYS >= 1.00        2               1.4     0.6        1

DEGREE_DAYS
HEATING TOTAL     560               574     -14      778
 SINCE 7/1       1408              1462     -54     1572
COOLING TOTAL       0                 2      -2        0
 SINCE 1/1          0                 0       0        0
.................................................................

WIND (MPH)
AVERAGE WIND SPEED              6.5
HIGHEST WIND SPEED/DIRECTION    28/280    DATE  01/04
HIGHEST GUST SPEED/DIRECTION    36/330    DATE  01/07

AVERAGE RH (PERCENT)     63

WEATHER CONDITIONS. NUMBER OF DAYS WITH
THUNDERSTORM              0     MIXED PRECIP               0
HEAVY RAIN                3     RAIN                       4
LIGHT RAIN                8     FREEZING RAIN              0
LT FREEZING RAIN          0     HAIL                       0
HEAVY SNOW                0     SNOW                       0
LIGHT SNOW                0     SLEET                      0
FOG                      13     FOG W/VIS <= 1/4 MILE      2
HAZE                      3

-  INDICATES NEGATIVE NUMBERS.
R  INDICATES RECORD WAS SET OR TIED.
MM INDICATES DATA IS MISSING.
T  INDICATES TRACE AMOUNT.

$$
