000
CXUS53 KTOP 011425
CLMMHK


CLIMATE REPORT
NATIONAL WEATHER SERVICE TOPEKA KS
923 AM CDT MON SEP 1 2014

...................................

...THE MANHATTAN KS CLIMATE SUMMARY FOR THE MONTH OF AUGUST 2014...

CLIMATE NORMAL PERIOD 1981 TO 2010
CLIMATE RECORD PERIOD 9999 TO 9999

WEATHER         OBSERVED          NORMAL  DEPART  LAST YEAR`S
                 VALUE   DATE(S)  VALUE   FROM    VALUE
                                          NORMAL
.............................................................
TEMPERATURE (F)
HIGHEST           105   08/24                        102
LOWEST             54   08/13                         53
AVG. MAXIMUM     93.0              89.4     3.6     87.6
AVG. MINIMUM     67.5              64.8     2.7     66.3
MEAN             80.3              77.1     3.2     77.0
DAYS MAX >= 90     23              14.4     8.6       13
DAYS MAX <= 32      0               0.0     0.0        0
DAYS MIN <= 32      0               0.0     0.0        0
DAYS MIN <= 0       0               0.0     0.0        0

PRECIPITATION (INCHES)
TOTALS           3.38              4.28   -0.90     4.10
DAILY AVG.       0.11                               0.13
DAYS >= .01        13                                  8
DAYS >= .10         7                                  5
DAYS >= .50         2                                  3
DAYS >= 1.00        2                                  1
GREATEST
 24 HR. TOTAL    1.30   08/09 TO 08/10              1.88

DEGREE_DAYS
HEATING TOTAL       0                 2      -2        0
 SINCE 7/1          1                 3      -2        3
COOLING TOTAL     482               377     105      381
 SINCE 1/1       1378              1183     195     1228
..............................................................

WIND (MPH)
AVERAGE WIND SPEED              6.5
HIGHEST WIND SPEED/DIRECTION    31/170    DATE  08/31
HIGHEST GUST SPEED/DIRECTION    47/300    DATE  08/31

SKY COVER
POSSIBLE SUNSHINE (PERCENT)   MM
AVERAGE SKY COVER           0.20
NUMBER OF DAYS FAIR           24
NUMBER OF DAYS PC              7
NUMBER OF DAYS CLOUDY          0

AVERAGE RH (PERCENT)     63

WEATHER CONDITIONS. NUMBER OF DAYS WITH
THUNDERSTORM             15     MIXED PRECIP               0
HEAVY RAIN                2     RAIN                       9
LIGHT RAIN               18     FREEZING RAIN              0
LT FREEZING RAIN          0     HEAVY SNOW                 0
SNOW                      0     LIGHT SNOW                 0
FOG                      15     FOG W/VIS <= 1/4 MILE      1
HAZE                      3

-  INDICATES NEGATIVE NUMBERS.
R  INDICATES RECORD WAS SET OR TIED.
MM INDICATES DATA IS MISSING.
T  INDICATES TRACE AMOUNT.

$$
