000
CXUS53 KTOP 011442
CLMMHK


CLIMATE REPORT
NATIONAL WEATHER SERVICE TOPEKA KS
939 AM CDT WED JUL 1 2015

...................................

...THE MANHATTAN KS CLIMATE SUMMARY FOR THE MONTH OF JUNE 2015...

CLIMATE NORMAL PERIOD 1981 TO 2010
CLIMATE RECORD PERIOD 9999 TO 9999

WEATHER         OBSERVED          NORMAL  DEPART  LAST YEAR`S
                 VALUE   DATE(S)  VALUE   FROM    VALUE
                                          NORMAL
.............................................................
TEMPERATURE (F)
HIGHEST           100   06/30                         96
LOWEST             54   06/01                         50
AVG. MAXIMUM     88.2              85.4     2.8     85.1
AVG. MINIMUM     65.3              61.9     3.4     64.7
MEAN             76.8              73.7     3.1     74.9
DAYS MAX >= 90     13               8.3     4.7        8
DAYS MAX <= 32      0               0.0     0.0        0
DAYS MIN <= 32      0               0.0     0.0        0
DAYS MIN <= 0       0               0.0     0.0        0

PRECIPITATION (INCHES)
TOTALS           3.66              5.09   -1.43     6.82
DAILY AVG.       0.12                               0.23
DAYS >= .01        13                                 15
DAYS >= .10         8                                  8
DAYS >= .50         2                                  4
DAYS >= 1.00        0                                  2
GREATEST
 24 HR. TOTAL    1.23   06/04 TO 06/05              2.67

DEGREE_DAYS
HEATING TOTAL       0                11     -11        0
 SINCE 7/1       5129              5315    -186     5741
COOLING TOTAL     361               270      91      305
 SINCE 1/1        442               370      72      508
..............................................................

WIND (MPH)
AVERAGE WIND SPEED              7.3
HIGHEST WIND SPEED/DIRECTION    55/030    DATE  06/04
HIGHEST GUST SPEED/DIRECTION    72/040    DATE  06/04

SKY COVER
POSSIBLE SUNSHINE (PERCENT)   MM
AVERAGE SKY COVER           0.30
NUMBER OF DAYS FAIR           22
NUMBER OF DAYS PC              5
NUMBER OF DAYS CLOUDY          3

AVERAGE RH (PERCENT)     71

WEATHER CONDITIONS. NUMBER OF DAYS WITH
THUNDERSTORM             13     MIXED PRECIP               1
HEAVY RAIN                7     RAIN                       7
LIGHT RAIN               12     FREEZING RAIN              0
LT FREEZING RAIN          0     HEAVY SNOW                 0
SNOW                      0     LIGHT SNOW                 0
FOG                      13     FOG W/VIS <= 1/4 MILE      0
HAZE                      0

-  INDICATES NEGATIVE NUMBERS.
R  INDICATES RECORD WAS SET OR TIED.
MM INDICATES DATA IS MISSING.
T  INDICATES TRACE AMOUNT.

$$
