000
CXUS54 KMEG 161929
CLMMKL


CLIMATE REPORT...REISSUED
NATIONAL WEATHER SERVICE MEMPHIS TN
227 PM CDT THU JUL 16 2015

...................................

...THE JACKSON CLIMATE SUMMARY FOR THE MONTH OF JUNE 2015...

CLIMATE NORMAL PERIOD 1981 TO 2010
CLIMATE RECORD PERIOD 1948 TO 2015

WEATHER         OBSERVED          NORMAL  DEPART  LAST YEAR`S
                 VALUE   DATE(S)  VALUE   FROM    VALUE  DATE(S)
                                          NORMAL
................................................................
TEMPERATURE (F)
RECORD
 HIGH             105   06/27/1954
                        06/28/1952
 LOW               44   06/07/2000
                        06/01/1966
HIGHEST            95   06/23        88       7       92  06/22
                        06/17                             06/20
                                                          06/19
LOWEST             54   06/04        66     -12       53  06/14
AVG. MAXIMUM     89.4              87.3     2.1     86.1
AVG. MINIMUM     67.9              65.2     2.7     67.7
MEAN             78.7              76.2     2.5     76.9
DAYS MAX >= 90     21              10.7    10.3        9
DAYS MAX <= 32      0               0.0     0.0        0
DAYS MIN <= 32      0               0.0     0.0        0
DAYS MIN <= 0       0               0.0     0.0        0

PRECIPITATION (INCHES)
RECORD
 MAXIMUM        12.59   2014
 MINIMUM         0.56   1988
TOTALS           2.76              4.84   -2.08    12.57
DAILY AVG.       0.09              0.16   -0.07     0.42
DAYS >= .01        11               9.4     1.6       15
DAYS >= .10         5               6.8    -1.8       13
DAYS >= .50         2               3.4    -1.4        6
DAYS >= 1.00        1               1.5    -0.5        5
GREATEST
 24 HR. TOTAL    1.13   06/26 TO 06/27

SNOWFALL (INCHES)
RECORDS
 TOTAL             MM   MM
TOTALS            0.0               0.0     0.0      0.0
SINCE 7/1         5.9               4.6     1.3      1.3
SNOWDEPTH AVG.      0                MM      MM        0
DAYS >= 1.0         0               0.0     0.0        0
GREATEST
 SNOW DEPTH         0   MM                             0  MM
 24 HR TOTAL      0.0   06/30 TO 06/30

DEGREE_DAYS
HEATING TOTAL       0                 2      -2        0
 SINCE 7/1       3837              3574     263     4147
COOLING TOTAL     421               339      82      363
 SINCE 1/1        652               554      98      613
.................................................................

WIND (MPH)
AVERAGE WIND SPEED              6.2
HIGHEST WIND SPEED/DIRECTION    32/320    DATE  06/08
HIGHEST GUST SPEED/DIRECTION    42/320    DATE  06/08

SKY COVER
POSSIBLE SUNSHINE (PERCENT)   MM
AVERAGE SKY COVER           0.30
NUMBER OF DAYS FAIR           22
NUMBER OF DAYS PC              6
NUMBER OF DAYS CLOUDY          2

AVERAGE RH (PERCENT)     71

WEATHER CONDITIONS. NUMBER OF DAYS WITH
THUNDERSTORM              0     MIXED PRECIP               0
HEAVY RAIN                3     RAIN                       6
LIGHT RAIN               11     FREEZING RAIN              0
LT FREEZING RAIN          0     HAIL                       0
HEAVY SNOW                0     SNOW                       0
LIGHT SNOW                0     SLEET                      0
FOG                      17     FOG W/VIS <= 1/4 MILE      2
HAZE                      3

-  INDICATES NEGATIVE NUMBERS.
R  INDICATES RECORD WAS SET OR TIED.
MM INDICATES DATA IS MISSING.
T  INDICATES TRACE AMOUNT.

$$
