000
CXUS54 KMEG 032116
CLMMKL


CLIMATE REPORT
NATIONAL WEATHER SERVICE MEMPHIS TN
412 PM CDT SAT JUN 3 2017

...................................

...THE JACKSON CLIMATE SUMMARY FOR THE MONTH OF MAY 2017...

CLIMATE NORMAL PERIOD 1981 TO 2010
CLIMATE RECORD PERIOD 1948 TO 2017

WEATHER         OBSERVED          NORMAL  DEPART  LAST YEAR`S
                 VALUE   DATE(S)  VALUE   FROM    VALUE  DATE(S)
                                          NORMAL
................................................................
TEMPERATURE (F)
RECORD
 HIGH              94   05/28/2012
 LOW               34   05/04/2013
HIGHEST            89   05/27        80       9       89  05/30
                                                          05/26
LOWEST             43   05/06        58     -15       41  05/06
AVG. MAXIMUM     80.5              79.9     0.6     78.0
AVG. MINIMUM     57.0              57.2    -0.2     56.3
MEAN             68.7              68.6     0.1     67.1
DAYS MAX >= 90      0               1.2    -1.2        0
DAYS MAX <= 32      0               0.0     0.0        0
DAYS MIN <= 32      0               0.0     0.0        0
DAYS MIN <= 0       0               0.0     0.0        0

PRECIPITATION (INCHES)
RECORD
 MAXIMUM        14.91   2010
 MINIMUM         0.42   2005
TOTALS           4.37              5.69   -1.32     3.77
DAILY AVG.       0.14              0.18   -0.04     0.12
DAYS >= .01        10              10.9    -0.9       12
DAYS >= .10        10               7.1     2.9        8
DAYS >= .50         3               3.7    -0.7        3
DAYS >= 1.00        1               1.9    -0.9        0
GREATEST
 24 HR. TOTAL    1.29   05/27 TO 05/27

SNOWFALL (INCHES)
RECORDS
 TOTAL             MM   MM
TOTALS            0.0               0.0     0.0      0.0
SINCE 7/1           T               4.6    -4.6      1.5
SNOWDEPTH AVG.      0                MM      MM        0
DAYS >= 1.0         0               0.0     0.0        0
GREATEST
 SNOW DEPTH         0   MM                             0  MM
 24 HR TOTAL      0.0   05/31 TO 05/31

DEGREE_DAYS
HEATING TOTAL      42                46      -4       64
 SINCE 7/1       2520              3572   -1052     2879
COOLING TOTAL     164               156       8      140
 SINCE 1/1        268               215      53      184
.................................................................

WIND (MPH)
AVERAGE WIND SPEED              7.1
HIGHEST WIND SPEED/DIRECTION    31/350    DATE  05/05
HIGHEST GUST SPEED/DIRECTION    54/010    DATE  05/30

SKY COVER
POSSIBLE SUNSHINE (PERCENT)   MM
AVERAGE SKY COVER           0.30
NUMBER OF DAYS FAIR           19
NUMBER OF DAYS PC              9
NUMBER OF DAYS CLOUDY          3

AVERAGE RH (PERCENT)     72

WEATHER CONDITIONS. NUMBER OF DAYS WITH
THUNDERSTORM              0     MIXED PRECIP               0
HEAVY RAIN                4     RAIN                       8
LIGHT RAIN               10     FREEZING RAIN              0
LT FREEZING RAIN          0     HAIL                       0
HEAVY SNOW                0     SNOW                       0
LIGHT SNOW                0     SLEET                      0
FOG                      16     FOG W/VIS <= 1/4 MILE      1
HAZE                      4

-  INDICATES NEGATIVE NUMBERS.
R  INDICATES RECORD WAS SET OR TIED.
MM INDICATES DATA IS MISSING.
T  INDICATES TRACE AMOUNT.

$$
