000
CXUS53 KDVN 011436
CLMMLI


CLIMATE REPORT
NATIONAL WEATHER SERVICE QUAD CITIES IA IL
921 AM CDT WED JUL 1 2015

...................................

...THE MOLINE CLIMATE SUMMARY FOR THE MONTH OF JUNE 2015...

CLIMATE NORMAL PERIOD 1981 TO 2010
CLIMATE RECORD PERIOD 1872 TO 2015

WEATHER         OBSERVED          NORMAL  DEPART
                 VALUE   DATE(S)  VALUE   FROM
                                          NORMAL
................................................
TEMPERATURE (F)
RECORD
 HIGH             104   06/25/1988
                        06/29/1936
                        06/02/1934
 LOW               39   06/01/1993
                        06/11/1972
                        06/04/1945
HIGHEST            93   06/10        86       7
LOWEST             48   06/02        56      -8
AVG. MAXIMUM     81.1              82.3    -1.2
AVG. MINIMUM     61.7              60.7     1.0
MEAN             71.4              71.5    -0.1
DAYS MAX >= 90      2               4.0    -2.0
DAYS MAX <= 32      0               0.0     0.0
DAYS MIN <= 32      0               0.0     0.0
DAYS MIN <= 0       0               0.0     0.0

PRECIPITATION (INCHES)
RECORD
 MAXIMUM        13.21   1993
 MINIMUM         0.49   1886
TOTALS          10.90              4.49    6.41
DAILY AVG.       0.36              0.15    0.21
DAYS >= .01        17              10.5     6.5
DAYS >= .10        13
DAYS >= .50         7
DAYS >= 1.00        3               1.3     1.7
GREATEST
 24 HR. TOTAL    2.58   06/11 TO 06/12

SNOWFALL (INCHES)
RECORDS
 TOTAL             MM   MM
TOTALS            0.0               0.0     0.0
SINCE 7/1        39.1              31.6     7.5
SNOWDEPTH AVG.      0
DAYS >= TRACE       0               0.0     0.0
DAYS >= 1.0         0               0.0     0.0
GREATEST
 SNOW DEPTH         0   MM
 24 HR TOTAL      0.0   MM

DEGREE_DAYS
HEATING TOTAL       7                19     -12
 SINCE 7/1       6596              6203     393
COOLING TOTAL     207               214      -7
 SINCE 1/1        288               290      -2
.................................................

WIND (MPH)
AVERAGE WIND SPEED              6.8
HIGHEST WIND SPEED/DIRECTION    37/280    DATE  06/29
HIGHEST GUST SPEED/DIRECTION    46/270    DATE  06/29

SKY COVER
POSSIBLE SUNSHINE (PERCENT)   MM
AVERAGE SKY COVER           0.40
NUMBER OF DAYS FAIR           16
NUMBER OF DAYS PC             12
NUMBER OF DAYS CLOUDY          2

AVERAGE RH (PERCENT)     72

WEATHER CONDITIONS. NUMBER OF DAYS WITH
THUNDERSTORM             11     HAIL                       0
SLEET                     0     FOG                       19
FOG W/VIS <= 1/4 MILE     3     HAZE                       9

-  INDICATES NEGATIVE NUMBERS.
R  INDICATES RECORD WAS SET OR TIED.
MM INDICATES DATA IS MISSING.
T  INDICATES TRACE AMOUNT.

$$
