000
CXUS51 KCAR 012031
CLMMLT


CLIMATE REPORT
NATIONAL WEATHER SERVICE CARIBOU, ME
430 PM EDT WED OCT 1 2014

...................................

...THE MILLINOCKET ME CLIMATE SUMMARY FOR THE MONTH OF SEPTEMBER 2014...

CLIMATE NORMAL PERIOD 1981 TO 2010
CLIMATE RECORD PERIOD 1903 TO 2014

WEATHER         OBSERVED          NORMAL  DEPART  LAST YEAR`S
                 VALUE   DATE(S)  VALUE   FROM    VALUE  DATE(S)
                                          NORMAL
................................................................
TEMPERATURE (F)
RECORD
 HIGH              96   09/10/2002
 LOW               22   09/30/1980
                        09/29/1980
HIGHEST            85   09/28        MM      MM       87  09/11
                        09/05
LOWEST             30   09/19        MM      MM       38  09/17
                                                          09/06
AVG. MAXIMUM     69.7              67.7     2.0     68.8
AVG. MINIMUM     46.8              46.8     0.0     49.3
MEAN             58.3              57.2     1.1     59.0
DAYS MAX >= 90      0               0.3    -0.3        0
DAYS MAX <= 32      0               0.0     0.0        0
DAYS MIN <= 32      1               1.1    -0.1        0
DAYS MIN <= 0       0               0.0     0.0        0

PRECIPITATION (INCHES)
RECORD
 MAXIMUM           MM   MM
 MINIMUM           MM   MM
TOTALS           0.60                     -3.12
DAILY AVG.       0.02              0.12   -0.10     0.16
DAYS >= .01         6                MM      MM       11
DAYS >= .10         2                MM      MM        7
DAYS >= .50         0                MM      MM        4
DAYS >= 1.00        0                MM      MM        1

SNOWFALL (INCHES)
RECORDS
 TOTAL             MM   MM
TOTALS             MM                MM      MM       MM
SINCE 7/1          MM                MM      MM       MM
SNOWDEPTH AVG.     MM                MM      MM       MM
DAYS >= 1.0         0                MM      MM        0
GREATEST
 SNOW DEPTH        MM                                 MM  MM
 24 HR TOTAL       MM                                 MM

DEGREE_DAYS
HEATING TOTAL     236               249     -13      201
 SINCE 7/1        264               328     -64      246
COOLING TOTAL      43                17      26       28
 SINCE 1/1        371               268     103      380
.................................................................

WIND (MPH)
AVERAGE WIND SPEED              4.3
HIGHEST WIND SPEED/DIRECTION    22/310    DATE  09/23
HIGHEST GUST SPEED/DIRECTION    35/280    DATE  09/22

SKY COVER
POSSIBLE SUNSHINE (PERCENT)   MM
AVERAGE SKY COVER           0.40
NUMBER OF DAYS FAIR           14
NUMBER OF DAYS PC             10
NUMBER OF DAYS CLOUDY          6

AVERAGE RH (PERCENT)     72

WEATHER CONDITIONS. NUMBER OF DAYS WITH
THUNDERSTORM              0     MIXED PRECIP               0
HEAVY RAIN                3     RAIN                       3
LIGHT RAIN               11     FREEZING RAIN              0
LT FREEZING RAIN          0     HAIL                       0
HEAVY SNOW                0     SNOW                       0
LIGHT SNOW                0     SLEET                      0
FOG                      17     FOG W/VIS <= 1/4 MILE      5
HAZE                      4

-  INDICATES NEGATIVE NUMBERS.
R  INDICATES RECORD WAS SET OR TIED.
MM INDICATES DATA IS MISSING.
T  INDICATES TRACE AMOUNT.

$$
