000
CXUS54 KMOB 010753 CCA
CLMMOB

CLIMATE REPORT
NATIONAL WEATHER SERVICE MOBILE AL
138 AM CST SUN MAR 1 2015

...................................

...THE MOBILE CLIMATE SUMMARY FOR THE MONTH OF FEBRUARY 2015...

CLIMATE NORMAL PERIOD 1981 TO 2010
CLIMATE RECORD PERIOD 1842 TO 2015

WEATHER         OBSERVED          NORMAL  DEPART  LAST YEAR`S
                 VALUE   DATE(S)  VALUE   FROM    VALUE  DATE(S)
                                          NORMAL
................................................................
TEMPERATURE (F)
RECORD
 HIGH              84   02/13/1962
 LOW               -1   02/13/1899
HIGHEST            78   02/22                         77  02/19
LOWEST             25   02/19                         27  02/07
AVG. MAXIMUM     58.8              64.4    -5.6     64.2
AVG. MINIMUM     36.0              43.3    -7.3     42.2
MEAN             47.4              53.8    -6.4     53.2
DAYS MAX >= 90      0               0.0     0.0        0
DAYS MAX <= 32      0               0.0     0.0        0
DAYS MIN <= 32     12               3.9     8.1        5
DAYS MIN <= 0       0               0.0     0.0        0

PRECIPITATION (INCHES)

TOTALS           2.16              5.12   -2.96     4.20
DAILY AVG.       0.08              0.18   -0.10     0.15
DAYS >= .01         8               8.7    -0.7       14
DAYS >= .10         6               6.2    -0.2        7
DAYS >= .50         1               3.7    -2.7        3
DAYS >= 1.00        0               1.5    -1.5        1
GREATEST
 24 HR. TOTAL    0.77   02/25 TO 02/25


SNOWFALL (INCHES)

TOTALS            0.0               0.1    -0.1        T
SINCE 7/1           T               0.1    -0.1      1.3
SNOWDEPTH AVG.      0                                  0
DAYS >= 1.0         0               0.0     0.0        0
GREATEST
 SNOW DEPTH         0                                  0
 24 HR TOTAL      0.0   02/28 TO 02/28

DEGREE_DAYS
HEATING TOTAL     486               321     165      338
 SINCE 7/1       1702              1442     260     1703
COOLING TOTAL       1                 9      -8       12
 SINCE 1/1          4                16     -12       12
.................................................................

WIND (MPH)
AVERAGE WIND SPEED              9.0
HIGHEST WIND SPEED/DIRECTION    29/160    DATE  02/21
HIGHEST GUST SPEED/DIRECTION    40/160    DATE  02/21

SKY COVER
POSSIBLE SUNSHINE (PERCENT)   MM
AVERAGE SKY COVER           0.50
NUMBER OF DAYS FAIR           12
NUMBER OF DAYS PC              8
NUMBER OF DAYS CLOUDY          8

AVERAGE RH (PERCENT)     69

WEATHER CONDITIONS. NUMBER OF DAYS WITH
THUNDERSTORM              1     MIXED PRECIP               0
HEAVY RAIN                2     RAIN                       5
LIGHT RAIN               10     FREEZING RAIN              0
LT FREEZING RAIN          0     HAIL                       0
HEAVY SNOW                0     SNOW                       0
LIGHT SNOW                0     SLEET                      0
FOG                      14     FOG W/VIS <= 1/4 MILE      1
HAZE                      9

-  INDICATES NEGATIVE NUMBERS.
R  INDICATES RECORD WAS SET OR TIED.
MM INDICATES DATA IS MISSING.
T  INDICATES TRACE AMOUNT.

$$
