000
CXUS51 KPHI 011840
CLMMPO


CLIMATE REPORT
NATIONAL WEATHER SERVICE MOUNT HOLLY NJ
139 PM EST FRI DEC 1 2017

...................................

...THE MOUNT POCONO PA CLIMATE SUMMARY FOR THE MONTH OF NOVEMBER 2017...

CLIMATE NORMAL PERIOD 1981 TO 2010
CLIMATE RECORD PERIOD 1901 TO 2017

WEATHER         OBSERVED          NORMAL  DEPART  LAST YEAR`S
                 VALUE   DATE(S)  VALUE   FROM    VALUE
                                          NORMAL
.............................................................
TEMPERATURE (F)
RECORD
 HIGH              77   11/02/1982
                        11/01/1950
 LOW               -2   11/26/1938
HIGHEST            66                MM      MM       71
LOWEST             13                MM      MM       21
AVG. MAXIMUM     45.9              46.0    -0.1     49.3
AVG. MINIMUM     27.6              31.3    -3.7     31.2
MEAN             36.7              38.6    -1.9     40.2
DAYS MAX >= 90      0               0.0     0.0        0
DAYS MAX <= 32      0               2.7    -2.7        3
DAYS MIN <= 32     23              16.7     6.3       17
DAYS MIN <= 0       0               0.0     0.0        0

PRECIPITATION (INCHES)
RECORD
 MAXIMUM        11.20   1972
 MINIMUM         0.49   1917
TOTALS           1.02              4.61   -3.59     2.43
DAILY AVG.       0.03              0.15   -0.12     0.08
DAYS >= .01        13                MM      MM        9
DAYS >= .10         6                MM      MM        5
DAYS >= .50         0                MM      MM        2
DAYS >= 1.00        0                MM      MM        0
GREATEST
 24 HR. TOTAL    0.22   11/18 TO 11/18              0.96

DEGREE_DAYS
HEATING TOTAL     844               791      53      734
 SINCE 7/1       1438              1579    -141     1393
COOLING TOTAL       0                 0       0        0
 SINCE 1/1        287               314     -27      397
..............................................................

WIND (MPH)
AVERAGE WIND SPEED              9.1
HIGHEST WIND SPEED/DIRECTION    29/280    DATE  11/20
HIGHEST GUST SPEED/DIRECTION    46/320    DATE  11/17

SKY COVER
POSSIBLE SUNSHINE (PERCENT)   MM
AVERAGE SKY COVER           0.50
NUMBER OF DAYS FAIR           13
NUMBER OF DAYS PC              9
NUMBER OF DAYS CLOUDY          8

AVERAGE RH (PERCENT)     75

WEATHER CONDITIONS. NUMBER OF DAYS WITH
THUNDERSTORM              0     MIXED PRECIP               1
HEAVY RAIN                0     RAIN                       0
LIGHT RAIN               18     FREEZING RAIN              0
LT FREEZING RAIN          0     HEAVY SNOW                 0
SNOW                      0     LIGHT SNOW                 5
SLEET                     0     FOG                       13
FOG W/VIS <= 1/4 MILE     2     HAZE                       0

-  INDICATES NEGATIVE NUMBERS.
R  INDICATES RECORD WAS SET OR TIED.
MM INDICATES DATA IS MISSING.
T  INDICATES TRACE AMOUNT.

$$
