048
CXUS52 KKEY 010852 RRA
CLMMTH

CLIMATE REPORT
NATIONAL WEATHER SERVICE KEY WEST, FL
444 AM EDT TUE AUG 1 2017

...................................

...THE MARATHON CLIMATE SUMMARY FOR THE MONTH OF JULY 2017...

CLIMATE NORMAL PERIOD 1981 TO 2010

WEATHER         OBSERVED          NORMAL  DEPART  LAST YEAR`S
                 VALUE   DATE(S)  VALUE   FROM    VALUE  DATE(S)
                                          NORMAL
................................................................
TEMPERATURE (F)
HIGHEST            95   07/29                         94  07/12
LOWEST             74   07/31                         72  07/24
                        07/04
AVG. MAXIMUM     91.5              90.8     0.7     91.0
AVG. MINIMUM     81.2              79.2     2.0     80.5
MEAN             86.4              85.0     1.4     85.8
DAYS MAX >= 90     25              21.7     3.3       24
DAYS MAX <= 32      0               0.0     0.0        0
DAYS MIN <= 32      0               0.0     0.0        0
DAYS MIN <= 0       0               0.0     0.0        0

PRECIPITATION (INCHES)
TOTALS           3.41              4.28   -0.87     4.81
DAILY AVG.       0.11              0.14   -0.03     0.16
DAYS >= .01        10                                 15
DAYS >= .10         6                                  9
DAYS >= .50         2                                  3
DAYS >= 1.00        1                                  1

SNOWFALL (INCHES)
TOTALS            0.0                                0.0
SINCE 7/1         0.0                                0.0
SNOWDEPTH AVG.      0                                  0
DAYS >= 1.0         0                                  0
GREATEST
 SNOW DEPTH         0                                  0
 24 HR TOTAL      0.0   07/31 TO 07/31

DEGREE_DAYS
HEATING TOTAL       0                 0       0        0
 SINCE 7/1          0                 0       0        0
COOLING TOTAL     671               620      51      652
 SINCE 1/1       3266              2757     509     2859
.................................................................

WIND (MPH)
AVERAGE WIND SPEED              6.5
HIGHEST WIND SPEED/DIRECTION    26/080    DATE  07/10
HIGHEST GUST SPEED/DIRECTION    37/070    DATE  07/10

SKY COVER
POSSIBLE SUNSHINE (PERCENT)   MM
AVERAGE SKY COVER           0.20
NUMBER OF DAYS FAIR           29
NUMBER OF DAYS PC              2
NUMBER OF DAYS CLOUDY          0

AVERAGE RH (PERCENT)     77

WEATHER CONDITIONS. NUMBER OF DAYS WITH
THUNDERSTORM             10     MIXED PRECIP               0
HEAVY RAIN                6     RAIN                       3
LIGHT RAIN               12     FREEZING RAIN              0
LT FREEZING RAIN          0     HAIL                       0
HEAVY SNOW                0     SNOW                       0
LIGHT SNOW                0     SLEET                      0
FOG                      11     FOG W/VIS <= 1/4 MILE      0
HAZE                      8

-  INDICATES NEGATIVE NUMBERS.
R  INDICATES RECORD WAS SET OR TIED.
MM INDICATES DATA IS MISSING.
T  INDICATES TRACE AMOUNT.

$$

FLING
