000
CXUS53 KILX 011556
CLMMTO

CLIMATE REPORT
NATIONAL WEATHER SERVICE LINCOLN IL
956 AM CST MON DEC 1 2014

...................................

...THE MATTOON IL AIRPORT CLIMATE SUMMARY FOR THE MONTH OF NOVEMBER 2014...

CLIMATE NORMAL PERIOD 1981 TO 2010
CLIMATE RECORD PERIOD 9999 TO 9999

WEATHER         OBSERVED          NORMAL  DEPART  LAST YEAR`S
                 VALUE   DATE(S)  VALUE   FROM    VALUE
                                          NORMAL
.............................................................
TEMPERATURE (F)
RECORD
 HIGH              MM   MM
 LOW               MM   MM
HIGHEST            67   11/03        MM      MM       72
LOWEST             10   11/18        MM      MM       10
AVG. MAXIMUM     44.2              51.6    -7.4     48.3
AVG. MINIMUM     27.1              34.8    -7.7     30.0
MEAN             35.6              43.2    -7.6     39.2
DAYS MAX >= 90      0               0.0     0.0        0
DAYS MAX <= 32      9               1.0     8.0        3
DAYS MIN <= 32     20              12.6     7.4       20
DAYS MIN <= 0       0               0.0     0.0        0

PRECIPITATION (INCHES)
RECORD
 MAXIMUM           MM   MM
 MINIMUM           MM   MM
TOTALS           0.80              3.48   -2.68     0.07
DAILY AVG.       0.03              0.12   -0.09     0.00
DAYS >= .01         7                MM      MM        2
DAYS >= .10         2                MM      MM        0
DAYS >= .50         0                MM      MM        0
DAYS >= 1.00        0                MM      MM        0
GREATEST
 24 HR. TOTAL    0.40   11/23 TO 11/24              0.73

DEGREE_DAYS
HEATING TOTAL     874               655     219      767
 SINCE 7/1       1296              1059     237     1117
COOLING TOTAL       0                 0       0        0
 SINCE 1/1        932              1057    -125     1007
..............................................................

WIND (MPH)
AVERAGE WIND SPEED              10.9
HIGHEST WIND SPEED/DIRECTION    31/330    DATE  11/06
HIGHEST GUST SPEED/DIRECTION    42/240    DATE  11/24

SKY COVER
POSSIBLE SUNSHINE (PERCENT)   MM
AVERAGE SKY COVER           0.50
NUMBER OF DAYS FAIR           13
NUMBER OF DAYS PC              9
NUMBER OF DAYS CLOUDY          8

AVERAGE RH (PERCENT)     71

WEATHER CONDITIONS. NUMBER OF DAYS WITH
THUNDERSTORM              0     MIXED PRECIP               0
HEAVY RAIN                0     RAIN                       5
LIGHT RAIN                8     FREEZING RAIN              0
LT FREEZING RAIN          0     HAIL                       0
HEAVY SNOW                0     SNOW                       0
LIGHT SNOW                7     SLEET                      0
FOG                       0     FOG W/VIS <= 1/4 MILE      0
HAZE                      0

-  INDICATES NEGATIVE NUMBERS.
R  INDICATES RECORD WAS SET OR TIED.
MM INDICATES DATA IS MISSING.
T  INDICATES TRACE AMOUNT.

$$
