000
CXUS54 KOUN 011208
CLMOKC

CLIMATE REPORT
NATIONAL WEATHER SERVICE NORMAN OK
702 AM CDT MON JUN 1 2015

...................................

...THE OKLAHOMA CITY CLIMATE SUMMARY FOR THE MONTH OF MAY 2015...

CLIMATE NORMAL PERIOD 1981 TO 2010
CLIMATE RECORD PERIOD 1890 TO 2015

WEATHER         OBSERVED          NORMAL  DEPART  LAST YEAR`S
                 VALUE   DATE(S)  VALUE   FROM    VALUE
                                          NORMAL
.............................................................
TEMPERATURE (F)
RECORD
 HIGH             104   05/30/1985
 LOW               32   05/03/1954
HIGHEST            85                92      -7       97
LOWEST             50                44       6       40
AVG. MAXIMUM     76.1              80.2    -4.1     83.0
AVG. MINIMUM     58.7              59.6    -0.9     58.4
MEAN             67.4              69.9    -2.5     70.7
DAYS MAX >= 90      0               3.1    -3.1        6
DAYS MAX <= 32      0               0.0     0.0        0
DAYS MIN <= 32      0               0.0     0.0        0
DAYS MIN <= 0       0               0.0     0.0        0

PRECIPITATION (INCHES)
RECORD
 MAXIMUM        19.48   2015
 MINIMUM         0.43   1942
TOTALS          19.48R             4.65   14.83     4.44
DAILY AVG.       0.63              0.15    0.48     0.14
DAYS >= .01        20               9.8    10.2        7
DAYS >= .10        16               6.4     9.6        6
DAYS >= .50         9               3.0     6.0        4
DAYS >= 1.00        5               1.1     3.9        2
GREATEST
 24 HR. TOTAL    8.10   05/05 TO 05/06

DEGREE_DAYS
COOLING TOTAL     115               184     -69      224
 SINCE 1/1        177               250     -73      290
..............................................................

WIND (MPH)
AVERAGE WIND SPEED              11.1
HIGHEST WIND SPEED/DIRECTION    46/100    DATE  05/06
HIGHEST GUST SPEED/DIRECTION    60/120    DATE  05/06


WEATHER CONDITIONS. NUMBER OF DAYS WITH
THUNDERSTORM              0     MIXED PRECIP               0
HEAVY RAIN               12     RAIN                      15
LIGHT RAIN               20     FREEZING RAIN              0
LT FREEZING RAIN          0     HAIL                       1
HEAVY SNOW                0     SNOW                       0
LIGHT SNOW                0     SLEET                      0
FOG                      20     FOG W/VIS <= 1/4 MILE      5
HAZE                      4

-  INDICATES NEGATIVE NUMBERS.
R  INDICATES RECORD WAS SET OR TIED.
MM INDICATES DATA IS MISSING.
T  INDICATES TRACE AMOUNT.
...................................................................
RECORD/REMARKS
T IN SNOW COLUMN MAY 6TH WAS HAIL THAT MELTED AS IT FELL.
RECORD DAILY RAINFALL OF 7.10 INCHES SET ON THE 6TH.
WETTEST MAY ON RECORD WITH 19.48 INCHES.
WETTEST MONTH ON RECORD.
THE JANUARY THROUGH MAY TOTAL PRECIPITATION IS 28.66 INCHES.

$$
