558
CXUS56 KSEW 011112
CLMOLM


CLIMATE REPORT
NATIONAL WEATHER SERVICE SEATTLE WA
312 AM PST MON FEB 1 2016

...................................

...THE OLYMPIA WA AIRPORT CLIMATE SUMMARY FOR THE MONTH OF JANUARY 2016...

CLIMATE NORMAL PERIOD 1981 TO 2010
CLIMATE RECORD PERIOD 1948 TO 2016

WEATHER         OBSERVED          NORMAL  DEPART  LAST YEAR`S
                 VALUE   DATE(S)  VALUE   FROM    VALUE  DATE(S)
                                          NORMAL
................................................................
TEMPERATURE (F)
RECORD
 HIGH              64   01/19/2005
 LOW               -8   01/01/1979
HIGHEST            58   01/27        MM      MM       63  01/26
LOWEST             13   01/03        MM      MM       19  01/01
AVG. MAXIMUM     47.1              45.9     1.2     49.3
AVG. MINIMUM     33.6              33.7    -0.1     36.0
MEAN             40.4              39.8     0.6     42.6
DAYS MAX >= 90      0               0.0     0.0        0
DAYS MAX <= 32      1               0.3     0.7        0
DAYS MIN <= 32     12              11.6     0.4       11
DAYS MIN <= 0       0               0.0     0.0        0

PRECIPITATION (INCHES)
RECORD
 MAXIMUM        19.84   1953
 MINIMUM         0.29   1985
TOTALS           8.47              7.84    0.63     6.68
DAILY AVG.       0.27              0.25    0.02     0.22
DAYS >= .01        22              20.0     2.0       13
DAYS >= .10        17              13.9     3.1        6
DAYS >= .50         8               5.2     2.8        4
DAYS >= 1.00        1               1.8    -0.8        3
GREATEST
 24 HR. TOTAL    2.10   01/20 TO 01/21

DEGREE_DAYS
HEATING TOTAL     757               781     -24
COOLING TOTAL       0                 0       0
.................................................................

WIND (MPH)
AVERAGE WIND SPEED              3.7
HIGHEST WIND SPEED/DIRECTION    28/180    DATE  01/13
HIGHEST GUST SPEED/DIRECTION    40/170    DATE  01/13

SKY COVER
POSSIBLE SUNSHINE (PERCENT)   MM
AVERAGE SKY COVER           0.80
NUMBER OF DAYS FAIR            2
NUMBER OF DAYS PC              7
NUMBER OF DAYS CLOUDY         22

AVERAGE RH (PERCENT)     88

WEATHER CONDITIONS. NUMBER OF DAYS WITH
THUNDERSTORM              0     MIXED PRECIP               0
HEAVY RAIN                1     RAIN                      11
LIGHT RAIN               22     FREEZING RAIN              0
LT FREEZING RAIN          2     HAIL                       0
HEAVY SNOW                0     SNOW                       0
LIGHT SNOW                1     SLEET                      0
FOG                      31     FOG W/VIS <= 1/4 MILE     11
HAZE                      0

-  INDICATES NEGATIVE NUMBERS.
R  INDICATES RECORD WAS SET OR TIED.
MM INDICATES DATA IS MISSING.
T  INDICATES TRACE AMOUNT.

$$
