000
CXUS53 KOAX 011625
CLMOMA

CLIMATE REPORT
NATIONAL WEATHER SERVICE OMAHA NEBRASKA
1044 AM CDT TUE SEP 1 2015

...................................

...THE OMAHA EPPLEY, NEBRASKA CLIMATE SUMMARY FOR THE MONTH OF AUGUST 2015...

CLIMATE NORMAL PERIOD 1981 TO 2010
CLIMATE RECORD PERIOD 1871 TO 2015

WEATHER         OBSERVED          NORMAL  DEPART
                 VALUE   DATE(S)  VALUE   FROM
                                          NORMAL
................................................
TEMPERATURE (F)
HIGHEST            97   08/02
LOWEST             50   08/25
AVG. MAXIMUM     82.9              85.1    -2.2
AVG. MINIMUM     63.4              64.0    -0.6
MEAN             73.2              74.6    -1.4
DAYS MAX >= 90      2
DAYS MAX <= 32      0
DAYS MIN <= 32      0
DAYS MIN <= 0       0

PRECIPITATION (INCHES)
RECORD
 MAXIMUM        12.50   1903
 MINIMUM         0.18   1913
TOTALS           8.95              3.82    5.13
DAILY AVG.       0.29
DAYS >= .01         9
DAYS >= .10         7
DAYS >= .50         7
DAYS >= 1.00        3
GREATEST
 24 HR. TOTAL    3.83   08/17 TO 08/18

SNOWFALL (INCHES)
RECORDS
 TOTAL              T   2005
                        2004
                        2002
TOTALS            0.0               0.0
SINCE 7/1         0.0
SNOWDEPTH AVG.      0                MM      MM
DAYS >= 1.0         0
GREATEST
 SNOW DEPTH         0   MM
 24 HR TOTAL      0.0   08/31 TO 08/31

DEGREE_DAYS
HEATING TOTAL       3                 7      -4
 SINCE 7/1          4                 8      -4
COOLING TOTAL     265               303     -38
 SINCE 1/1        953               980     -27
.................................................

WIND (MPH)
AVERAGE WIND SPEED              8.8
HIGHEST WIND SPEED/DIRECTION    33/130    DATE  08/28
HIGHEST GUST SPEED/DIRECTION    44/130    DATE  08/28

SKY COVER
AVERAGE SKY COVER           0.50


WEATHER CONDITIONS. NUMBER OF DAYS WITH
THUNDERSTORM             10     MIXED PRECIP               0
HEAVY RAIN                6     RAIN                       6
LIGHT RAIN               14     FREEZING RAIN              0
LT FREEZING RAIN          0     HAIL                       0
HEAVY SNOW                0     SNOW                       0
LIGHT SNOW                0     SLEET                      0
FOG                      16     FOG W/VIS <= 1/4 MILE      0
HAZE                      6

-  INDICATES NEGATIVE NUMBERS.
R  INDICATES RECORD WAS SET OR TIED.
MM INDICATES DATA IS MISSING.
T  INDICATES TRACE AMOUNT.
>= INDICATES GREATER THAN OR EQUAL TO.
<= INDICATES LESS THAN OR EQUAL TO.

&&

...AUGUST WAS MUCH WETTER AND SLIGHTLY COOLER THAN NORMAL...

WITH A MONTHLY TOTAL OF 8.95 INCHES OF RAINFALL...AUGUST WAS THE 6TH
WETTEST ON RECORD IN OMAHA.  THE AVERAGE TEMPERATURE OF 73.2 DEGREES
WAS 1.4 DEGREES BELOW NORMAL...WITH TEMPERATURES FOR MUCH OF THE
MONTH FALLING IN THE 70S AND 80S DURING THE DAY AND 50S AND 60S AT
NIGHT.

AUGUST STARTED WITH A WET STREAK...WITH MEASURABLE RAIN ON 4 OF THE
FIRST 9 DAYS OF THE MONTH TOTALING 2.35 INCHES OF RAIN...OR ABOUT
TWO-THIRDS OF THE MONTHLY NORMAL.  THE WARMEST TEMPERATURE OF THE
MONTH...AT 97 DEGREES...WAS RECORDED ON THE 2ND. TEMPERATURES WERE
JUST A FEW DEGREES AWAY FROM NORMAL ON MOST DAYS THROUGH THE 17TH.
ALSO...THE WET WEATHER TO BEGIN THE MONTH WAS FOLLOWED BY A DRY
STREAK ON THE 10TH THROUGH THE 16TH.

THE SECOND HALF OF THE MONTH TILTED TOWARD COOLER AND WETTER
CONDITIONS. RAINFALL OF 3.83 INCHES ON THE 17TH TO 18TH ROUGHLY
EQUALLED THE NORMAL MONTHLY PRECIPITATION...AND THE 3.58 INCHES OF
IT THAT FELL ON THE 18TH ESTABLISHED A DAILY RECORD RAINFALL.  THE
HEAVY RAIN CAUSED FLASH FLOODING ISSUES AROUND THE OMAHA METRO
AREA...MARKING ONE OF THE MOST SIGNIFICANT WEATHER-RELATED IMPACTS
TO OMAHA THIS SUMMER. ANOTHER 1.52 INCHES FELL ON THE 22ND...WITH
TWO OTHER RAINY DAYS THROUGH THE REST OF THE MONTH. TEMPERATURES
FROM THE 17TH THROUGH THE 31ST WERE MAINLY IN THE 70S TO MID 80S
DURING THE DAY...AND DOWN IN THE 50S TO LOWER 60S AT
NIGHT...REFLECTING A COOLER BUT STILL RELATIVELY HUMID PATTERN.

FOR THE SUMMER MONTHS OF JUNE THROUGH AUGUST...THE AVERAGE
TEMPERATURE AT OMAHA WAS 74.5 DEGREES...WHICH IS EXACTLY THE NORMAL
FOR THE PERIOD.  THE TOTAL RAINFALL OF 15.96 INCHES...OVER HALF OF
WHICH FELL IN AUGUST...WAS 4.13 INCHES ABOVE NORMAL AND THE 19TH
WETTEST SUMMER ON RECORD.


DAILY RECORDS SET IN AUGUST 2015:
DATE         RECORD           READING  PREVIOUS RECORD
AUGUST 18    PRECIPITATION      3.58   2.57 (1976)

$$

MAYES/KG
