000
CXAK59 PAOM 021530
CLMOME

CLIMATE REPORT
NATIONAL WEATHER SERVICE NOME, AK
630 AM AKST MON FEB 2 2015

...................................

...THE NOME WSO AP CLIMATE SUMMARY FOR THE MONTH OF JANUARY 2015...

CLIMATE NORMAL PERIOD 1981 TO 2010
CLIMATE RECORD PERIOD 1907 TO 2015

WEATHER         OBSERVED          NORMAL  DEPART  LAST YEAR`S
                 VALUE   DATE(S)  VALUE   FROM    VALUE  DATE(S)
                                          NORMAL
................................................................
TEMPERATURE (F)
RECORD
 HIGH              51   1/27/2014
 LOW              -54   1/28/1989
HIGHEST            40   1/12         34       6      51  1/27
LOWEST            -28   1/26        -28       0     -17  1/15
AVG. MAXIMUM       16.5              13.1     3.4    26.4
AVG. MINIMUM        1.8              -2.8     4.6    16.1
MEAN                9.2               5.2     4.0    21.3
DAYS MAX >= 90      0                 0.0     0.0     0
DAYS MAX <= 32     25                28.3    -3.3    17
DAYS MAX >= 80      0                 0.0     0.0     0
DAYS MAX >= 70      0                 0.0     0.0     0
DAYS MIN <= 32     31                30.9     0.1    29
DAYS MIN <= 0      14                17.2    -3.2     6

PRECIPITATION (INCHES)
RECORD
 MAXIMUM            4.47   1937
 MINIMUM            0.00   1917
TOTALS              0.71              0.94   -0.23    1.57
DAILY AVG.          0.02              0.03   -0.01    0.05
DAYS >= .01         7                10.7    -3.7    13
DAYS >= .10         3                 3.2    -0.2     9
DAYS >= .50         0                 0.1    -0.1     0
DAYS >= 1.0         0                 0.0     0.0     0
GREATEST
 24 HR TOTAL        0.22   1/16                       0.25  1/31

SNOWFALL (INCHES)
RECORDS
 TOTAL             40.9   1937
 24 HR TOTAL       10.5   1-09-2007
 SNOW DEPTH        60     1-22-1995
TOTALS             10.4              12.7    -2.3    12.2
SINCE 7/1          33.1              44.7   -11.6    45.2
SNOWDEPTH AVG.     11                15      -3      16
DAYS >= TRACE      13                16.4    -3.4    20
DAYS >= 1.0         4                 4.2    -0.2     5
DAYS >= 6.0         0                 0.2    -0.2     0
GREATEST
 SNOW DEPTH        13   1/19                         22  1/23
 24 HR TOTAL      3.9   1/16                        3.5  1/17

DEGREE_DAYS
HEATING TOTAL    1727              1853    -126    1349
 SINCE 7/1       6790              7671    -881    6713
COOLING TOTAL       0                 0       0       0
 SINCE 1/1          0                 0       0       0
................................................................

WIND (MPH)
AVERAGE WIND SPEED                7.8
HIGHEST WIND SPEED/DIRECTION     36/020    DATE   01/15
HIGHEST GUST SPEED/DIRECTION     43/040    DATE   01/13

SKY COVER
POSSIBLE SUNSHINE (PERCENT)   MM
AVERAGE SKY COVER             MM
NUMBER OF DAYS FAIR           MM
NUMBER OF DAYS PC             MM
NUMBER OF DAYS CLOUDY         MM

AVERAGE RH (PERCENT)     MM

WEATHER CONDITIONS. NUMBER OF DAYS WITH
THUNDERSTORM              0     ICE PELLETS                 1
RAIN                      1     GLAZE                       0
DRIZZLE                   0     HAIL                        0
SNOW                     12     HAZE                        0
FOG                      13     FOG W/VIS <= 1/4 MILE       3
BLOWING SNOW              1


-  INDICATES NEGATIVE NUMBERS.
R  INDICATES RECORD WAS SET OR TIED.
MM INDICATES DATA IS MISSING.
T  INDICATES TRACE AMOUNT.

&&

$$

CKC FEB 15
