000
CXAK59 PAFG 011358
CLMOME


CLIMATE REPORT
NATIONAL WEATHER SERVICE FAIRBANKS, AK
552 AM AKDT WED NOV 1 2017

...................................

...THE NOME AK CLIMATE SUMMARY FOR THE MONTH OF OCTOBER 2017...

CLIMATE NORMAL PERIOD 1981 TO 2010
CLIMATE RECORD PERIOD 1906 TO 2017

WEATHER         OBSERVED          NORMAL  DEPART  LAST YEAR`S
                 VALUE   DATE(S)  VALUE   FROM    VALUE  DATE(S)
                                          NORMAL
................................................................
TEMPERATURE (F)
RECORD
 HIGH              59   10/12/2016
                        10/01/1954
                        06/14/1969
 LOW              -10   10/28/1966
HIGHEST            46   10/05        MM      MM       59  10/12
                        10/03
                        10/02
LOWEST              9   10/23        MM      MM       16  10/21
AVG. MAXIMUM     36.7              34.5     2.2     42.8
AVG. MINIMUM     26.8              23.0     3.8     32.7
MEAN             31.7              28.7     3.0     37.7
DAYS MAX >= 90      0               0.0     0.0        0
DAYS MAX <= 32      9              11.4    -2.4        0
DAYS MIN <= 32     21              24.4    -3.4       14
DAYS MIN <= 0       0               0.2    -0.2        0

PRECIPITATION (INCHES)
RECORD
 MAXIMUM         7.37   1935
 MINIMUM            T   1974
TOTALS           3.09              1.61    1.48     1.70
DAILY AVG.       0.10              0.05    0.05     0.05
DAYS >= .01        20              12.1     7.9       12
DAYS >= .10        11               5.3     5.7        5
DAYS >= .50         1               0.5     0.5        2
DAYS >= 1.00        0               0.0     0.0        0
GREATEST
 24 HR. TOTAL    0.87   10/12 TO 10/12           10/28 TO 10/29

SNOWFALL (INCHES)
RECORDS
 TOTAL           20.1   1996
 24 HR TOTAL       MM
 SNOW DEPTH        13   10/18/1931
TOTALS            9.4               4.6     4.8      0.1
SINCE 7/1         9.4               5.2     4.2      0.1
SNOWDEPTH AVG.      2                 1       1        0
DAYS >= TRACE      13               6.1     6.9        2
DAYS >= 1.0         4               1.5     2.5        0
GREATEST
 SNOW DEPTH         8   10/30                          0  MM
 24 HR TOTAL      2.5   10/20 TO 10/20           10/29 TO 10/29

DEGREE_DAYS
HEATING TOTAL    1025              1124     -99      835
 SINCE 7/1       2555              2650     -95     2150
COOLING TOTAL       0                 0       0        0
 SINCE 1/1          4                 3       1        0
..........................................................

WIND (MPH)
AVERAGE WIND SPEED              10.7
HIGHEST WIND SPEED/DIRECTION    37/100    DATE  10/12
HIGHEST GUST SPEED/DIRECTION    49/110    DATE  10/12

SKY COVER
AVERAGE SKY COVER           0.70


WEATHER CONDITIONS. NUMBER OF DAYS WITH
THUNDERSTORM              0     MIXED PRECIP               0
HEAVY RAIN                0     RAIN                       3
LIGHT RAIN               15     FREEZING RAIN              0
LT FREEZING RAIN          0     HAIL                       0
HEAVY SNOW                2     SNOW                       3
LIGHT SNOW               11     SLEET                      0
FOG                      22     FOG W/VIS <= 1/4 MILE      3
HAZE                      1

-  INDICATES NEGATIVE NUMBERS.
R  INDICATES RECORD WAS SET OR TIED.
MM INDICATES DATA IS MISSING.
T  INDICATES TRACE AMOUNT.

$$
