000
CXUS51 KAKQ 011438
CLMORF


CLIMATE REPORT
NATIONAL WEATHER SERVICE WAKEFIELD, VA
1037 AM EDT TUE JUL 1 2014

...................................

...THE NORFOLK VA CLIMATE SUMMARY FOR THE MONTH OF JUNE 2014...

CLIMATE NORMAL PERIOD 1981 TO 2010
CLIMATE RECORD PERIOD 1871 TO 2014

WEATHER         OBSERVED          NORMAL  DEPART  LAST YEAR`S
                 VALUE   DATE(S)  VALUE   FROM    VALUE  DATE(S)
                                          NORMAL
................................................................
TEMPERATURE (F)
RECORD
 HIGH             102   06/09/1874
 LOW               45   06/02/1967
HIGHEST            97   06/18        83      14       MM  MM
LOWEST             51   06/02        65     -14       MM  MM
AVG. MAXIMUM     85.0              83.5     1.5       MM
AVG. MINIMUM     68.2              67.1     1.1       MM
MEAN             76.6              75.3     1.3       MM
DAYS MAX >= 90      6               5.9     0.1       MM
DAYS MAX <= 32      0               0.0     0.0       MM
DAYS MIN <= 32      0               0.0     0.0       MM
DAYS MIN <= 0       0               0.0     0.0       MM

PRECIPITATION (INCHES)
RECORD
 MAXIMUM        10.53   2006
 MINIMUM         0.37   1954
TOTALS           1.91              4.26   -2.35       MM
DAILY AVG.       0.06              0.14   -0.08       MM
DAYS >= .01         6               9.9    -3.9       MM
DAYS >= .10         5               6.4    -1.4       MM
DAYS >= .50         1               2.6    -1.6       MM
DAYS >= 1.00        0               1.3    -1.3       MM
GREATEST
 24 HR. TOTAL    0.92   06/12 TO 06/12
                        06/11 TO 06/12
                        06/12 TO 06/12

SNOWFALL (INCHES)
RECORDS
 TOTAL            0.0   5
                        0
                        -26215
TOTALS            0.0
SINCE 7/1        15.5               5.8     9.7       MM
SNOWDEPTH AVG.      0                MM      MM       MM
DAYS >= 1.0         0               0.0     0.0       MM
GREATEST
 SNOW DEPTH         0   MM                            MM  MM
 24 HR TOTAL      0.0   06/30 TO 06/30                MM

DEGREE_DAYS
HEATING TOTAL       3
 SINCE 7/1       3446              3377      69       MM
COOLING TOTAL     358               315      43       MM
 SINCE 1/1        560               481      79       MM
.................................................................

WIND (MPH)
AVERAGE WIND SPEED              7.4
HIGHEST WIND SPEED/DIRECTION    23/210    DATE  06/19
HIGHEST GUST SPEED/DIRECTION    29/240    DATE  06/05

SKY COVER
POSSIBLE SUNSHINE (PERCENT)   MM
AVERAGE SKY COVER           0.20

AVERAGE RH (PERCENT)     67

WEATHER CONDITIONS. NUMBER OF DAYS WITH
THUNDERSTORM              0     MIXED PRECIP               0
HEAVY RAIN                2     RAIN                       3
LIGHT RAIN                7     FREEZING RAIN              0
LT FREEZING RAIN          0     HAIL                       0
HEAVY SNOW                0     SNOW                       0
LIGHT SNOW                0     SLEET                      0
FOG                       2     FOG W/VIS <= 1/4 MILE      0
HAZE                      2

-  INDICATES NEGATIVE NUMBERS.
R  INDICATES RECORD WAS SET OR TIED.
MM INDICATES DATA IS MISSING.
T  INDICATES TRACE AMOUNT.

$$
