000
CXUS54 KLZK 012102
CLMPBF


CLIMATE REPORT
NATIONAL WEATHER SERVICE LITTLE ROCK AR
359 PM CDT WED JUL 1 2015

...................................

...THE PINE BLUFF CLIMATE SUMMARY FOR THE MONTH OF JUNE 2015...

CLIMATE NORMAL PERIOD 1981 TO 2010
CLIMATE RECORD PERIOD 1883 TO 2015

WEATHER         OBSERVED          NORMAL  DEPART  LAST YEAR`S
                 VALUE   DATE(S)  VALUE   FROM    VALUE  DATE(S)
                                          NORMAL
................................................................
TEMPERATURE (F)
RECORD
 HIGH             107   06/20/1936
                        06/20/1918
 LOW               49   06/02/1984
                        06/03/1956
                        06/12/1903
HIGHEST            95   06/24        89       6       93  06/21
LOWEST             62   06/02        69      -7       62  06/14
AVG. MAXIMUM     89.6              89.1     0.5     87.5
AVG. MINIMUM     70.4              69.0     1.4     69.9
MEAN             80.0              79.1     0.9     78.7
DAYS MAX >= 90     20              15.2     4.8       12
DAYS MAX <= 32      0               0.0     0.0        0
DAYS MIN <= 32      0               0.0     0.0        0
DAYS MIN <= 0       0               0.0     0.0        0

PRECIPITATION (INCHES)
RECORD
 MAXIMUM        10.18   1927
 MINIMUM         0.05   1930
TOTALS           2.09              3.58   -1.49     3.35
DAILY AVG.       0.07              0.12   -0.05     0.11
DAYS >= .01         6               8.9    -2.9        9
DAYS >= .10         5                                  4
DAYS >= .50         2                                  2
DAYS >= 1.00        0               0.8    -0.8        2
GREATEST
 24 HR. TOTAL    1.55   06/18 TO 06/19

SNOWFALL (INCHES)
TOTALS            0.0               0.0     0.0      0.0
 LIQUID EQUIV    0.00              0.00    0.00     0.00
SINCE 7/1         9.2               3.1     6.1      3.7
 LIQUID 7/1      0.92              0.30    0.62     0.37
SNOWDEPTH AVG.      0
DAYS >= TRACE       0               0.0     0.0        0
DAYS >= 1.0         0                                  0
GREATEST
 SNOW DEPTH         0   MM
 24 HR TOTAL      0.0

DEGREE_DAYS
HEATING TOTAL       0                 0       0        0
 SINCE 7/1       3249              2881     368     3453
COOLING TOTAL     456               422      34      418
 SINCE 1/1        785               729      56      681

FREEZE DATES
RECORD
 EARLIEST     10/10/2000
 LATEST       04/25/1910
EARLIEST      11/02             11/12
LATEST        03/07             03/16
.................................................

WIND (MPH)
AVERAGE WIND SPEED              6.4
HIGHEST WIND SPEED/DIRECTION    29/140    DATE  06/14
HIGHEST GUST SPEED/DIRECTION    40/330    DATE  06/26

SKY COVER
POSSIBLE SUNSHINE (PERCENT)   MM
AVERAGE SKY COVER           0.20
NUMBER OF DAYS FAIR           22
NUMBER OF DAYS PC              8
NUMBER OF DAYS CLOUDY          0

AVERAGE RH (PERCENT)     73

WEATHER CONDITIONS. NUMBER OF DAYS WITH
THUNDERSTORM              0     MIXED PRECIP               0
HEAVY RAIN                3     RAIN                       2
LIGHT RAIN                8     FREEZING RAIN              0
LT FREEZING RAIN          0     HAIL                       0
HEAVY SNOW                0     SNOW                       0
LIGHT SNOW                0     SLEET                      0
FOG                      11     FOG W/VIS <= 1/4 MILE      0
HAZE                      1

-  INDICATES NEGATIVE NUMBERS.
R  INDICATES RECORD WAS SET OR TIED.
MM INDICATES DATA IS MISSING.
T  INDICATES TRACE AMOUNT.

&&

...DATA FOR PINE BLUFF FOR JUNE 2015...

.SUMMARY...

TEMPERATURES WERE SLIGHTLY ABOVE AVERAGE...AND RAINFALL WAS BELOW
AVERAGE.

WITH THE EXCEPTION OF EIGHT DAYS...DAILY TEMPERATURES WERE ABOVE
AVERAGE MUCH OF THE MONTH. THE WARMEST TEMPERATURES WERE SEEN DURING
THE THIRD AND PART OF THE FOURTH WEEKS OF THE MONTH. THE COOLEST
PERIODS WERE THE FIRST FEW DAYS OF THE MONTH...AND DURING MUCH OF
THE LAST FIVE DAYS.

THE MONTH WAS DRY UNTIL THE END OF THE SECOND WEEK. RAIN FELL DURING
MUCH OF THE FOLLOWING SEVEN DAYS...AND TOWARD THE END OF THE MONTH.
THE MOST RAIN FELL ON THE 19TH...BUT THE DAILY TOTAL WAS UNDER AN
INCH.

.MONTHLY TEMPERATURES...

THE AVERAGE HIGH TEMPERATUR WAS THE WARMEST SINCE 2012. THE AVERAGE
LOW TEMPERATURE WAS THE WARMEST SINCE 2011. THE AVERAGE MONTHLY
TEMPERATURE WAS THE WARMEST SINCE 2011.

.DAILY AVERAGE TEMPERATURES...

ABOVE NORMAL ON 22 DAYS...NORMAL ON ONE DAY...AND BELOW NORMAL ON
SEVEN DAYS.

.NUMBER OF DAYS WITH TEMPERATURES...

AT OR ABOVE 90 DEGREES...20...THE MOST SINCE 2011
AT OR BELOW 70 DEGREES...10...THE LEAST SINCE 2011

.DAILY TEMPERATURE RECORDS TIED OR BROKEN DURING THE MONTH...

NONE.

.RAINFALL...

IT WAS THE DRIEST JUNE SINCE 2013.

.DAILY RAINFALL RECORDS TIED OR BROKEN DURING THE MONTH...

NONE.

$$

57
