000
CXUS52 KMFL 011604
CLMPBI

CLIMATE REPORT
NATIONAL WEATHER SERVICE MIAMI, FL
1050 AM EST THU JAN 1 2015

...................................

...THE WEST PALM BEACH CLIMATE SUMMARY FOR THE MONTH OF DECEMBER 2014...

CLIMATE NORMAL PERIOD 1981 TO 2010
CLIMATE RECORD PERIOD 1888 TO 2014

WEATHER         OBSERVED          NORMAL  DEPART  LAST YEAR`S
                 VALUE   DATE(S)  VALUE   FROM    VALUE
                                          NORMAL
.............................................................
TEMPERATURE (F)
RECORD
 HIGH              90   12/09/2009
                        12/05/1941
 LOW               24   12/29/1894
HIGHEST            85   12/30                         84
                        12/24
LOWEST             46   12/11                         56
AVG. MAXIMUM     78.6              76.2     2.4     80.7
AVG. MINIMUM     61.9              60.0     1.9     68.1
MEAN             70.2              68.1     2.1     74.4
DAYS MAX >= 90      0                                  0
DAYS MAX <= 32      0                                  0
DAYS MIN <= 32      0                                  0
DAYS MIN <= 0       0                                  0

PRECIPITATION (INCHES)
RECORD
 MAXIMUM        15.22   1940
 MINIMUM         0.06   1968
TOTALS           1.76              3.38   -1.62     4.34
DAILY AVG.       0.06              0.11   -0.05     0.14
DAYS >= .01         7                                 11
DAYS >= .10         4                                  3
DAYS >= .50         1                                  2
DAYS >= 1.00        0                                  1
GREATEST
 24 HR. TOTAL    0.78   12/24 TO 12/25              2.96

DEGREE_DAYS
HEATING TOTAL      25                59     -34        0
 SINCE 7/1         42                71     -29        4
COOLING TOTAL     198               155      43      298
 SINCE 1/1       4338              4021     317     4499
..............................................................

WIND (MPH)
AVERAGE WIND SPEED              7.9
HIGHEST WIND SPEED/DIRECTION    28/070    DATE  12/01
HIGHEST GUST SPEED/DIRECTION    34/080    DATE  12/01

SKY COVER
POSSIBLE SUNSHINE (PERCENT)   MM
AVERAGE SKY COVER           0.50
NUMBER OF DAYS FAIR            7
NUMBER OF DAYS PC             20
NUMBER OF DAYS CLOUDY          4

AVERAGE RH (PERCENT)     73

WEATHER CONDITIONS. NUMBER OF DAYS WITH
THUNDERSTORM              1     MIXED PRECIP               0
HEAVY RAIN                2     RAIN                       1
LIGHT RAIN                7     FREEZING RAIN              0
LT FREEZING RAIN          0     HAIL                       0
HEAVY SNOW                0     SNOW                       0
LIGHT SNOW                0     SLEET                      0
FOG                      14     FOG W/VIS <= 1/4 MILE      1
HAZE                      1

-  INDICATES NEGATIVE NUMBERS.
R  INDICATES RECORD WAS SET OR TIED.
MM INDICATES DATA IS MISSING.
T  INDICATES TRACE AMOUNT.

$$
