772
CXUS56 KPDT 011734
CLMPDT

CLIMATE REPORT
NATIONAL WEATHER SERVICE PENDLETON OREGON
931 AM PST THU DEC 01 2016

....................................

...THE PENDLETON OR CLIMATE SUMMARY FOR THE MONTH OF NOVEMBER 2016...

CLIMATE NORMAL PERIOD 1981 TO 2010
CLIMATE RECORD PERIOD 1934 TO 2016

WEATHER         OBSERVED          NORMAL  DEPART  LAST YEAR`S
                 VALUE   DATE(S)  VALUE   FROM    VALUE  DATE(S)
                                          NORMAL

................................................................

TEMPERATURE (F)
RECORD
 HIGH              80  11/12/1999
 LOW              -12  11/23/1985
HIGHEST            71  11/ 2       66         5            70  11/14
LOWEST             30  11/17       20        10             9  11/26
AVG. MAXIMUM     55.7            49.2       6.5          45.6
AVG. MINUMUM     38.1            33.4       4.7          31.3
MEAN             46.9            41.3       5.6          38.4
DAYS MAX >= 90      0               0         0             0
DAYS MAX <= 32      0               2        -2             9
DAYS MIN <= 32      4              12        -8            14
DAYS MIN <= 0       0               0         0            14


PRECIPITATION (INCHES)
RECORD
 MAXIMUM          3.76   1973
 MINIMUM          0.04   1939
TOTALS            0.91            1.52     -0.61          1.18
DAILY AVG.        0.03            0.05     -0.02          0.04
DAYS >=  0.01       12              12         0             9
DAYS >=  0.10        3               5        -2             4
DAYS >=  0.50        0               0         0             0
DAYS >=  1.00        0               0         0             0
GREATEST
 24 HR. TOTAL     0.24  11/23



SNOWFALL (INCHES)
RECORD
 MAXIMUM          14.9   1985
 MINIMUM           0.0   2013
TOTALS             0.0             1.4      -1.4           1.6
SINCE 7/1          0.0             1.5      -1.5           1.6
DAYS >=  TRACE                       1        -1             3
DAYS >=  1.0         0               0         0             1
GREATEST
 24 HR. TOTAL      0.0  11/30


DEGREE DAYS
HEATING TOTAL      534             710      -176           788
 SINCE 7/1        1024            1244      -220          1200
COOLING TOTAL        0               0         0             0
 SINCE 1/1         605             633       -28           912

.............................................................

WIND (MPH)
AVERAGE WIND SPEED                     8.1
RESULTANT WIND SPEED/DIRECTION         5/182
HIGHEST WIND SPEED/DIRECTION          38/260      DATE          11/28
HIGHEST GUST SPEED/DIRECTION          47/260      DATE          11/28


WEATHER CONDITIONS. NUMBER OF DAYS WITH
THUNDERSTORM               0    MIXED PRECIP                           0
HEAVY RAIN                 1    RAIN                                   4
LIGHT RAIN                13    FREEZING RAIN                          0
LT FREEZING RAIN           0    HAIL                                   0
HEAVY SNOW                 0    SNOW                                   0
LIGHT SNOW                 0    SLEET                                  0
FOG                       13    FOG W/VIS <=1/4 MILE                   8
HAZE                      10

-  INDICATES NEGATIVE NUMBERS.
R  INDICATES RECORD WAS SET OR TIED.
MM INDICATES DATA IS MISSING.
T  INDICATES TRACE AMOUNT.

$$
