000
CXUS56 KPDT 011639
CLMPDT

CLIMATE REPORT
NATIONAL WEATHER SERVICE PENDLETON OREGON
936 AM PDT THU SEP 01 2016

....................................

...THE PENDLETON OR CLIMATE SUMMARY FOR THE MONTH OF AUGUST 2016...

CLIMATE NORMAL PERIOD 1981 TO 2010
CLIMATE RECORD PERIOD 1934 TO 2016

WEATHER         OBSERVED          NORMAL  DEPART  LAST YEAR`S
                 VALUE   DATE(S)  VALUE   FROM    VALUE  DATE(S)
                                          NORMAL

................................................................

TEMPERATURE (F)
RECORD
 HIGH             113   8/ 4/1961
 LOW               40   8/29/1980
HIGHEST            98   8/13      100        -2           101   8/12
LOWEST             46   8/23       47        -1            46   8/22
AVG. MAXIMUM     88.3            86.8       1.5          87.8
AVG. MINUMUM     55.7            56.8      -1.1          56.9
MEAN             72.0            71.8       0.2          72.4
DAYS MAX >= 90     16              12         4            12
DAYS MAX <= 32      0               0         0             0
DAYS MIN <= 32      0               0         0             0
DAYS MIN <= 0       0               0         0             0


PRECIPITATION (INCHES)
RECORD
 MAXIMUM          2.58   1977
 MINIMUM          0.00   1969
TOTALS            0.07            0.38     -0.31          0.01
DAILY AVG.        0.00            0.01     -0.01          0.00
DAYS >=  0.01        1               2        -1             1
DAYS >=  0.10        0               1        -1             0
DAYS >=  0.50        0               0         0             0
DAYS >=  1.00        0               0         0             0
GREATEST
 24 HR. TOTAL     0.07   8/ 8



SNOWFALL (INCHES)
RECORD
 MAXIMUM           0.0   2013
 MINIMUM           0.0   2015
TOTALS             0.0             0.0       0.0           0.0
SINCE 7/1          0.0             0.0       0.0           0.0
DAYS >=  TRACE                       0         0
DAYS >=  1.0         0               0         0             0
GREATEST
 24 HR. TOTAL      0.0   8/31


DEGREE DAYS
HEATING TOTAL        2               8        -6             8
 SINCE 7/1           2              15       -13             8
COOLING TOTAL      227             223         4           242
 SINCE 1/1         588             569        19           876

.............................................................

WIND (MPH)
AVERAGE WIND SPEED                     8.8
RESULTANT WIND SPEED/DIRECTION         5/174
HIGHEST WIND SPEED/DIRECTION          40/270      DATE          08/02
HIGHEST GUST SPEED/DIRECTION          49/270      DATE          08/02


WEATHER CONDITIONS. NUMBER OF DAYS WITH
THUNDERSTORM               1    MIXED PRECIP                        0
HEAVY RAIN                 0    RAIN                                0
LIGHT RAIN                 3    FREEZING RAIN                       0
LT FREEZING RAIN           0    HAIL                                0
HEAVY SNOW                 0    SNOW                                0
LIGHT SNOW                 0    SLEET                               0
FOG                        1    FOG W/VIS <=1/4 MILE                0
HAZE                       3

-  INDICATES NEGATIVE NUMBERS.
R  INDICATES RECORD WAS SET OR TIED.
MM INDICATES DATA IS MISSING.
T  INDICATES TRACE AMOUNT.

$$
