000
CXUS56 KPDT 011423
CLMPDT

CLIMATE REPORT
NATIONAL WEATHER SERVICE PENDLETON OREGON
721 AM PDT FRI JUL 01 2016

....................................

...THE PENDLETON OR CLIMATE SUMMARY FOR THE MONTH OF JUNE 2016...

CLIMATE NORMAL PERIOD 1981 TO 2010
CLIMATE RECORD PERIOD 1934 TO 2016

WEATHER         OBSERVED          NORMAL  DEPART  LAST YEAR`S
                 VALUE   DATE(S)  VALUE   FROM    VALUE  DATE(S)
                                          NORMAL

................................................................

TEMPERATURE (F)
RECORD
 HIGH             109   6/28/2015
 LOW               35   6/ 4/1991
HIGHEST           100   6/ 6       94         6           109   6/28
LOWEST             41   6/15       41         0            44   6/14
AVG. MAXIMUM     82.1            78.2       3.9          89.3
AVG. MINUMUM     52.0            51.5       0.5          56.3
MEAN             67.1            64.8       2.3          72.8
DAYS MAX >= 90      9               4         5            14
DAYS MAX <= 32      0               0         0             0
DAYS MIN <= 32      0               0         0             0
DAYS MIN <= 0       0               0         0             0


PRECIPITATION (INCHES)
RECORD
 MAXIMUM          2.70   1947
 MINIMUM             T   2003
TOTALS            0.93            0.98     -0.05          0.06
DAILY AVG.        0.03            0.03      0.00          0.00
DAYS >=  0.01        8               6         2             3
DAYS >=  0.10        2               3        -1             0
DAYS >=  0.50        0               0         0             0
DAYS >=  1.00        0               0         0             0
GREATEST
 24 HR. TOTAL     0.49   6/18



SNOWFALL (INCHES)
RECORD
 MAXIMUM           0.0   2012
 MINIMUM           0.0   2015
TOTALS             0.0             0.0       0.0           0.0
SINCE 7/1          4.1            15.3     -11.2           7.2
DAYS >=  TRACE                       0         0
DAYS >=  1.0         0               0         0             0
GREATEST
 24 HR. TOTAL      0.0   6/30


DEGREE DAYS
HEATING TOTAL       69              83       -14            10
 SINCE 7/1        4637            5295      -658          4606
COOLING TOTAL      137              79        58           253
 SINCE 1/1         155             101        54           280

.............................................................

WIND (MPH)
AVERAGE WIND SPEED                     9.3
RESULTANT WIND SPEED/DIRECTION         6/207
HIGHEST WIND SPEED/DIRECTION          32/260      DATE          06/24
HIGHEST GUST SPEED/DIRECTION          40/280      DATE          06/24


WEATHER CONDITIONS. NUMBER OF DAYS WITH
THUNDERSTORM               0    MIXED PRECIP                           0
HEAVY RAIN                 1    RAIN                                   3
LIGHT RAIN                12    FREEZING RAIN                          0
LT FREEZING RAIN           0    HAIL                                   0
HEAVY SNOW                 0    SNOW                                   0
LIGHT SNOW                 0    SLEET                                  0
FOG                        3    FOG W/VIS <=1/4 MILE                   0
HAZE                       0

-  INDICATES NEGATIVE NUMBERS.
R  INDICATES RECORD WAS SET OR TIED.
MM INDICATES DATA IS MISSING.
T  INDICATES TRACE AMOUNT.

$$
