000
CXUS56 KPQR 011742
CLMPDX


CLIMATE REPORT
NATIONAL WEATHER SERVICE PORTLAND OREGON
1042 AM PDT WED JUL 1 2015

...................................

...THE PORTLAND OR CLIMATE SUMMARY FOR THE MONTH OF JUNE 2015...

CLIMATE NORMAL PERIOD 1981 TO 2010
CLIMATE RECORD PERIOD 1940 TO 2015

WEATHER         OBSERVED          NORMAL  DEPART  LAST YEAR`S
                 VALUE   DATE(S)  VALUE   FROM    VALUE  DATE(S)
                                          NORMAL
................................................................
TEMPERATURE (F)
HIGHEST            95                                 85  06/30
LOWEST             51                                 48  06/18
AVG. MAXIMUM     82.7              73.5     9.2     73.4
AVG. MINIMUM     57.9              53.6     4.3     53.9
MEAN             70.3              63.6     6.7     63.7
DAYS MAX >= 90      9               1.2     7.8        0
DAYS MAX <= 32      0               0.0     0.0        0
DAYS MIN <= 32      0               0.0     0.0        0
DAYS MIN <= 0       0               0.0     0.0        0

PRECIPITATION (INCHES)
RECORD
 MAXIMUM         4.27   2010
 MINIMUM         0.03   1951
TOTALS           0.40              1.70   -1.30     2.33
DAYS >= .01         3               9.2    -6.2       11
DAYS >= .10         1               4.5    -3.5        7
DAYS >= .50         0               0.7    -0.7        2
DAYS >= 1.00        0               0.2    -0.2        0
GREATEST
 24 HR. TOTAL    0.30   06/01 TO 06/01

DEGREE_DAYS
HEATING TOTAL      19                91     -72       62
 SINCE 7/1       3367              4278    -911     4312
COOLING TOTAL     185                47     138       29
 SINCE 1/1        207                64     143       57
.................................................................

WIND (MPH)
AVERAGE WIND SPEED              7.0
RESULTANT WIND SPEED/DIRECTION   6/315
HIGHEST WIND SPEED/DIRECTION    23/320    DATE  06/08
HIGHEST GUST SPEED/DIRECTION    28/320    DATE  06/26

SKY COVER
POSSIBLE SUNSHINE (PERCENT)   MM
AVERAGE SKY COVER           0.40
NUMBER OF DAYS FAIR           16
NUMBER OF DAYS PC             10
NUMBER OF DAYS CLOUDY          4

AVERAGE RH (PERCENT)     56

WEATHER CONDITIONS. NUMBER OF DAYS WITH
THUNDERSTORM              0     MIXED PRECIP               0
HEAVY RAIN                0     RAIN                       1
LIGHT RAIN                3     FREEZING RAIN              0
LT FREEZING RAIN          0     HAIL                       0
HEAVY SNOW                0     SNOW                       0
LIGHT SNOW                0     SLEET                      0
FOG                       2     FOG W/VIS <= 1/4 MILE      0
HAZE                      0

-  INDICATES NEGATIVE NUMBERS.
R  INDICATES RECORD WAS SET OR TIED.
MM INDICATES DATA IS MISSING.
T  INDICATES TRACE AMOUNT.

$$
