777
CXUS53 KUNR 011615
CLMPHP


CLIMATE REPORT
NATIONAL WEATHER SERVICE RAPID CITY SD
912 AM MST MON FEB 1 2016

...................................

...THE PHILIP SD CLIMATE SUMMARY FOR THE MONTH OF JANUARY 2016...

CLIMATE NORMAL PERIOD 1981 TO 2010
CLIMATE RECORD PERIOD 9999 TO 9999

WEATHER         OBSERVED          NORMAL  DEPART  LAST YEAR`S
                 VALUE   DATE(S)  VALUE   FROM    VALUE  DATE(S)
                                          NORMAL
................................................................
TEMPERATURE (F)
HIGHEST            47   01/29                         75  01/27
LOWEST            -17R  01/10                        -13  01/12
AVG. MAXIMUM     31.5              34.7    -3.2     39.1
AVG. MINIMUM     11.1               9.5     1.6     12.9
MEAN             21.3              22.1    -0.8     26.0
DAYS MAX >= 90      0                                  0
DAYS MAX <= 32     16                                 10
DAYS MIN <= 32     30                                 29
DAYS MIN <= 0       7                                  7

PRECIPITATION (INCHES)
TOTALS           0.21              0.30   -0.09     0.02
DAILY AVG.       0.01              0.01    0.00     0.00
DAYS >= .01         9                                  2
DAYS >= .10         0                                  0
DAYS >= .50         0                                  0
DAYS >= 1.00        0                                  0
GREATEST
 24 HR. TOTAL    0.07   01/24 TO 01/25              0.01

DEGREE_DAYS
HEATING TOTAL    1347              1330      17     1200
 SINCE 7/1       3949              4265    -316     4046
COOLING TOTAL       0                 0       0        0
 SINCE 1/1          0                 0       0        0
.................................................................

WIND (MPH)
AVERAGE WIND SPEED              8.1
HIGHEST WIND SPEED/DIRECTION    33/350    DATE  01/14
HIGHEST GUST SPEED/DIRECTION    42/350    DATE  01/14

AVERAGE RH (PERCENT)     79

WEATHER CONDITIONS. NUMBER OF DAYS WITH
THUNDERSTORM              0     MIXED PRECIP               0
HEAVY RAIN                0     RAIN                       0
LIGHT RAIN                1     FREEZING RAIN              0
LT FREEZING RAIN          1     HAIL                       0
HEAVY SNOW                0     SNOW                       1
LIGHT SNOW               12     SLEET                      0
FOG                      16     FOG W/VIS <= 1/4 MILE      4
HAZE                      4

-  INDICATES NEGATIVE NUMBERS.
R  INDICATES RECORD WAS SET OR TIED.
MM INDICATES DATA IS MISSING.
T  INDICATES TRACE AMOUNT.

$$
