000
CXUS54 KMOB 010720
CLMPNS


CLIMATE REPORT
NATIONAL WEATHER SERVICE MOBILE AL
105 AM CST MON FEB 1 2016

...................................

...THE PENSACOLA CLIMATE SUMMARY FOR THE MONTH OF JANUARY 2016...

CLIMATE NORMAL PERIOD 1981 TO 2010
CLIMATE RECORD PERIOD 1879 TO 2016

WEATHER         OBSERVED          NORMAL  DEPART  LAST YEAR`S
                 VALUE   DATE(S)  VALUE   FROM    VALUE  DATE(S)
                                          NORMAL
................................................................
TEMPERATURE (F)
RECORD
 HIGH              81   01/11/1949

 LOW                5   01/21/1985
HIGHEST            73   01/31                         73  01/03
LOWEST             27   01/24                         19  01/08
AVG. MAXIMUM     59.8              60.5    -0.7     60.8
AVG. MINIMUM     41.6              42.2    -0.6     41.7
MEAN             50.7              51.4    -0.7     51.3
DAYS MAX >= 90      0               0.0     0.0        0
DAYS MAX <= 32      0               0.1    -0.1        0
DAYS MIN <= 32      4               5.2    -1.2        3
DAYS MIN <= 0       0               0.0     0.0        0

PRECIPITATION (INCHES)

TOTALS           3.94              4.63   -0.69     6.47
DAILY AVG.       0.13              0.15   -0.02     0.21
DAYS >= .01        12               8.9     3.1        5
DAYS >= .10        10               6.6     3.4        4
DAYS >= .50         2               3.2    -1.2        3
DAYS >= 1.00        1               1.4    -0.4        2
GREATEST
 24 HR. TOTAL    1.93   01/21 TO 01/22

SNOWFALL (INCHES)

TOTALS            0.0               0.0     0.0      0.0
SINCE 7/1         0.0               0.0     0.0      0.0
SNOWDEPTH AVG.      0                                  0
DAYS >= 1.0         0               0.0     0.0        0
GREATEST
 SNOW DEPTH         0                                  0
 24 HR TOTAL      0.0   01/31 TO 01/31

DEGREE_DAYS
HEATING TOTAL     435               429       6      425
 SINCE 7/1        629              1011    -382     1025
COOLING TOTAL       0                 6      -6        3
 SINCE 1/1          0                 6      -6        3
.................................................................

WIND (MPH)
AVERAGE WIND SPEED              8.5
HIGHEST WIND SPEED/DIRECTION    37/190    DATE  01/22
HIGHEST GUST SPEED/DIRECTION    47/190    DATE  01/22

SKY COVER
POSSIBLE SUNSHINE (PERCENT)   MM
AVERAGE SKY COVER           0.40
NUMBER OF DAYS FAIR           16
NUMBER OF DAYS PC             10
NUMBER OF DAYS CLOUDY          5

AVERAGE RH (PERCENT)     70

WEATHER CONDITIONS. NUMBER OF DAYS WITH
THUNDERSTORM              3     MIXED PRECIP               0
HEAVY RAIN                4     RAIN                       8
LIGHT RAIN               14     FREEZING RAIN              0
LT FREEZING RAIN          0     HAIL                       0
HEAVY SNOW                0     SNOW                       0
LIGHT SNOW                0     SLEET                      0
FOG                      13     FOG W/VIS <= 1/4 MILE      2
HAZE                      0

-  INDICATES NEGATIVE NUMBERS.
R  INDICATES RECORD WAS SET OR TIED.
MM INDICATES DATA IS MISSING.
T  INDICATES TRACE AMOUNT.

$$
