000
CXUS56 KPDT 011424
CLMPSC

CLIMATE REPORT
NATIONAL WEATHER SERVICE PENDLETON OREGON
721 AM PDT FRI JUL 01 2016

....................................

...THE PASCO WA CLIMATE SUMMARY FOR THE MONTH OF JUNE 2016...

CLIMATE NORMAL PERIOD 1981 TO 2010
CLIMATE RECORD PERIOD 1942 TO 2016

WEATHER         OBSERVED          NORMAL  DEPART  LAST YEAR`S
                 VALUE   DATE(S)  VALUE   FROM    VALUE  DATE(S)
                                          NORMAL

................................................................

TEMPERATURE (F)
RECORD
 HIGH             111   6/28/2015
 LOW               37   6/ 7/2002
HIGHEST           104   6/ 6       43        61           111   6/28
LOWEST             39   6/17       14        25            45   6/14
AVG. MAXIMUM     85.7            82.9       2.8          92.7
AVG. MINUMUM     53.4            52.2       1.2          57.8
MEAN             69.6            67.6       2.0          75.2
DAYS MAX >= 90      9               3         6            19
DAYS MAX <= 32      0              17       -17             0
DAYS MIN <= 32      0              17       -17             0
DAYS MIN <= 0       0              17       -17             0


PRECIPITATION (INCHES)
RECORD
 MAXIMUM          1.77   2012
 MINIMUM             T   2015
TOTALS            0.46            0.68     -0.22             T
DAILY AVG.        0.02            0.02      0.00          0.00
DAYS >=  0.01        3               2         1             0
DAYS >=  0.10        1               1         0             0
DAYS >=  0.50        0               0         0             0
DAYS >=  1.00        0               0         0             0
GREATEST
 24 HR. TOTAL     0.37   6/18



SNOWFALL (INCHES)
RECORD
 MAXIMUM           0.0   2015
 MINIMUM           0.0   2015
TOTALS             0.0             0.0       0.0           0.0
SINCE 7/1          4.2             0.0       4.2           0.9
DAYS >=  TRACE                       0         0
DAYS >=  1.0         0               0         0             0
GREATEST
 24 HR. TOTAL      0.0   6/30


DEGREE DAYS
HEATING TOTAL       30              38        -8             1
 SINCE 7/1        4344            5043      -699          4392
COOLING TOTAL      176             109        67           316
 SINCE 1/1         209             141        68           398

.............................................................

WIND (MPH)
AVERAGE WIND SPEED                     8.1
RESULTANT WIND SPEED/DIRECTION         6/204
HIGHEST WIND SPEED/DIRECTION          30/250      DATE          06/14
HIGHEST GUST SPEED/DIRECTION          39/230      DATE          06/14


WEATHER CONDITIONS. NUMBER OF DAYS WITH
THUNDERSTORM               2    MIXED PRECIP                           0
HEAVY RAIN                 0    RAIN                                   1
LIGHT RAIN                 7    FREEZING RAIN                          0
LT FREEZING RAIN           0    HAIL                                   0
HEAVY SNOW                 0    SNOW                                   0
LIGHT SNOW                 0    SLEET                                  0
FOG                        0    FOG W/VIS <=1/4 MILE                   0
HAZE                       1

-  INDICATES NEGATIVE NUMBERS.
R  INDICATES RECORD WAS SET OR TIED.
MM INDICATES DATA IS MISSING.
T  INDICATES TRACE AMOUNT.

$$
