000
CXUS55 KPUB 012154
CLMPUB


CLIMATE REPORT...CORRECTION
NATIONAL WEATHER SERVICE PUEBLO
249 PM MST WED FEB 1 2017

...................................

...THE PUEBLO CO CLIMATE SUMMARY FOR THE MONTH OF JANUARY 2017...

CLIMATE NORMAL PERIOD 1981 TO 2010
CLIMATE RECORD PERIOD 1888 TO 2017

WEATHER         OBSERVED          NORMAL  DEPART  LAST YEAR`S
                 VALUE   DATE(S)  VALUE   FROM    VALUE  DATE(S)
                                          NORMAL
................................................................
TEMPERATURE (F)
RECORD
 HIGH              81   01/02/1997
 LOW              -29   01/28/1948
HIGHEST            70   01/31        47      23       72  01/30
LOWEST            -15   01/07        13     -28        2  01/11
                                                          01/01
AVG. MAXIMUM     45.6              47.0    -1.4     49.0
AVG. MINIMUM     18.7              14.0     4.7     17.0
MEAN             32.1              30.5     1.6     33.0
DAYS MAX >= 90      0               0.0     0.0
DAYS MAX <= 32      7               4.5     2.5
DAYS MIN <= 32     28              30.5    -2.5
DAYS MIN <= 0       3               2.9     0.1

PRECIPITATION (INCHES)
RECORD
 MAXIMUM         1.45   1948
 MINIMUM         0.00   1933
TOTALS           0.75              0.35    0.40     0.53
DAILY AVG.       0.02              0.01    0.01
DAYS >= .01         5               4.0     1.0
DAYS >= .10         2               1.2     0.8
DAYS >= .50         0               0.0     0.0
DAYS >= 1.00        0               0.0     0.0
GREATEST
 24 HR. TOTAL    0.41   01/05 TO 01/06

SNOWFALL (INCHES)
RECORDS
 TOTAL           20.0   1948
TOTALS            9.8               6.5     3.3      6.5
SINCE 7/1        14.2              18.0    -3.8     18.4
SNOWDEPTH AVG.      1
DAYS >= 1.0         2               1.9     0.1
GREATEST
 SNOW DEPTH         6   01/06                          5
 24 HR TOTAL      6.5   01/05 TO 01/06               5.0

DEGREE_DAYS
HEATING TOTAL    1009              1069     -60      984
 SINCE 7/1       2866              3432    -566     2805
COOLING TOTAL       0                 0       0        0
 SINCE 1/1          0                 0       0        0
.................................................................

WIND (MPH)
AVERAGE WIND SPEED              7.4
HIGHEST WIND SPEED/DIRECTION    41/280    DATE  01/10
HIGHEST GUST SPEED/DIRECTION    51/280    DATE  01/10

SKY COVER
POSSIBLE SUNSHINE (PERCENT)   MM
AVERAGE SKY COVER           0.30
NUMBER OF DAYS FAIR           22
NUMBER OF DAYS PC              4
NUMBER OF DAYS CLOUDY          5

AVERAGE RH (PERCENT)     61

WEATHER CONDITIONS. NUMBER OF DAYS WITH
THUNDERSTORM              0     MIXED PRECIP               0
HEAVY RAIN                0     RAIN                       0
LIGHT RAIN                2     FREEZING RAIN              0
LT FREEZING RAIN          0     HAIL                       0
HEAVY SNOW                1     SNOW                       2
LIGHT SNOW                7     SLEET                      0
FOG                      13     FOG W/VIS <= 1/4 MILE      5
HAZE                      7

-  INDICATES NEGATIVE NUMBERS.
R  INDICATES RECORD WAS SET OR TIED.
MM INDICATES DATA IS MISSING.
T  INDICATES TRACE AMOUNT.

$$
