000
CXUS56 KOTX 011932
CLMPUW


CLIMATE REPORT
NATIONAL WEATHER SERVICE SPOKANE, WA
1113 AM PST SUN FEB 1 2015

...................................

...THE PULLMAN-MOSCOW  AIRPORT CLIMATE SUMMARY FOR THE MONTH OF JANUARY 2015...

CLIMATE NORMAL PERIOD 1981 TO 2010
CLIMATE RECORD PERIOD 9999 TO 9999

WEATHER         OBSERVED          NORMAL  DEPART  LAST YEAR`S
                 VALUE   DATE(S)  VALUE   FROM    VALUE  DATE(S)
                                          NORMAL
................................................................
TEMPERATURE (F)
RECORD
 HIGH              58   01/26/2015
 LOW              -29   01/26/1957
HIGHEST            58R  01/26        MM      MM       50  01/14
LOWEST              6   01/01        MM      MM       15  01/05
AVG. MAXIMUM     40.4              36.5     3.9     37.7
AVG. MINIMUM     30.8              26.7     4.1     28.5
MEAN             35.6              31.6     4.0     33.1
DAYS MAX >= 90      0               0.0     0.0        0
DAYS MAX <= 32      4               8.4    -4.4        7
DAYS MIN <= 32     22              21.5     0.5       25
DAYS MIN <= 0       0               0.6    -0.6        0

PRECIPITATION (INCHES)
RECORD
 MAXIMUM         8.60   1953
 MINIMUM         0.40   2005
TOTALS           1.61              1.82   -0.21     1.91
DAILY AVG.       0.05              0.06   -0.01     0.06
DAYS >= .01         7                MM      MM       10
DAYS >= .10         4                MM      MM        5
DAYS >= .50         1                MM      MM        1
DAYS >= 1.00        0                MM      MM        0
GREATEST
 24 HR. TOTAL    1.01   01/17 TO 01/18           01/29 TO 01/29

SNOWFALL (INCHES)
RECORDS
 TOTAL             MM
TOTALS             MM                MM      MM       MM
SINCE 7/1          MM                MM      MM       MM
SNOWDEPTH AVG.     MM                MM      MM       MM
DAYS >= 1.0        MM                MM      MM       MM
GREATEST
 SNOW DEPTH        MM                                 MM  MM
 24 HR TOTAL       MM                                 MM

DEGREE_DAYS
HEATING TOTAL     904              1035    -131      982
 SINCE 7/1       3172              3859    -687     3836
COOLING TOTAL       0                 0       0        0
 SINCE 1/1          0                 0       0        0
..........................................................

WIND (MPH)
AVERAGE WIND SPEED              7.6
HIGHEST WIND SPEED/DIRECTION    32/250    DATE  01/05
HIGHEST GUST SPEED/DIRECTION    45/250    DATE  01/05

SKY COVER
POSSIBLE SUNSHINE (PERCENT)   MM
AVERAGE SKY COVER           0.60
NUMBER OF DAYS FAIR            7
NUMBER OF DAYS PC             12
NUMBER OF DAYS CLOUDY         12

AVERAGE RH (PERCENT)     84

WEATHER CONDITIONS. NUMBER OF DAYS WITH
THUNDERSTORM              0     MIXED PRECIP               0
HEAVY RAIN                1     RAIN                       2
LIGHT RAIN                7     FREEZING RAIN              0
LT FREEZING RAIN          0     HAIL                       0
HEAVY SNOW                0     SNOW                       1
LIGHT SNOW                9     SLEET                      0
FOG                      19     FOG W/VIS <= 1/4 MILE      9
HAZE                      0

-  INDICATES NEGATIVE NUMBERS.
R  INDICATES RECORD WAS SET OR TIED.
MM INDICATES DATA IS MISSING.
T  INDICATES TRACE AMOUNT.

$$
