000
CXUS56 KPDT 011444
CLMRDM

CLIMATE REPORT
NATIONAL WEATHER SERVICE PENDLETON OREGON
741 AM PDT TUE SEP 01 2015

....................................

...THE REDMOND OR CLIMATE SUMMARY FOR THE MONTH OF AUGUST 2015...

CLIMATE NORMAL PERIOD 1981 TO 2010
CLIMATE RECORD PERIOD 1949 TO 2015

WEATHER         OBSERVED          NORMAL  DEPART  LAST YEAR`S
                 VALUE   DATE(S)  VALUE   FROM    VALUE  DATE(S)
                                          NORMAL

................................................................

TEMPERATURE (F)
RECORD
 HIGH             108   8/ 7/1972
 LOW               25   8/28/1960
HIGHEST           101   8/ 1       91        10            96   8/11
LOWEST             35   8/31       30         5            40   8/24
AVG. MAXIMUM     86.6            84.8       1.8          84.8
AVG. MINUMUM     47.0            45.2       1.8          48.5
MEAN             66.8            65.0       1.8          66.7
DAYS MAX >= 90     11              10         1             8
DAYS MAX <= 32      0               2        -2             0
DAYS MIN <= 32      0               3        -3             0
DAYS MIN <= 0       0               2        -2             0


PRECIPITATION (INCHES)
RECORD
 MAXIMUM          2.54   1976
 MINIMUM          0.00   1992
TOTALS            0.02            0.50     -0.48          0.96
DAILY AVG.        0.00            0.02     -0.02          0.03
DAYS >=  0.01        2               3        -1             9
DAYS >=  0.10        0               1        -1             3
DAYS >=  0.50        0               0         0             0
DAYS >=  1.00        0               0         0             0
GREATEST
 24 HR. TOTAL     0.01   8/30



SNOWFALL (INCHES)
RECORD
 MAXIMUM           0.0   1995
 MINIMUM           0.0   2014
TOTALS             0.0             0.0       0.0           0.0
SINCE 7/1          0.0             0.0       0.0           0.0
DAYS >=  TRACE                       0         0
DAYS >=  1.0         0               0         0             0
GREATEST
 24 HR. TOTAL      0.0   8/31


DEGREE DAYS
HEATING TOTAL       43              81       -38            43
 SINCE 7/1          91             149       -58            74
COOLING TOTAL      105              80        25           103
 SINCE 1/1         355             202       153           297

.............................................................

WIND (MPH)
AVERAGE WIND SPEED                     6.9
RESULTANT WIND SPEED/DIRECTION         3/289
HIGHEST WIND SPEED/DIRECTION          29/220      DATE          08/29
HIGHEST GUST SPEED/DIRECTION          39/220      DATE          08/29


WEATHER CONDITIONS. NUMBER OF DAYS WITH
THUNDERSTORM               0    MIXED PRECIP                           0
HEAVY RAIN                 0    RAIN                                   0
LIGHT RAIN                 5    FREEZING RAIN                          0
LT FREEZING RAIN           0    HAIL                                   0
HEAVY SNOW                 0    SNOW                                   0
LIGHT SNOW                 0    SLEET                                  0
FOG                        0    FOG W/VIS <=1/4 MILE                   0
HAZE                      14

-  INDICATES NEGATIVE NUMBERS.
R  INDICATES RECORD WAS SET OR TIED.
MM INDICATES DATA IS MISSING.
T  INDICATES TRACE AMOUNT.

$$
