000
CXUS56 KPDT 011423
CLMRDM

CLIMATE REPORT
NATIONAL WEATHER SERVICE PENDLETON OREGON
720 AM PDT FRI APR 01 2016

....................................

...THE REDMOND OR CLIMATE SUMMARY FOR THE MONTH OF MARCH 2016...

CLIMATE NORMAL PERIOD 1981 TO 2010
CLIMATE RECORD PERIOD 1949 TO 2016

WEATHER         OBSERVED          NORMAL  DEPART  LAST YEAR`S
                 VALUE   DATE(S)  VALUE   FROM    VALUE  DATE(S)
                                          NORMAL

................................................................

TEMPERATURE (F)
RECORD
 HIGH              80   3/29/1966
 LOW               -1   3/ 5/1955
HIGHEST            69   3/31       65         4            77   3/27
LOWEST             19   3/28       12         7            10   3/ 1
AVG. MAXIMUM     54.0            53.8       0.2          61.5
AVG. MINUMUM     28.5            25.9       2.6          27.9
MEAN             41.2            39.8       1.4          44.7
DAYS MAX >= 90      0               0         0             0
DAYS MAX <= 32      0               2        -2             0
DAYS MIN <= 32     26              25         1            22
DAYS MIN <= 0       0               3        -3            22


PRECIPITATION (INCHES)
RECORD
 MAXIMUM          1.94   1960
 MINIMUM          0.01   1968
TOTALS            0.57            0.66     -0.09          0.40
DAILY AVG.        0.02            0.02      0.00          0.01
DAYS >=  0.01       10               8         2             5
DAYS >=  0.10        2               2         0             2
DAYS >=  0.50        0               0         0             0
DAYS >=  1.00        0               0         0             0
GREATEST
 24 HR. TOTAL     0.16   3/ 5



SNOWFALL (INCHES)
RECORD
 MAXIMUM          12.2   1960
 MINIMUM           0.0   2015
TOTALS             0.3             1.3      -1.0           0.0
SINCE 7/1          8.6            16.4      -7.8           5.3
DAYS >=  TRACE       3               1         2
DAYS >=  1.0         0               0         0             0
GREATEST
 24 HR. TOTAL      0.3   3/14


DEGREE DAYS
HEATING TOTAL      730             777       -47           621
 SINCE 7/1        5000            5481      -481          4689
COOLING TOTAL        0               0         0             0
 SINCE 1/1           0               0         0             0

.............................................................

WIND (MPH)
AVERAGE WIND SPEED                     8.2
RESULTANT WIND SPEED/DIRECTION         6/234
HIGHEST WIND SPEED/DIRECTION          35/200      DATE          03/13
HIGHEST GUST SPEED/DIRECTION          45/200      DATE          03/13


WEATHER CONDITIONS. NUMBER OF DAYS WITH
THUNDERSTORM               0    MIXED PRECIP                           0
HEAVY RAIN                 0    RAIN                                   1
LIGHT RAIN                18    FREEZING RAIN                          0
LT FREEZING RAIN           1    HAIL                                   0
HEAVY SNOW                 0    SNOW                                   0
LIGHT SNOW                 4    SLEET                                  0
FOG                        9    FOG W/VIS <=1/4 MILE                   1
HAZE                      12

-  INDICATES NEGATIVE NUMBERS.
R  INDICATES RECORD WAS SET OR TIED.
MM INDICATES DATA IS MISSING.
T  INDICATES TRACE AMOUNT.

$$
