000
CXUS53 KLOT 011217 CCA
CLMRFD

CLIMATE REPORT
NATIONAL WEATHER SERVICE CHICAGO IL
630 AM CDT WED JUL 1 2015

...................................

...THE ROCKFORD IL CLIMATE SUMMARY FOR THE MONTH OF JUNE 2015...

CLIMATE NORMAL PERIOD 1981 TO 2010
CLIMATE RECORD PERIOD 1905 TO 2015

WEATHER         OBSERVED          NORMAL  DEPART  LAST YEAR`S
                 VALUE   DATE(S)  VALUE   FROM    VALUE  DATE(S)
                                          NORMAL
................................................................
TEMPERATURE (F)
RECORD
 HIGH             103   06/28/1934
                        06/27/1933
                        06/29/1931
 LOW               35   06/05/1945
                        06/04/1945

HIGHEST            91   06/10        91       0       89  06/17
                                                          06/01
LOWEST             43   06/02        63     -20       50  06/09
                        06/01

AVG. MAXIMUM     79.2              81.1    -1.9     81.3
AVG. MINIMUM     59.3              58.5     0.8     60.5
MEAN             69.3              69.8    -0.5     70.9

DAYS MAX >= 90      1               3.4    -2.4        0
DAYS MAX <= 32      0               0.0     0.0        0
DAYS MIN <= 32      0               0.0     0.0        0
DAYS MIN <= 0       0               0.0     0.0        0

PRECIPITATION (INCHES)
RECORD
 MAXIMUM        11.85   1993
 MINIMUM         0.34   1922

TOTALS           4.64              4.65   -0.01     8.06

DAILY AVG.       0.15              0.16   -0.01     0.27
DAYS >= .01        14              10.4     3.6       16
DAYS >= .10        11               7.2     3.8       14
DAYS >= .50         3               3.1    -0.1        7
DAYS >= 1.00        0               1.3    -1.3        2
GREATEST
 24 HR. TOTAL    0.94   06/15 TO 06/15

SNOWFALL (INCHES)
RECORDS
 TOTAL            0.0
TOTALS            0.0               0.0     0.0      0.0
SINCE 7/1        35.5              36.7    -1.2     56.9

DEGREE_DAYS
HEATING TOTAL      16                31     -15       11
 SINCE 7/1       6973              6569     404     7680
COOLING TOTAL     152               175     -23      195
 SINCE 1/1        212               230     -18      278
.................................................................

WIND (MPH)
AVERAGE WIND SPEED              7.3
HIGHEST WIND SPEED/DIRECTION    37/170    DATE  06/20
HIGHEST GUST SPEED/DIRECTION    47/180    DATE  06/20

SKY COVER
POSSIBLE SUNSHINE (PERCENT)   MM
AVERAGE SKY COVER           0.70
NUMBER OF DAYS FAIR            3
NUMBER OF DAYS PC             12
NUMBER OF DAYS CLOUDY         15

AVERAGE RH (PERCENT)     70

WEATHER CONDITIONS. NUMBER OF DAYS WITH
THUNDERSTORM             12     MIXED PRECIP               0
HEAVY RAIN                6     RAIN                      10
LIGHT RAIN               16     FREEZING RAIN              0
LT FREEZING RAIN          0     HAIL                       0
HEAVY SNOW                0     SNOW                       0
LIGHT SNOW                0     SLEET                      0
FOG                      17     FOG W/VIS <= 1/4 MILE      2
HAZE                      9

-  INDICATES NEGATIVE NUMBERS.
R  INDICATES RECORD WAS SET OR TIED.
MM INDICATES DATA IS MISSING.
T  INDICATES TRACE AMOUNT.

&&

RECORDS ESTABLISHED DURING JUNE 2015:

NONE


$$
