000
CXUS51 KRNK 010947
CLMROA


CLIMATE REPORT
NATIONAL WEATHER SERVICE BLACKSBURG VA
543 AM EDT FRI JUL 1 2016

...................................

...THE ROANOKE VA CLIMATE SUMMARY FOR THE MONTH OF JUNE 2016...

CLIMATE NORMAL PERIOD 1981 TO 2010
CLIMATE RECORD PERIOD 1912 TO 2016

WEATHER         OBSERVED          NORMAL  DEPART  LAST YEAR`S
                 VALUE   DATE(S)  VALUE   FROM    VALUE
                                          NORMAL
.............................................................
TEMPERATURE (F)
RECORD
 HIGH             104   06/29/2012
                        06/30/1936
                        22/12/2298
 LOW               36   06/11/1913
HIGHEST            95   06/11                         93
LOWEST             51   06/09                         54
AVG. MAXIMUM     84.6              83.4     1.2     85.0
AVG. MINIMUM     63.6              62.3     1.3     65.7
MEAN             74.1              72.9     1.2     75.3
DAYS MAX >= 90      3               4.9    -1.9        8
DAYS MAX <= 32      0               0.0     0.0        0
DAYS MIN <= 32      0               0.0     0.0        0
DAYS MIN <= 0       0               0.0     0.0        0

PRECIPITATION (INCHES)
RECORD
 MAXIMUM        10.32   1995
 MINIMUM         0.62   1986
TOTALS           6.03              3.83    2.20     9.07
DAILY AVG.       0.20              0.13    0.07     0.30
DAYS >= .01        11              10.8     0.2       16
DAYS >= .10         6               6.5    -0.5       10
DAYS >= .50         5               2.5     2.5        5
DAYS >= 1.00        2               0.9     1.1        4
GREATEST
 24 HR. TOTAL    2.18                               3.45

SNOWFALL (INCHES)
TOTALS            0.0                                  T
DAYS >= TRACE       0                                  1
DAYS >= 1.0         0                                  0
GREATEST
 24 HR TOTAL      0.0                                  T

DEGREE_DAYS
HEATING TOTAL       0                11     -11        7
COOLING TOTAL     280               246      34      326
..............................................................

WIND (MPH)
AVERAGE WIND SPEED              5.9
HIGHEST WIND SPEED/DIRECTION    43/350    DATE  06/16
HIGHEST GUST SPEED/DIRECTION    53/260    DATE  06/15

SKY COVER
AVERAGE SKY COVER           0.40

AVERAGE RH (PERCENT)     67

WEATHER CONDITIONS. NUMBER OF DAYS WITH
THUNDERSTORM              9     MIXED PRECIP               0
HEAVY RAIN                2     RAIN                       5
LIGHT RAIN               14     FREEZING RAIN              0
LT FREEZING RAIN          0     HAIL                       0
HEAVY SNOW                0     SNOW                       0
LIGHT SNOW                0     SLEET                      0
FOG                       8     FOG W/VIS <= 1/4 MILE      0
HAZE                      1

-  INDICATES NEGATIVE NUMBERS.
R  INDICATES RECORD WAS SET OR TIED.
MM INDICATES DATA IS MISSING.
T  INDICATES TRACE AMOUNT.

$$

PW
