631
CXUS55 KABQ 031330
CLMROW

ABQCLMROW 000
TTAA00 KABQ 011213


CLIMATE REPORT
NATIONAL WEATHER SERVICE ALBUQUERQUE NM
630 AM MST FRI MAR 3 2017

...................................

...THE ROSWELL NM CLIMATE SUMMARY FOR THE MONTH OF FEBRUARY 2017...

CLIMATE NORMAL PERIOD 1981 TO 2010
CLIMATE RECORD PERIOD 1893 TO 2017

WEATHER         OBSERVED          NORMAL  DEPART  LAST YEAR`S
                 VALUE   DATE(S)  VALUE   FROM    VALUE  DATE(S)
                                          NORMAL
................................................................
TEMPERATURE (F)
RECORD
 HIGH              91   02/18/2016
 LOW              -11   02/04/2011
HIGHEST            89   02/11        MM      MM       91  02/18
LOWEST             23   02/25        MM      MM       14  02/04
AVG. MAXIMUM     69.8              60.7     9.1     66.4
AVG. MINIMUM     32.5              30.7     1.8     30.0
MEAN             51.1              45.7     5.4     48.2
DAYS MAX >= 90      0               0.0     0.0        1
DAYS MAX <= 32      0               0.7    -0.7        0
DAYS MIN <= 32     15              15.6    -0.6       17
DAYS MIN <= 0       0               0.0     0.0        0

PRECIPITATION (INCHES)
RECORD
 MAXIMUM           MM   MM
 MINIMUM           MM   MM
TOTALS           0.16              0.42   -0.26     0.40
DAILY AVG.       0.01              0.01    0.00     0.01
DAYS >= .01         3               3.1    -0.1        2
DAYS >= .10         1               1.2    -0.2        1
DAYS >= .50         0               0.2    -0.2        0
DAYS >= 1.00        0               0.0     0.0        0
GREATEST
 24 HR. TOTAL    0.15   02/12 TO 02/13              0.40

SNOWFALL (INCHES)
RECORDS
 TOTAL             MM   MM
TOTALS              T               2.1    -2.1      0.0
SINCE 7/1         2.5              10.4    -7.9     17.8
SNOWDEPTH AVG.      0                MM      MM        0
DAYS >= 1.0         0               0.6    -0.6        0
GREATEST
 SNOW DEPTH         0   MM                             0  MM
 24 HR TOTAL        T   02/13 TO 02/13               0.0

DEGREE_DAYS
HEATING TOTAL     380               541    -161      478
 SINCE 7/1       2145              2707    -562     2560
COOLING TOTAL       0                 0       0        0
 SINCE 1/1          0                 0       0        0
.................................................................

WIND (MPH)
AVERAGE WIND SPEED              8.5
HIGHEST WIND SPEED/DIRECTION    47/240    DATE  02/23
HIGHEST GUST SPEED/DIRECTION    58/240    DATE  02/23

SKY COVER
AVERAGE SKY COVER           0.10

AVERAGE RH (PERCENT)     42

WEATHER CONDITIONS. NUMBER OF DAYS WITH
THUNDERSTORM              0     MIXED PRECIP               0
HEAVY RAIN                0     RAIN                       1
LIGHT RAIN                2     FREEZING RAIN              0
LT FREEZING RAIN          0     HAIL                       0
HEAVY SNOW                0     SNOW                       0
LIGHT SNOW                1     SLEET                      0
FOG                       2     FOG W/VIS <= 1/4 MILE      0
HAZE                      2

-  INDICATES NEGATIVE NUMBERS.
R  INDICATES RECORD WAS SET OR TIED.
MM INDICATES DATA IS MISSING.
T  INDICATES TRACE AMOUNT.

$$
