606
CXUS55 KABQ 011743
CLMROW


CLIMATE REPORT
NATIONAL WEATHER SERVICE ALBUQUERQUE NM
1120 AM MDT SAT JUL 1 2017

...................................

...THE ROSWELL NM CLIMATE SUMMARY FOR THE MONTH OF JUNE 2017...

CLIMATE NORMAL PERIOD 1981 TO 2010
CLIMATE RECORD PERIOD 1893 TO 2017

WEATHER         OBSERVED          NORMAL  DEPART  LAST YEAR`S
                 VALUE   DATE(S)  VALUE   FROM    VALUE  DATE(S)
                                          NORMAL
................................................................
TEMPERATURE (F)
RECORD
 HIGH             114   06/27/1994
 LOW               47   06/02/1992
                        06/01/1964
HIGHEST           110   06/17        MM      MM      107  06/15
LOWEST             56   06/01        MM      MM       55  06/02
AVG. MAXIMUM     98.5              93.2     5.3     97.4
AVG. MINIMUM     64.7              63.2     1.5     64.0
MEAN             81.6              78.2     3.4     80.7
DAYS MAX >= 90     25              20.8     4.2       28
DAYS MAX <= 32      0               0.0     0.0        0
DAYS MIN <= 32      0               0.0     0.0        0
DAYS MIN <= 0       0               0.0     0.0        0

PRECIPITATION (INCHES)
RECORD
 MAXIMUM           MM   MM
 MINIMUM           MM   MM
TOTALS           0.56              1.73   -1.17     0.53
DAILY AVG.       0.02              0.06   -0.04     0.02
DAYS >= .01         5               5.3    -0.3        6
DAYS >= .10         3               3.0     0.0        2
DAYS >= .50         0               1.2    -1.2        0
DAYS >= 1.00        0               0.5    -0.5        0
GREATEST
 24 HR. TOTAL    0.28   06/06 TO 06/06              0.25

SNOWFALL (INCHES)
RECORDS
 TOTAL             MM   MM
TOTALS            0.0               0.0     0.0      0.0
SINCE 7/1         2.5              11.9    -9.4     17.8
SNOWDEPTH AVG.      0                MM      MM        0
DAYS >= 1.0         0               0.0     0.0        0
GREATEST
 SNOW DEPTH         0   MM                             0  MM
 24 HR TOTAL      0.0   06/30 TO 06/30               0.0

DEGREE_DAYS
HEATING TOTAL       0                 1      -1        0
 SINCE 7/1       2442              3288    -846     3037
COOLING TOTAL     505               397     108      478
 SINCE 1/1        786               622     164      656
.................................................................

WIND (MPH)
AVERAGE WIND SPEED              9.2
HIGHEST WIND SPEED/DIRECTION    41/010    DATE  06/06
HIGHEST GUST SPEED/DIRECTION    51/360    DATE  06/06

SKY COVER
AVERAGE SKY COVER           0.10

AVERAGE RH (PERCENT)     40

WEATHER CONDITIONS. NUMBER OF DAYS WITH
THUNDERSTORM              0     MIXED PRECIP               0
HEAVY RAIN                3     RAIN                       4
LIGHT RAIN                7     FREEZING RAIN              0
LT FREEZING RAIN          0     HAIL                       0
HEAVY SNOW                0     SNOW                       0
LIGHT SNOW                0     SLEET                      0
FOG                       0     FOG W/VIS <= 1/4 MILE      0
HAZE                      2

-  INDICATES NEGATIVE NUMBERS.
R  INDICATES RECORD WAS SET OR TIED.
MM INDICATES DATA IS MISSING.
T  INDICATES TRACE AMOUNT.

$$
