709
CXUS56 KSGX 011554
CLMSAN


CLIMATE REPORT
NATIONAL WEATHER SERVICE SAN DIEGO, CA
754 AM PST THU DEC 1 2016

...................................

...THE SAN DIEGO/LINDBERGH FIELD CA CLIMATE SUMMARY FOR THE MONTH OF NOVEMBER 2016...

CLIMATE NORMAL PERIOD 1981 TO 2010
CLIMATE RECORD PERIOD 1874 TO 2016

WEATHER         OBSERVED          NORMAL  DEPART  LAST YEAR`S
                 VALUE   DATE(S)  VALUE   FROM    VALUE  DATE(S)
                                          NORMAL
................................................................
TEMPERATURE (F)
RECORD
 HIGH             100   11/04/2010
 LOW               36   11/28/1919
HIGHEST            96   11/09        70      26       84  11/22
                                                          11/21
                                                          11/01
LOWEST             47   11/30        54      -7       47  11/30
AVG. MAXIMUM     74.7              69.0     5.7     72.1
AVG. MINIMUM     57.0              53.6     3.4     54.6
MEAN             65.8              61.3     4.5     63.3
DAYS MAX >= 90      2               0.1     1.9        0
DAYS MAX <= 32      0               0.0     0.0        0
DAYS MAX >= 100     0                                  0
DAYS MIN <= 32      0               0.0     0.0        0

PRECIPITATION (INCHES)
RECORD
 MAXIMUM         5.82   1965
 MINIMUM         0.00   1980
                        1956
                        1904
TOTALS           0.61              1.01   -0.40     1.54
DAILY AVG.       0.02              0.03   -0.01     0.05
DAYS >= .01         5               4.1     0.9        8
DAYS >= .10         5               2.2     2.8        2
DAYS >= .50         0               0.6    -0.6        1
DAYS >= 1.00        0               0.2    -0.2        1
DAYS >= 1.50        0                                  0
DAYS >= 2.00        0                                  0
GREATEST
 24 HR. TOTAL    0.28   11/26 TO 11/27           11/03 TO 11/04
                                                          11/30 TO 11/30
                                                          11/30 TO 11/30
 STORM TOTAL       MM                                 MM
 (MM/DD(HH))            MM                    11/04(00) TO 11/04(00)
                                                 11/30(00) TO 11/30(00)0
                                                 11/30(00) TO 11/30(00)0

DEGREE_DAYS
HEATING TOTAL      50               124     -74       69
 SINCE 7/1         50               145     -95       69
COOLING TOTAL      81                13      68       28
 SINCE 1/1       1163               720     443     1564

FREEZE DATES
RECORD
 EARLIEST     MM
 LATEST       MM
EARLIEST                        MM
LATEST                          MM
.................................................

WIND (MPH)
AVERAGE WIND SPEED              4.4
RESULTANT WIND SPEED/DIRECTION   2/304
HIGHEST WIND SPEED/DIRECTION    26/120    DATE  11/21
HIGHEST GUST SPEED/DIRECTION    32/260    DATE  11/27

SKY COVER
POSSIBLE SUNSHINE (PERCENT)   MM
AVERAGE SKY COVER           0.40
NUMBER OF DAYS FAIR           13
NUMBER OF DAYS PC             14
NUMBER OF DAYS CLOUDY          3

AVERAGE RH (PERCENT)     56

WEATHER CONDITIONS. NUMBER OF DAYS WITH
THUNDERSTORM              0     MIXED PRECIP               0
HEAVY RAIN                1     RAIN                       1
LIGHT RAIN                5     FREEZING RAIN              0
LT FREEZING RAIN          0     HAIL                       0
HEAVY SNOW                0     SNOW                       0
LIGHT SNOW                0     SLEET                      0
FOG                      11     FOG W/VIS <= 1/4 MILE      3
HAZE                      3

-  INDICATES NEGATIVE NUMBERS.
R  INDICATES RECORD WAS SET OR TIED.
MM INDICATES DATA IS MISSING.
T  INDICATES TRACE AMOUNT.

$$
