000
CXUS54 KEWX 042349 CCA
CLMSAT

CLIMATE REPORT...CORRECTED FOR TEMPERATURE DATA
NATIONAL WEATHER SERVICE AUSTIN/SAN ANTONIO, TX
649 PM CDT WED MAY 4 2016

...................................

...THE SAN ANTONIO CLIMATE SUMMARY FOR THE MONTH OF APRIL 2016...

CLIMATE NORMAL PERIOD 1981 TO 2010
CLIMATE RECORD PERIOD 1886 TO 2016

WEATHER         OBSERVED          NORMAL  DEPART  LAST YEAR`S
                 VALUE   DATE(S)  VALUE   FROM    VALUE  DATE(S)
                                          NORMAL
................................................................
TEMPERATURE (F)
HIGHEST            90   04/27                         91  04/25
                        04/25
LOWEST             42   04/02                         49  04/29
AVG. MAXIMUM     80.4              80.5    -0.1     79.8
AVG. MINIMUM     59.0              58.1     0.9     63.5
MEAN             69.7              69.3     0.4     71.7
DAYS MAX >= 90      2                                  1
DAYS MAX <= 32      0                                  0
DAYS MIN <= 32      0                                  0
DAYS MIN <= 0       0                                  0

PRECIPITATION (INCHES)
TOTALS           6.19              2.10    4.09     7.54
DAILY AVG.       0.21              0.07    0.14     0.25
DAYS >= .01        12                                  9
DAYS >= .10        10                                  7
DAYS >= .50         5                                  4
DAYS >= 1.00        2                                  3
GREATEST
 24 HR. TOTAL    2.18   04/12 TO 04/13

SNOWFALL (INCHES)
TOTALS              T               0.0     0.0      0.0
SINCE 7/1           T               0.7    -0.7        T

DEGREE_DAYS
HEATING TOTAL      18                39     -21        7
 SINCE 7/1       1037              1494    -457     1494
COOLING TOTAL     167               168      -1      215
 SINCE 1/1        301               259      42      284
.................................................................

WIND (MPH)
AVERAGE WIND SPEED              8.9
HIGHEST WIND SPEED/DIRECTION    35/080    DATE  04/12
HIGHEST GUST SPEED/DIRECTION    46/300    DATE  04/27

SKY COVER
POSSIBLE SUNSHINE (PERCENT)   MM
AVERAGE SKY COVER           0.60
NUMBER OF DAYS FAIR            6
NUMBER OF DAYS PC             13
NUMBER OF DAYS CLOUDY         11

AVERAGE RH (PERCENT)     68

WEATHER CONDITIONS. NUMBER OF DAYS WITH
THUNDERSTORM              0     MIXED PRECIP               0
HEAVY RAIN                9     RAIN                      10
LIGHT RAIN               16     FREEZING RAIN              0
LT FREEZING RAIN          0     HAIL                       2
HEAVY SNOW                0     SNOW                       0
LIGHT SNOW                0     SLEET                      0
FOG                      16     FOG W/VIS <= 1/4 MILE      0
HAZE                      9

-  INDICATES NEGATIVE NUMBERS.
R  INDICATES RECORD WAS SET OR TIED.
MM INDICATES DATA IS MISSING.
T  INDICATES TRACE AMOUNT.

&&

MONTHLY CLIMATE SUMMARY:
APRIL 2016 WAS THE 53RD WARMEST AND 9TH WETTEST SINCE RECORDS BEGAN
1 1/2 INCH DIAMETER HAIL OBSERVED FROM 844PM TO 848PM LST ON APRIL 12TH
1/2 INCH DIAMETER HAIL OBSERVED FROM 555PM TO 557PM LST ON APRIL 26TH

SEA LEVEL PRESSURE DATA:
HIGHEST SLP 30.29 INCHES ON THE 2ND
LOWEST  SLP 29.51 INCHES ON THE 29TH

PRELIMINARY LOCAL CLIMATOLOGICAL DATA (WS FORM: F-6)

                                          STATION:   SAN ANTONIO
                                          MONTH:     APRIL
                                          YEAR:      2016
                                          LATITUDE:   29 31 N
                                          LONGITUDE:  98 28 W

  TEMPERATURE IN F:       :PCPN:    SNOW:  WIND      :SUNSHINE: SKY     :PK WND
================================================================================
1   2   3   4   5  6A  6B    7    8   9   10  11  12  13   14  15   16   17  18
                                     12Z  AVG MX 2MIN
DY MAX MIN AVG DEP HDD CDD  WTR  SNW DPTH SPD SPD DIR MIN PSBL S-S WX    SPD DR
================================================================================

 1  68  49  59  -7   6   0 0.02  0.0    0 14.2 26  40   M    M   6 3      36  50
 2  74  42  58  -8   7   0 0.00  0.0    0  5.9 15  10   M    M   1        21  10
 3  78  44  61  -5   4   0 0.00  0.0    0  6.6 14 170   M    M   0        20 260
 4  81  46  64  -2   1   0 0.00  0.0    0  6.6 16 160   M    M   0        20 150
 5  80  49  65  -2   0   0 0.00  0.0    0  9.2 22 150   M    M   2        26 150
 6  82  55  69   2   0   4    T  0.0    0  9.3 20 350   M    M   8        25  20
 7  81  48  65  -2   0   0 0.00  0.0    0  6.3 15 220   M    M   5        22 230
 8  79  54  67  -1   0   2 0.00  0.0    0  7.9 20 100   M    M   6        23 100
 9  79  58  69   1   0   4    T  0.0    0 12.1 23 160   M    M   7 3      30 160
10  79  65  72   4   0   7 0.04  0.0    0 13.7 28 130   M    M  10 13     35 140
11  85  69  77   9   0  12    T  0.0    0  8.1 21 160   M    M   6 18     28 140
12  73  62  68   0   0   3 1.68    T    0 12.6 35  80   M    M  10 135    39  60
13  75  59  67  -2   0   2 0.50  0.0    0  7.2 15  80   M    M   7 13      M  M
14  82  57  70   1   0   5 0.00  0.0    0  6.2 15  90   M    M   4 1      18 100
15  79  56  68  -1   0   3 0.00  0.0    0  8.8 22 140   M    M   4 18     27 140
16  79  65  72   3   0   7 0.15  0.0    0 14.8 25 110   M    M  10 1      31 110
17  83  71  77   7   0  12 0.45  0.0    0 10.4 26 120   M    M  10 138    33 100
18  73  66  70   0   0   5 1.70  0.0    0  7.9 17  70   M    M  10 138    23  80
19  77  62  70   0   0   5 0.00  0.0    0  5.2 13 100   M    M   8        16  70
20  81  62  72   2   0   7    T  0.0    0  8.0 28 340   M    M   8        36 350
21  84  61  73   2   0   8 0.50  0.0    0  6.5 25 360   M    M   7 13     35  10
22  84  61  73   2   0   8 0.00  0.0    0  5.0 14  30   M    M   3        20  60
23  81  56  69  -2   0   4 0.00  0.0    0  6.4 21 160   M    M   4        25 170
24  80  63  72   1   0   7 0.00  0.0    0  9.0 17 120   M    M   7        22 110
25  90  71  81   9   0  16 0.13    T    0 11.9 31 140   M    M   8 135    43 160
26  83  71  77   5   0  12 0.00  0.0    0 13.8 22 160   M    M   9 18     28 160
27  90  60  75   3   0  10 0.56  0.0    0  5.3 33 320   M    M   3 138    46 300
28  83  63  73   1   0   8    T  0.0    0 11.0 22 130   M    M   7 18     27 120
29  85  67  76   3   0  11 0.34  0.0    0 11.1 33 340   M    M   9 138    42 340
30  85  59  72  -1   0   7 0.12  0.0    0  7.5 31 330   M    M   5 138    43 330
================================================================================
SM 2413 1771        18 169  6.19    T    268.5          M      184
================================================================================
AV 80.4 59.0                               8.9 FASTST   M    M   6    MAX(MPH)
                                 MISC ---->  # 35  80               # 46  300
================================================================================
NOTES:
# LAST OF SEVERAL OCCURRENCES

COLUMN 17 PEAK WIND IN M.P.H.

SYMBOLS USED IN COLUMN 16
1 = FOG OR MIST
2 = FOG REDUCING VISIBILITY
3 = THUNDER
4 = ICE PELLETS
5 = HAIL
6 = FREEZING RAIN OR DRIZZLE
7 = DUSTSTORM OR SANDSTORM:
8 = SMOKE OR HAZE
9 = BLOWING SNOW
X = TORNADO

$$
