000
CXUS51 KAKQ 011427
CLMSBY


CLIMATE REPORT
NATIONAL WEATHER SERVICE WAKEFIELD, VA
1025 AM EDT SAT OCT 1 2016

...................................

...THE SALISBURY MD CLIMATE SUMMARY FOR THE MONTH OF SEPTEMBER 2016...

CLIMATE NORMAL PERIOD 1981 TO 2010
CLIMATE RECORD PERIOD 1900 TO 2016

WEATHER         OBSERVED          NORMAL  DEPART  LAST YEAR`S
                 VALUE   DATE(S)  VALUE   FROM    VALUE  DATE(S)
                                          NORMAL
................................................................
TEMPERATURE (F)
RECORD
 HIGH             100   09/01/1932
 LOW               34   09/21/1956
HIGHEST            92   09/14        85       7       93  09/09
                        09/09
LOWEST             50   09/26        54      -4       50  09/15
AVG. MAXIMUM     80.4              78.4     2.0     82.1
AVG. MINIMUM     64.2              58.0     6.2     62.1
MEAN             72.3              68.2     4.1     72.1
DAYS MAX >= 90      3               1.1     1.9        5
DAYS MAX <= 32      0               0.0     0.0        0
DAYS MIN <= 32      0               0.0     0.0        0
DAYS MIN <= 0       0               0.0     0.0        0

PRECIPITATION (INCHES)
RECORD
 MAXIMUM        14.83   1935
 MINIMUM         0.26   1921
TOTALS          12.86              3.98    8.88     2.03
DAILY AVG.       0.43              0.13    0.30     0.07
DAYS >= .01        11               8.2     2.8        7
DAYS >= .10         8               5.4     2.6        3
DAYS >= .50         6               2.6     3.4        3
DAYS >= 1.00        4               1.0     3.0        0
GREATEST
 24 HR. TOTAL    5.32   09/28 TO 09/29

DEGREE_DAYS
HEATING TOTAL       4                46     -42        3
 SINCE 7/1          4                48     -44        3
COOLING TOTAL     227               142      85      223
 SINCE 1/1       1416              1125     291     1329
.................................................................

WIND (MPH)
AVERAGE WIND SPEED              6.9
HIGHEST WIND SPEED/DIRECTION    31/050    DATE  09/28
HIGHEST GUST SPEED/DIRECTION    40/050    DATE  09/29

SKY COVER
POSSIBLE SUNSHINE (PERCENT)   MM
AVERAGE SKY COVER           0.40

AVERAGE RH (PERCENT)     79

WEATHER CONDITIONS. NUMBER OF DAYS WITH
THUNDERSTORM              0     MIXED PRECIP               0
HEAVY RAIN                7     RAIN                       7
LIGHT RAIN               12     FREEZING RAIN              0
LT FREEZING RAIN          0     HAIL                       0
HEAVY SNOW                0     SNOW                       0
LIGHT SNOW                0     SLEET                      0
FOG                      19     FOG W/VIS <= 1/4 MILE      3
HAZE                      1

-  INDICATES NEGATIVE NUMBERS.
R  INDICATES RECORD WAS SET OR TIED.
MM INDICATES DATA IS MISSING.
T  INDICATES TRACE AMOUNT.

$$
