000
CXUS51 KAKQ 011336
CLMSBY


CLIMATE REPORT
NATIONAL WEATHER SERVICE WAKEFIELD, VA
835 AM EST FRI DEC 1 2017

...................................

...THE SALISBURY MD CLIMATE SUMMARY FOR THE MONTH OF NOVEMBER 2017...

CLIMATE NORMAL PERIOD 1981 TO 2010
CLIMATE RECORD PERIOD 1900 TO 2017

WEATHER         OBSERVED          NORMAL  DEPART  LAST YEAR`S
                 VALUE   DATE(S)  VALUE   FROM    VALUE  DATE(S)
                                          NORMAL
................................................................
TEMPERATURE (F)
RECORD
 HIGH              85   11/01/1950
 LOW               10   11/29/1930
HIGHEST            78   11/03        67      11       82  11/03
LOWEST             23   11/11        33     -10       25  11/23
AVG. MAXIMUM     58.8              58.6     0.2     60.5
AVG. MINIMUM     37.2              37.9    -0.7     37.0
MEAN             48.0              48.2    -0.2     48.7
DAYS MAX >= 90      0               0.0     0.0        0
DAYS MAX <= 32      0               0.1    -0.1        0
DAYS MIN <= 32     11               9.4     1.6        8
DAYS MIN <= 0       0               0.0     0.0        0

PRECIPITATION (INCHES)
RECORD
 MAXIMUM         8.85   1911
 MINIMUM         0.09   2001
TOTALS           1.95              3.43   -1.48     0.54
DAILY AVG.       0.07              0.11   -0.04     0.02
DAYS >= .01         7               9.0    -2.0        8
DAYS >= .10         3               5.9    -2.9        3
DAYS >= .50         2               2.1    -0.1        0
DAYS >= 1.00        0               0.9    -0.9        0
GREATEST
 24 HR. TOTAL    0.72   11/07 TO 11/07

SNOWFALL (INCHES)
RECORDS
 TOTAL            6.7   5
                        0
                        -26215
TOTALS            0.0
SINCE 7/1         0.0               0.2    -0.2      0.0
SNOWDEPTH AVG.      0                MM      MM        0
DAYS >= 1.0         0               0.1    -0.1        0
GREATEST
 SNOW DEPTH         0   MM                             0  MM
 24 HR TOTAL      0.0   11/30 TO 11/30           11/30 TO 11/30
                                                          11/30 TO 11/30
                                                          11/30 TO 11/30

DEGREE_DAYS
HEATING TOTAL     503               505      -2      485
 SINCE 7/1        671               818    -147      660
COOLING TOTAL       1                 3      -2        6
 SINCE 1/1       1415              1153     262     1481
.................................................

WIND (MPH)
AVERAGE WIND SPEED              6.6
HIGHEST WIND SPEED/DIRECTION    33/200    DATE  11/19
HIGHEST GUST SPEED/DIRECTION    46/200    DATE  11/19

SKY COVER
POSSIBLE SUNSHINE (PERCENT)   MM
AVERAGE SKY COVER           0.30

AVERAGE RH (PERCENT)     75

WEATHER CONDITIONS. NUMBER OF DAYS WITH
THUNDERSTORM              0     MIXED PRECIP               0
HEAVY RAIN                2     RAIN                       4
LIGHT RAIN               10     FREEZING RAIN              0
LT FREEZING RAIN          0     HAIL                       0
HEAVY SNOW                0     SNOW                       0
LIGHT SNOW                0     SLEET                      0
FOG                      15     FOG W/VIS <= 1/4 MILE      2
HAZE                      1

-  INDICATES NEGATIVE NUMBERS.
R  INDICATES RECORD WAS SET OR TIED.
MM INDICATES DATA IS MISSING.
T  INDICATES TRACE AMOUNT.

$$
