000
CXUS56 KSEW 011038
CLMSEW


CLIMATE REPORT
NATIONAL WEATHER SERVICE SEATTLE WA
337 AM PDT SUN MAY 1 2016

...................................

...THE SEATTLE WA WFO CLIMATE SUMMARY FOR THE MONTH OF APRIL 2016...

CLIMATE NORMAL PERIOD 1981 TO 2010
CLIMATE RECORD PERIOD 1986 TO 2016

WEATHER         OBSERVED          NORMAL  DEPART  LAST YEAR`S
                 VALUE   DATE(S)  VALUE   FROM    VALUE  DATE(S)
                                          NORMAL
................................................................
TEMPERATURE (F)
RECORD
 HIGH              89   04/18/2016
 LOW               31   04/04/2009
                        04/03/2008
                        04/01/1953
HIGHEST            89R  04/18        MM      MM       78  04/27
LOWEST             40   04/16        MM      MM       37  04/05
AVG. MAXIMUM     65.8              58.5     7.3     60.6
AVG. MINIMUM     46.7              42.5     4.2     43.1
MEAN             56.3              50.5     5.8     51.8
DAYS MAX >= 90      0               0.0     0.0        0
DAYS MAX <= 32      0               0.0     0.0        0
DAYS MIN <= 32      0               0.0     0.0        0
DAYS MIN <= 0       0               0.0     0.0        0

PRECIPITATION (INCHES)
RECORD
 MAXIMUM         6.27   1993
 MINIMUM         0.64   2004
TOTALS           1.57              2.77   -1.20     1.52
DAILY AVG.       0.05              0.09   -0.04     0.05
DAYS >= .01        11              15.0    -4.0       11
DAYS >= .10         7               8.2    -1.2        5
DAYS >= .50         1               1.3    -0.3        1
DAYS >= 1.00        0               0.1    -0.1        0

SNOWFALL (INCHES)
TOTALS            0.0                                0.0
SINCE 7/1           T                                  T
SNOWDEPTH AVG.      0                                  0
GREATEST
 SNOW DEPTH         0                                  0  MM

DEGREE_DAYS
HEATING TOTAL     260               435    -175      387
 SINCE 7/1       3542              4173    -631     3305
COOLING TOTAL       6                 0       6        0
 SINCE 1/1          6                 0       6        0
.................................................................

WIND (MPH)
HIGHEST GUST SPEED/DIRECTION    MM        DATE   MM


WEATHER CONDITIONS. NUMBER OF DAYS WITH
THUNDERSTORM              0     MIXED PRECIP               0
HEAVY RAIN                1     RAIN                       2
LIGHT RAIN               11     FREEZING RAIN              0
LT FREEZING RAIN          0     HAIL                       1
HEAVY SNOW                0     SNOW                       0
LIGHT SNOW                0     SLEET                      0
FOG                       2     FOG W/VIS <= 1/4 MILE      0
HAZE                      0

-  INDICATES NEGATIVE NUMBERS.
R  INDICATES RECORD WAS SET OR TIED.
MM INDICATES DATA IS MISSING.
T  INDICATES TRACE AMOUNT.

$$
