000
CXUS54 KSHV 011249 AAA
CLMSHV

CLIMATE REPORT...ADDED SUMMER SUMMARY
NATIONAL WEATHER SERVICE SHREVEPORT LA
749 AM CDT THU SEP 1 2016

...................................

...THE SHREVEPORT CLIMATE SUMMARY FOR THE MONTH OF AUGUST 2016...

CLIMATE NORMAL PERIOD 1981 TO 2010
CLIMATE RECORD PERIOD 1874 TO 2016

WEATHER         OBSERVED          NORMAL  DEPART
                 VALUE   DATE(S)  VALUE   FROM
                                          NORMAL
................................................
TEMPERATURE (F)
RECORD
 HIGH             110   08/18/1909
 LOW               53   08/17/1992
HIGHEST           101   08/12
LOWEST             72   08/23
MEAN             84.3             83.1     1.2
DAYS MAX >= 90     22
DAYS MIN <= 32      0

PRECIPITATION (INCHES)
TOTALS
TOTALS           7.81              2.73    5.08
DAYS >= .01        16
DAYS >= .50         5
DAYS >= 1.00        3
GREATEST
 24 HR. TOTAL    2.17   08/25 TO 08/25


DEGREE_DAYS
HEATING TOTAL       0                 0       0
COOLING TOTAL     604               561      43
.................................................

WIND (MPH)
AVERAGE WIND SPEED              4.8
HIGHEST WIND SPEED/DIRECTION    40/030    DATE  08/07
HIGHEST GUST SPEED/DIRECTION    49/030    DATE  08/07


WEATHER CONDITIONS. NUMBER OF DAYS WITH
THUNDERSTORM              0     FOG W/VIS <= 1/4 MILE      1

-  INDICATES NEGATIVE NUMBERS.
R  INDICATES RECORD WAS SET OR TIED.
MM INDICATES DATA IS MISSING.
T  INDICATES TRACE AMOUNT.

&&

SHREVEPORT RECORDED A MUCH WETTER THAN NORMAL AUGUST WITH SLIGHTLY
ABOVE NORMAL TEMPERATURES.  AUGUST OF 2016 NOW RANKS AS THE SEVENTH
WETTEST AUGUST AND THE WETTEST AUGUST SINCE 1991 THAT RECORDED 9.23
INCHES.  THE ALL TIME WETTEST AUGUST OCCURRED DURING 1912 WITH 10.89
INCHES.

SHREVEPORT TALLIED SIXTEEN DAYS WITH MEASURABLE RAINFALL DURING THIS
AUGUST...A NEW RECORD.  THE OLD RECORD OCCURRED DURING AUGUST 1942
WITH FIFTEEN DAYS WITH MEASURABLE RAINFALL.  THE BOUNTIFUL RAINS
FELL DURING MUCH OF THE SECOND HALF OF THE MONTH AS A RESULT OF THE
LOW PRESSURE SYSTEM THAT WAS RESPONSIBLE FOR THE DISASTROUS AND
RECORD FLOODING OF SOUTHEAST LOUISIANA.  FORTUNATELY...THIS SYSTEM
WEAKENED AND DID NOT RESULT IN SIGNIFICANT FLOODING ISSUES ACROSS
NORTHERN LOUISIANA.  NEVERTHELESS DURING THE EVENING OF AUGUST
25TH...STRONG THUNDERSTORMS PRODUCED URBAN AND STREET FLOODING IN
PORTIONS OF SOUTHEAST SHREVEPORT.

AT MONTH`S END...THE BOUNTIFUL RAINS RESULTED IN VERY GREEN YARDS
AND ATYPICAL MOIST CONDITIONS FOR WHAT IS NORMALLY THE DRIEST TIME
OF YEAR.

SHREVEPORT RECORDED JUST ONE RECORD DURING THIS AUGUST WITH A DAILY
RAINFALL RECORD DURING THE 25TH.  2.17 INCHES OF RAINFALL TALLIED
DURING AUGUST 25TH BROKE THE DAILY RAINFALL RECORD OF 1.90 INCHES
RECORDED BACK DURING 1886.

FOR THE CLIMATOLOGICAL SUMMER OF 2016 (JUNE 1 THROUGH AUGUST
31)...SHREVEPORT TALLIED 16.14 INCHES OF RAINFALL FOR THE THIRTEENTH
WETTEST SUMMER ON RECORD.  NORMAL SUMMERTIME RAINFALL IS 11.78
INCHES.  OUR SUMMERTIME AVERAGE TEMPERATURE COMPUTED TO 84.1 DEGREES
WHILE THE NORMAL SUMMER AVERAGE IS 82.0 DEGREES.

&&

$$

VIII.
