000
CXUS54 KSJT 011710 CCA
CLMSJT

CLIMATE REPORT...CORRECTED
NATIONAL WEATHER SERVICE SAN ANGELO TX
1111 AM CST MON DEC 1 2014

...................................

...THE SAN ANGELO CLIMATE SUMMARY FOR THE MONTH OF NOVEMBER 2014...

CLIMATE NORMAL PERIOD 1981 TO 2010
CLIMATE RECORD PERIOD 1907 TO 2014

WEATHER         OBSERVED          NORMAL  DEPART  LAST YEAR`S
                 VALUE   DATE(S)  VALUE   FROM    VALUE  DATE(S)
                                          NORMAL
................................................................
TEMPERATURE (F)
RECORD
 HIGH              93   11/08/1980
 LOW               12   11/29/1911
HIGHEST            81   11/30                         83  11/17
                        11/10
LOWEST             22   11/18                         20  11/13
                        11/17
AVG. MAXIMUM     66.3              68.3    -2.0     64.0
AVG. MINIMUM     40.9              42.3    -1.4     39.9
MEAN             53.6              55.3    -1.7     51.9
DAYS MAX >= 90      0               0.1    -0.1        0
DAYS MAX <= 32      0               0.1    -0.1        0
DAYS MIN <= 32      9               5.1     3.9       11
DAYS MIN <= 0       0               0.0     0.0        0

PRECIPITATION (INCHES)
RECORD
 MAXIMUM         7.02   1913
 MINIMUM         0.00   2005
                        1988
                        1950
TOTALS           3.04              1.14    1.90     0.81
DAILY AVG.       0.10              0.04    0.06     0.03
DAYS >= .01         3               4.0    -1.0        7
DAYS >= .10         2               2.2    -0.2        2
DAYS >= .50         2               0.8     1.2        1
DAYS >= 1.00        1               0.3     0.7        0
GREATEST
 24 HR. TOTAL    2.74   11/04 TO 11/05


SNOWFALL (INCHES)
RECORDS
 TOTAL            8.8   1968
TOTALS              T               0.3    -0.3        T
SINCE 7/1           T               0.3    -0.3        T
SNOWDEPTH AVG.      0                MM      MM        0
DAYS >= 1.0         0               0.1    -0.1        0
GREATEST
 SNOW DEPTH         0   MM                             0  MM

DEGREE_DAYS
HEATING TOTAL     349               309      40      394
 SINCE 7/1        370               400     -30      476
COOLING TOTAL      14                18      -4        9
 SINCE 1/1       2876              2502     374     2860
.......................................................

WIND (MPH)
AVERAGE WIND SPEED              10.8
HIGHEST WIND SPEED/DIRECTION    32/270    DATE  11/23
HIGHEST GUST SPEED/DIRECTION    40/280    DATE  11/23

SKY COVER
AVERAGE SKY COVER           0.20

AVERAGE RH (PERCENT)     60

WEATHER CONDITIONS. NUMBER OF DAYS WITH
THUNDERSTORM              1     MIXED PRECIP               0
HEAVY RAIN                1     RAIN                       2
LIGHT RAIN                3     FREEZING RAIN              0
LT FREEZING RAIN          0     HAIL                       0
HEAVY SNOW                0     SNOW                       0
LIGHT SNOW                1     SLEET                      0
FOG                       2     FOG W/VIS <= 1/4 MILE      0
HAZE                      1

-  INDICATES NEGATIVE NUMBERS.
R  INDICATES RECORD WAS SET OR TIED.
MM INDICATES DATA IS MISSING.
T  INDICATES TRACE AMOUNT.

$$
