000
CXUS45 KSLC 012021
CLMSLC

SLCCLMSLC 000
TTAA00 KSLC 012019

CLIMATE REPORT
NATIONAL WEATHER SERVICE SALT LAKE CITY UT
119 PM MST FRI DEC 1 2017

...................................

...THE SALT LAKE CITY UT CLIMATE SUMMARY FOR THE MONTH OF NOVEMBER 2017...

CLIMATE NORMAL PERIOD 1981 TO 2010
CLIMATE RECORD PERIOD 1874 TO 2017

WEATHER         OBSERVED          NORMAL  DEPART  LAST YEAR`S
                 VALUE   DATE(S)  VALUE   FROM    VALUE  DATE(S)
                                          NORMAL
................................................................
TEMPERATURE (F)
RECORD
 HIGH              75   11/05/2009
                        11/06/1999
                        11/12/1967
 LOW              -14   11/16/1955
HIGHEST            72   11/02                         73  11/15
LOWEST             26   11/08                         25  11/30
                                                          11/29
AVG. MAXIMUM     57.9              49.4     8.5     57.1
AVG. MINIMUM     37.7              30.6     7.1     36.9
MEAN             47.8              40.0     7.8     47.0
DAYS MAX >= 90      0               0.0     0.0        0
DAYS MAX <= 32      0               1.2    -1.2        0
DAYS MIN <= 32      9              17.4    -8.4        7
DAYS MIN <= 0       0               0.0     0.0        0

PRECIPITATION (INCHES)
TOTALS           1.17              1.45   -0.28     1.76
DAYS >= .01         6               9.1    -3.1        7
DAYS >= .10         2               4.3    -2.3        3
DAYS >= .50         1               0.4     0.6        1
DAYS >= 1.00        0               0.1    -0.1        0

SNOWFALL (INCHES)
TOTALS              T               7.6    -7.6      5.7
SINCE 7/1           T               9.0              5.7

DEGREE_DAYS
HEATING TOTAL     511               750    -239      530
 SINCE 7/1       1022              1218    -196      799
COOLING TOTAL       0                 0       0        0
 SINCE 1/1       1758              1160     598     1619
.................................................................

WIND (MPH)
AVERAGE WIND SPEED              7.1
HIGHEST WIND SPEED/DIRECTION    36/340    DATE  11/27
HIGHEST GUST SPEED/DIRECTION    49/150    DATE  11/16


WEATHER CONDITIONS. NUMBER OF DAYS WITH
THUNDERSTORM              0     RAIN                       8
HAIL                      1     SNOW                       1
FOG                       6     FOG W/VIS <= 1/4 MILE      0
HAZE                      7

-  INDICATES NEGATIVE NUMBERS.
R  INDICATES RECORD WAS SET OR TIED.
MM INDICATES DATA IS MISSING.
T  INDICATES TRACE AMOUNT.

$$
