000
CXUS54 KOUN 011500
CLMSPS

CLIMATE REPORT
NATIONAL WEATHER SERVICE NORMAN OK
955 AM CDT TUE JUL 1 2014

...................................

...THE WICHITA FALLS CLIMATE SUMMARY FOR THE MONTH OF JUNE 2014...

CLIMATE NORMAL PERIOD 1981 TO 2010
CLIMATE RECORD PERIOD 1897 TO 2014

WEATHER         OBSERVED          NORMAL  DEPART  LAST YEAR`S
                 VALUE   DATE(S)  VALUE   FROM    VALUE  DATE(S)
                                          NORMAL
................................................................
TEMPERATURE (F)
RECORD
 HIGH             117   06/28/1980
 LOW               50   06/05/1928
HIGHEST           106               102       4      105  06/28
                                                          06/27
LOWEST             61                58       3       59  06/07
                                                          06/02
AVG. MAXIMUM     92.4              91.4     1.0     93.8
AVG. MINIMUM     70.4              67.6     2.8     70.1
MEAN             81.4              79.5     1.9     82.0
DAYS MAX >= 90     22              18.7     3.3       21
DAYS MAX <= 32      0               0.0     0.0        0
DAYS MIN <= 32      0               0.0     0.0        0
DAYS MIN <= 0       0               0.0     0.0        0

PRECIPITATION (INCHES)
RECORD
 MAXIMUM         8.60   1989
 MINIMUM            T   2001
                        1902
TOTALS           3.14              4.15   -1.01     2.85
DAILY AVG.       0.10              0.14   -0.04     0.09
DAYS >= .01         6               7.7    -1.7        7
DAYS >= .10         4               5.1    -1.1        4
DAYS >= .50         3               2.8     0.2        2
DAYS >= 1.00        1               1.4    -0.4        1
GREATEST
 24 HR. TOTAL    1.28   06/08 TO 06/09

DEGREE_DAYS
COOLING TOTAL     500               436      64
 SINCE 1/1        890               755     135
.................................................................

WIND (MPH)
AVERAGE WIND SPEED              13.7
HIGHEST WIND SPEED/DIRECTION    40/320    DATE  06/23
HIGHEST GUST SPEED/DIRECTION    55/360    DATE  06/23


WEATHER CONDITIONS. NUMBER OF DAYS WITH
THUNDERSTORM              0     MIXED PRECIP               0
HEAVY RAIN                3     RAIN                       5
LIGHT RAIN               11     FREEZING RAIN              0
LT FREEZING RAIN          0     HAIL                       0
HEAVY SNOW                0     SNOW                       0
LIGHT SNOW                0     SLEET                      0
FOG                       6     FOG W/VIS <= 1/4 MILE      0
HAZE                      3

-  INDICATES NEGATIVE NUMBERS.
R  INDICATES RECORD WAS SET OR TIED.
MM INDICATES DATA IS MISSING.
T  INDICATES TRACE AMOUNT.

RECORD EVENTS/REMARKS

RECORD MAXIMUM TEMPERATURE OF 106 DEGREES SET ON THE 4TH.
RECORD WARMEST MINIMUM TEMPERATURE OF 74 DEGREES SET ON THE 5TH.
THE JANUARY THROUGH JUNE TOTAL PRECIPITATION IS  8.24 INCHES

$$
