000
CXUS53 KEAX 010722
CLMSTJ

STLCLMWK1 000
TTAA00 KEAX 010720


CLIMATE REPORT
NATIONAL WEATHER SERVICE KANSAS CITY/PLEASANT HILL MO
218 AM CDT SAT NOV 1 2014

...................................

...THE ST. JOSEPH MO CLIMATE SUMMARY FOR THE MONTH OF OCTOBER 2014...

CLIMATE NORMAL PERIOD 1981 TO 2010
CLIMATE RECORD PERIOD 1892 TO 2014

WEATHER         OBSERVED          NORMAL  DEPART  LAST YEAR`S
                 VALUE   DATE(S)  VALUE   FROM    VALUE  DATE(S)
                                          NORMAL
................................................................
TEMPERATURE (F)
RECORD
 HIGH              97   10/10/1963
 LOW               11   10/30/1925
HIGHEST            88   10/26        86       2       89  10/04
LOWEST             23   10/31        26      -3       21  10/25
AVG. MAXIMUM     69.4              67.0     2.4     67.2
AVG. MINIMUM     43.1              42.5     0.6     40.4
MEAN             56.2              54.7     1.5     53.8
DAYS MAX >= 90      0               0.4    -0.4        0
DAYS MAX <= 32      0               0.0     0.0        0
DAYS MIN <= 32      2               5.8    -3.8        8
DAYS MIN <= 0       0               0.0     0.0        0

PRECIPITATION (INCHES)
RECORD
 MAXIMUM         8.22   1977
 MINIMUM         0.00   1952
                        1975
TOTALS           6.45              2.81    3.64     5.67
DAILY AVG.       0.21              0.09    0.12     0.18
DAYS >= .01         8               7.1     0.9        8
DAYS >= .10         5               4.7     0.3        7
DAYS >= .50         3               2.2     0.8        5
DAYS >= 1.00        3               1.0     2.0        1
GREATEST
 24 HR. TOTAL    2.30   10/09 TO 10/09
                        10/08 TO 10/09
                        10/09 TO 10/09

DEGREE_DAYS
HEATING TOTAL     279               339     -60      367
 SINCE 7/1        363               419     -56      405
COOLING TOTAL      14                21      -7       26
 SINCE 1/1       1182              1220     -38     1285
.................................................................

WIND (MPH)
AVERAGE WIND SPEED              8.0
HIGHEST WIND SPEED/DIRECTION    33/340    DATE  10/14
HIGHEST GUST SPEED/DIRECTION    44/330    DATE  10/14

SKY COVER
POSSIBLE SUNSHINE (PERCENT)   MM
AVERAGE SKY COVER           0.30
NUMBER OF DAYS FAIR           22
NUMBER OF DAYS PC              5
NUMBER OF DAYS CLOUDY          4

AVERAGE RH (PERCENT)     68

WEATHER CONDITIONS. NUMBER OF DAYS WITH
THUNDERSTORM              0     MIXED PRECIP               0
HEAVY RAIN                3     RAIN                       5
LIGHT RAIN               10     FREEZING RAIN              0
LT FREEZING RAIN          0     HAIL                       0
HEAVY SNOW                0     SNOW                       0
LIGHT SNOW                0     SLEET                      0
FOG                      16     FOG W/VIS <= 1/4 MILE      8
HAZE                      4

-  INDICATES NEGATIVE NUMBERS.
R  INDICATES RECORD WAS SET OR TIED.
MM INDICATES DATA IS MISSING.
T  INDICATES TRACE AMOUNT.

$$
