000
CXUS53 KEAX 011254
CLMSTJ

CLIMATE REPORT
NATIONAL WEATHER SERVICE KANSAS CITY/PLEASANT HILL MO
740 AM CDT SUN MAY 1 2016

...................................

...THE ST. JOSEPH MO CLIMATE SUMMARY FOR THE MONTH OF APRIL 2016...

CLIMATE NORMAL PERIOD 1981 TO 2010
CLIMATE RECORD PERIOD 1892 TO 2016

WEATHER         OBSERVED          NORMAL  DEPART  LAST YEAR`S
                 VALUE   DATE(S)  VALUE   FROM    VALUE  DATE(S)
                                          NORMAL
................................................................
TEMPERATURE (F)
RECORD
 HIGH              96   04/25/2012
                        04/28/1970
                        54/01/2206
 LOW                2   04/03/1975
HIGHEST            84   04/03        87      -3       85  04/07
LOWEST             25   04/09        25       0       27  04/04
AVG. MAXIMUM     68.5              65.8     2.7     68.4
AVG. MINIMUM     44.1              42.5     1.6     43.1
MEAN             56.3              54.2     2.1     55.8
DAYS MAX >= 90      0               0.7    -0.7        0
DAYS MAX <= 32      0               0.0     0.0        0
DAYS MIN <= 32      7               5.1     1.9        4
DAYS MIN <= 0       0               0.0     0.0        0

PRECIPITATION (INCHES)
RECORD
 MAXIMUM        10.88   1944
 MINIMUM         0.62   1924
TOTALS           6.43              3.79    2.64     2.85
DAILY AVG.       0.21              0.13    0.08     0.09
DAYS >= .01        12               9.6     2.4       12
DAYS >= .10         8               6.3     1.7        6
DAYS >= .50         4               2.2     1.8        3
DAYS >= 1.00        2               0.8     1.2        0
GREATEST
 24 HR. TOTAL    3.53   04/26 TO 04/27

DEGREE_DAYS
HEATING TOTAL     272               345     -73      272
 SINCE 7/1       4393              5338    -945     5403
COOLING TOTAL      17                19      -2        4
 SINCE 1/1         19                21      -2        5
.................................................................

WIND (MPH)
AVERAGE WIND SPEED              11.6
HIGHEST WIND SPEED/DIRECTION    47/310    DATE  04/26
HIGHEST GUST SPEED/DIRECTION    58/320    DATE  04/26

SKY COVER
POSSIBLE SUNSHINE (PERCENT)   MM
AVERAGE SKY COVER           0.40
NUMBER OF DAYS FAIR           15
NUMBER OF DAYS PC             10
NUMBER OF DAYS CLOUDY          5

AVERAGE RH (PERCENT)     62

WEATHER CONDITIONS. NUMBER OF DAYS WITH
THUNDERSTORM              6     MIXED PRECIP               0
HEAVY RAIN                6     RAIN                       9
LIGHT RAIN               15     FREEZING RAIN              0
LT FREEZING RAIN          0     HAIL                       0
HEAVY SNOW                0     SNOW                       0
LIGHT SNOW                0     SLEET                      0
FOG                      14     FOG W/VIS <= 1/4 MILE      1
HAZE                      1

-  INDICATES NEGATIVE NUMBERS.
R  INDICATES RECORD WAS SET OR TIED.
MM INDICATES DATA IS MISSING.
T  INDICATES TRACE AMOUNT.

$$
