000
CXUS51 KBGM 012302
CLMSYR


CLIMATE REPORT
NATIONAL WEATHER SERVICE BINGHAMTON NY
651 PM EDT THU SEP 1 2016

...................................

...THE SYRACUSE NY CLIMATE SUMMARY FOR THE SEASON, FROM
6/1/2016 TO 8/31/2016...

CLIMATE NORMAL PERIOD 1981 TO 2010
CLIMATE RECORD PERIOD 1902 TO 2016

WEATHER         OBSERVED          NORMAL  DEPART  LAST YEAR`S
                 VALUE   DATE(S)  VALUE   FROM    VALUE  DATE(S)
                                          NORMAL
................................................................
TEMPERATURE (F)
RECORD
 HIGH             101   07/17/2012
                        08/14/2002
                        07/21/2011
 LOW               35   06/01/1966
HIGHEST            94   07/13        79      15       91  07/29
                                                          07/19
LOWEST             44   06/14        58     -14       41  06/03
AVG. MAXIMUM     81.8              79.7     2.1     79.2
AVG. MINIMUM     60.8              58.9     1.9     59.1
MEAN             71.3              69.3     2.0     69.1
DAYS MAX >= 90     10               6.1     3.9        2
DAYS MAX <= 32      0               0.0     0.0        0
DAYS MIN <= 32      0               0.0     0.0        0
DAYS MIN <= 0       0               0.0     0.0        0

PRECIPITATION (INCHES)
RECORD
 MAXIMUM        19.51   1972
 MINIMUM         5.33   1965
TOTALS           8.65             10.66   -2.01    15.20
DAILY AVG.       0.10              0.12   -0.02     0.17
DAYS >= .01        24              34.2   -10.2       42
DAYS >= .10        15              21.2    -6.2       24
DAYS >= .50         7               7.0     0.0       11
DAYS >= 1.00        3               1.8     1.2        3
GREATEST
 24 HR. TOTAL    1.29   07/25 TO 07/25

SNOWFALL (INCHES)
RECORDS
 TOTAL              T   2008
                        2005
 24 HR TOTAL        T   08/07/2008 TO 08/07/2008
                        06/16/2008 TO 06/16/2008
 SNOW DEPTH         0   MM
TOTALS              TR              0.0     0.0      0.0
SINCE 7/1         0.0               0.0     0.0      0.0
SNOWDEPTH AVG.      0               0.0     0.0        0
DAYS >= TRACE       1               0.0     1.0        0
DAYS >= 1.0         0               0.0     0.0        0
GREATEST
 SNOW DEPTH         TR  06/07                          0  MM
 24 HR TOTAL        TR  06/07 TO 06/07

DEGREE_DAYS
HEATING TOTAL      54                87     -33       61
 SINCE 7/1          1                26     -25        8
COOLING TOTAL     657               483     174      467
 SINCE 1/1        713               513     200      572

FREEZE DATES
RECORD
 EARLIEST     09/23/1963
 LATEST       05/24/1963
EARLIEST                        10/14
LATEST                          04/29
..................................................

WIND (MPH)
AVERAGE WIND SPEED              7.3
RESULTANT WIND SPEED/DIRECTION   3/259
HIGHEST WIND SPEED/DIRECTION    33/300    DATE  07/15
HIGHEST GUST SPEED/DIRECTION    44/290    DATE  07/15

SKY COVER
POSSIBLE SUNSHINE (PERCENT)   MM
AVERAGE SKY COVER           0.60

AVERAGE RH (PERCENT)     68


-  INDICATES NEGATIVE NUMBERS.
R  INDICATES RECORD WAS SET OR TIED.
MM INDICATES DATA IS MISSING.
T  INDICATES TRACE AMOUNT.

&&
12TH WARMEST JUNE TO AUGUST  RECORD 73.7F IN 2005
SNOWFALL ON JUNE 7TH WAS HAIL
$$
