000
CXUS54 KBMX 021416
CLMTCL


CLIMATE REPORT
NATIONAL WEATHER SERVICE BIRMINGHAM, AL
916 AM CDT SAT SEP 2 2017

...................................

...THE TUSCALOOSA CLIMATE SUMMARY FOR THE MONTH OF AUGUST 2017...

CLIMATE NORMAL PERIOD 1981 TO 2010
CLIMATE RECORD PERIOD 1948 TO 2017

WEATHER         OBSERVED          NORMAL  DEPART  LAST YEAR`S
                 VALUE   DATE(S)  VALUE   FROM    VALUE  DATE(S)
                                          NORMAL
................................................................
TEMPERATURE (F)
RECORD
 HIGH             107   08/10/2007
                        08/29/2000
 LOW               53   08/22/1956
HIGHEST            94   08/21        MM      MM       98  08/04
                        08/20                             08/02
LOWEST             63   08/25        MM      MM       70  08/28
AVG. MAXIMUM     88.3              91.9    -3.6     92.7
AVG. MINIMUM     71.8              70.7     1.1     73.1
MEAN             80.0                               82.9
DAYS MAX >= 90     15              21.1    -6.1       23
DAYS MAX <= 32      0               0.0     0.0        0
DAYS MIN <= 32      0               0.0     0.0        0
DAYS MIN <= 0       0               0.0     0.0        0

PRECIPITATION (INCHES)
RECORD
 MAXIMUM         8.84   1970
 MINIMUM         0.41   2006
TOTALS           6.47              3.30    3.17     2.88
DAILY AVG.       0.21              0.11    0.10
DAYS >= .01        12               9.3     2.7
DAYS >= .10        10               6.0     4.0
DAYS >= .50         4               2.8     1.2
DAYS >= 1.00        2               1.2     0.8

DEGREE_DAYS
COOLING TOTAL     473               505     -32      563
 SINCE 1/1       1775              1737      38     1846
.................................................................

WIND (MPH)
AVERAGE WIND SPEED              4.0
HIGHEST WIND SPEED/DIRECTION    29/320    DATE  08/14
HIGHEST GUST SPEED/DIRECTION    40/320    DATE  08/14

AVERAGE RH (PERCENT)     81

WEATHER CONDITIONS. NUMBER OF DAYS WITH
THUNDERSTORM              0     MIXED PRECIP               0
HEAVY RAIN                9     RAIN                       6
LIGHT RAIN               15     FREEZING RAIN              0
LT FREEZING RAIN          0     HAIL                       0
HEAVY SNOW                0     SNOW                       0
LIGHT SNOW                0     SLEET                      0
FOG                      23     FOG W/VIS <= 1/4 MILE      1
HAZE                      3

-  INDICATES NEGATIVE NUMBERS.
R  INDICATES RECORD WAS SET OR TIED.
MM INDICATES DATA IS MISSING.
T  INDICATES TRACE AMOUNT.

$$
