000
CXUS52 KTAE 042100
CLMTLH

CLIMATE REPORT NATIONAL WEATHER SERVICE TALLAHASSEE FL

733 PM EST SUN DEC 3 2017

...................................

...THE TALLAHASSEE CLIMATE SUMMARY FOR THE MONTH OF NOVEMBER 2017...

CLIMATE NORMAL PERIOD 1981 TO 2010
CLIMATE RECORD PERIOD 1896 TO 2017

WEATHER         OBSERVED          NORMAL  DEPART  LAST YEAR`S
                 VALUE   DATE(S)  VALUE   FROM    VALUE  DATE(S)
                                          NORMAL
................................................................
TEMPERATURE (F)
RECORD
 HIGH              89   11/04/2016
                        11/04/2015
                        11/02/2015
 LOW               13   11/25/1970
HIGHEST            85   11/07                         89  11/04
                        11/05
LOWEST             33   11/20                         30  11/21
AVG. MAXIMUM     75.3              73.0     2.3     78.3
AVG. MINIMUM     48.8              47.5     1.3     49.2
MEAN             62.1              60.2     1.9     63.7
DAYS MAX >= 90      0               0.0     0.0        0
DAYS MAX <= 32      0               0.0     0.0        0
DAYS MIN <= 32      0               2.4    -2.4        1
DAYS MIN <= 0       0               0.0     0.0        0

PRECIPITATION (INCHES)
RECORD
 MAXIMUM        12.64   1947
 MINIMUM         0.03   1931
TOTALS           0.53              3.50   -2.97     0.49
DAILY AVG.       0.02              0.12   -0.10     0.02
DAYS >= .01         4               6.6    -2.6        2
DAYS >= .10         2               4.2    -2.2        2
DAYS >= .50         0               2.2    -2.2        0
DAYS >= 1.00        0               1.2    -1.2        0
GREATEST
 24 HR. TOTAL    0.36   11/21

SNOWFALL (INCHES)
RECORDS
 TOTAL            0.0   2002
                        1912
TOTALS            0.0
SINCE 7/1         0.0               0.0     0.0      0.0
SNOWDEPTH AVG.      0
DAYS >= 1.0         0               0.0     0.0        0
GREATEST
 SNOW DEPTH         0
 24 HR TOTAL      0.0

DEGREE_DAYS
HEATING TOTAL     119               189     -70      102
 SINCE 7/1        172               236     -64      113
COOLING TOTAL      40                47      -7       73
 SINCE 1/1       2938              2580     358     3263
.................................................................

WIND (MPH)
AVERAGE WIND SPEED              4.3
HIGHEST WIND SPEED/DIRECTION    21/340    DATE  11/19
HIGHEST GUST SPEED/DIRECTION    26/320    DATE  11/19

SKY COVER
AVERAGE SKY COVER           0.30

AVERAGE RH (PERCENT)     73

WEATHER CONDITIONS. NUMBER OF DAYS WITH
THUNDERSTORM              0     MIXED PRECIP               0
HEAVY RAIN                0     RAIN                       1
LIGHT RAIN                3     FREEZING RAIN              0
LT FREEZING RAIN          0     HAIL                       0
HEAVY SNOW                0     SNOW                       0
LIGHT SNOW                0     SLEET                      0
FOG                      16     FOG W/VIS <= 1/4 MILE      5
HAZE                      2

-  INDICATES NEGATIVE NUMBERS.
R  INDICATES RECORD WAS SET OR TIED.
MM INDICATES DATA IS MISSING.
T  INDICATES TRACE AMOUNT.

$$
