000
CXUS52 KTAE 030355
CLMTLH

CLIMATE REPORT
NATIONAL WEATHER SERVICE TALLAHASSEE FL
1055 PM EST TUE DEC 2 2014

...................................

...THE TALLAHASSEE CLIMATE SUMMARY FOR THE MONTH OF NOVEMBER 2014...

CLIMATE NORMAL PERIOD 1981 TO 2010
CLIMATE RECORD PERIOD 1896 TO 2014

WEATHER         OBSERVED          NORMAL  DEPART  LAST YEAR`S
                 VALUE   DATE(S)  VALUE   FROM    VALUE  DATE(S)
                                          NORMAL
................................................................
TEMPERATURE (F)
RECORD
 HIGH              88   11/01/1961
                        11/02/1929
                        11/16/1921
 LOW               13   11/25/1970
HIGHEST            82   11/05                         84  11/01
LOWEST             22   11/19                         30  11/28
AVG. MAXIMUM     68.8              73.0    -4.2     72.6
AVG. MINIMUM     39.7              47.5    -7.8     51.5
MEAN             54.3              60.2    -5.9     62.0
DAYS MAX >= 90      0               0.0     0.0        0
DAYS MAX <= 32      0               0.0     0.0        0
DAYS MIN <= 32      6               2.4     3.6        1
DAYS MIN <= 0       0               0.0     0.0        0

PRECIPITATION (INCHES)
RECORD
 MAXIMUM        12.64   1947
 MINIMUM         0.03   1931
TOTALS           6.92              3.50    3.42     4.39
DAILY AVG.       0.23              0.12    0.11     0.15
DAYS >= .01         6               6.6    -0.6        5
DAYS >= .10         6               4.2     1.8        2
DAYS >= .50         4               2.2     1.8        2
DAYS >= 1.00        4               1.2     2.8        1
GREATEST
 24 HR. TOTAL    1.79   11/22

SNOWFALL (INCHES)
RECORDS
 TOTAL            0.0   2002
                        1912
TOTALS            0.0
SINCE 7/1         0.0               0.0     0.0      0.0
SNOWDEPTH AVG.      0
DAYS >= 1.0         0               0.0     0.0        0
GREATEST
 SNOW DEPTH         0
 24 HR TOTAL      0.0

DEGREE_DAYS
HEATING TOTAL     326               189     137      140
 SINCE 7/1        351               236     115      167
COOLING TOTAL      13                47     -34       57
 SINCE 1/1       2792              2580     212     2797
.................................................................

WIND (MPH)
AVERAGE WIND SPEED              5.1
HIGHEST WIND SPEED/DIRECTION    29/330    DATE  11/01
HIGHEST GUST SPEED/DIRECTION    36/330    DATE  11/01

SKY COVER
AVERAGE SKY COVER           0.40

AVERAGE RH (PERCENT)     61

WEATHER CONDITIONS. NUMBER OF DAYS WITH
THUNDERSTORM              4     MIXED PRECIP               0
HEAVY RAIN                4     RAIN                       5
LIGHT RAIN                6     FREEZING RAIN              0
LT FREEZING RAIN          0     HAIL                       0
HEAVY SNOW                0     SNOW                       0
LIGHT SNOW                0     SLEET                      0
FOG                       9     FOG W/VIS <= 1/4 MILE      0
HAZE                      4

-  INDICATES NEGATIVE NUMBERS.
R  INDICATES RECORD WAS SET OR TIED.
MM INDICATES DATA IS MISSING.
T  INDICATES TRACE AMOUNT.

$$
