000
CXUS52 KTAE 011249
CLMTLH

CLIMATE REPORT
NATIONAL WEATHER SERVICE TALLAHASSEE FL
844 AM EDT WED JUL 1 2015

...................................

...THE TALLAHASSEE CLIMATE SUMMARY FOR THE MONTH OF JUNE 2015...

CLIMATE NORMAL PERIOD 1981 TO 2010
CLIMATE RECORD PERIOD 1896 TO 2015

WEATHER         OBSERVED          NORMAL  DEPART  LAST YEAR`S
                 VALUE   DATE(S)  VALUE   FROM    VALUE  DATE(S)
                                          NORMAL
................................................................
TEMPERATURE (F)
RECORD
 HIGH             105   06/15/2011
 LOW               49   06/02/1972
HIGHEST            99   06/16                         99  06/30
                                                          06/29
LOWEST             68   06/03                         65  06/05
AVG. MAXIMUM     92.1              91.0     1.1     92.9
AVG. MINIMUM     72.2              69.5     2.7     71.3
MEAN             82.2              80.2     2.0     82.1
DAYS MAX >= 90     19              18.0     1.0       24
DAYS MAX <= 32      0               0.0     0.0        0
DAYS MIN <= 32      0               0.0     0.0        0
DAYS MIN <= 0       0               0.0     0.0        0

PRECIPITATION (INCHES)
RECORD
 MAXIMUM        17.41   1989
 MINIMUM         1.16   1944
TOTALS           6.54              7.73   -1.19     4.40
DAILY AVG.       0.23              0.26   -0.03     0.15
DAYS >= .01        20              13.6     6.4       16
DAYS >= .10        11               9.5     1.5       13
DAYS >= .50         7               4.6     2.4        3
DAYS >= 1.00        0               2.4    -2.4        0
GREATEST
 24 HR. TOTAL    0.94   06/02 TO 06/03

SNOWFALL (INCHES)
RECORDS
 TOTAL            0.0
TOTALS            0.0
SINCE 7/1         0.0               0.1    -0.1        T
SNOWDEPTH AVG.      0
DAYS >= 1.0         0               0.0     0.0        0
GREATEST
 SNOW DEPTH         0
 24 HR TOTAL      0.0

DEGREE_DAYS
HEATING TOTAL       0                 0       0        0
 SINCE 7/1       1441              1595    -154     1360
COOLING TOTAL     504               457      47      503
 SINCE 1/1       1325               903     422      992
.................................................................

WIND (MPH)
AVERAGE WIND SPEED              4.4
HIGHEST WIND SPEED/DIRECTION    46/300    DATE  06/30
HIGHEST GUST SPEED/DIRECTION    60/290    DATE  06/30

SKY COVER
AVERAGE SKY COVER           0.50

AVERAGE RH (PERCENT)     72

WEATHER CONDITIONS. NUMBER OF DAYS WITH
THUNDERSTORM              0     MIXED PRECIP               0
HEAVY RAIN               10     RAIN                       9
LIGHT RAIN               15     FREEZING RAIN              0
LT FREEZING RAIN          0     HAIL                       0
HEAVY SNOW                0     SNOW                       0
LIGHT SNOW                0     SLEET                      0
FOG                      22     FOG W/VIS <= 1/4 MILE      1
HAZE                      6

-  INDICATES NEGATIVE NUMBERS.
R  INDICATES RECORD WAS SET OR TIED.
MM INDICATES DATA IS MISSING.
T  INDICATES TRACE AMOUNT.

$$
