000
CXUS52 KTAE 191401
CLMTLH

CLIMATE REPORT...COR
NATIONAL WEATHER SERVICE TALLAHASSEE FL
1139 AM EST THU FEB 1 2018

...................................

...THE TALLAHASSEE CLIMATE SUMMARY FOR THE MONTH OF JANUARY 2018...

CLIMATE NORMAL PERIOD 1981 TO 2010
CLIMATE RECORD PERIOD 1896 TO 2018

WEATHER         OBSERVED          NORMAL  DEPART  LAST YEAR`S
                 VALUE   DATE(S)  VALUE   FROM    VALUE  DATE(S)
                                          NORMAL
................................................................
TEMPERATURE (F)
RECORD
 HIGH              83   01/30/1957
                        01/15/1957
                        01/14/1932
 LOW                6   01/21/1985
HIGHEST            75   01/27                         80  01/18
                        01/10                             01/13
                        01/09                             01/03
LOWEST             20   01/18                         23  01/09
AVG. MAXIMUM     60.5              63.5    -3.0     70.2
AVG. MINIMUM     35.6              39.0    -3.4     45.7
MEAN             48.1              51.2    -3.1     57.9
DAYS MAX >= 90      0               0.0     0.0        0
DAYS MAX <= 32      0               0.0     0.0        0
DAYS MIN <= 32     16               9.8     6.2        4
DAYS MIN <= 0       0               0.0     0.0        0

PRECIPITATION (INCHES)
RECORD
 MAXIMUM        18.94   1991
 MINIMUM         0.21   1957
TOTALS           1.73              4.34   -2.61     7.21
DAILY AVG.       0.06              0.14   -0.08     0.23
DAYS >= .01         7               8.9    -1.9        9
DAYS >= .10         3               6.1    -3.1        8
DAYS >= .50         2               2.8    -0.8        4
DAYS >= 1.00        1               1.2    -0.2        2
GREATEST
 24 HR. TOTAL    1.02   01/12

SNOWFALL (INCHES)
RECORDS
 TOTAL            0.1R  2018

TOTALS            0.1R  2018
SINCE 7/1         0.1               0.1     0.0      0.0
SNOWDEPTH AVG.      0
DAYS >= 1.0         0               0.0     0.0        0
GREATEST
 SNOW DEPTH         0
 24 HR TOTAL      0.1

DEGREE_DAYS
HEATING TOTAL     525               431      94      239
 SINCE 7/1       1013              1046     -33      543
COOLING TOTAL       9                 5       4       30
 SINCE 1/1          9                 0       9       30
.................................................................

WIND (MPH)
AVERAGE WIND SPEED              6.7
HIGHEST WIND SPEED/DIRECTION    22/150    DATE  01/27
HIGHEST GUST SPEED/DIRECTION    35/160    DATE  01/27

SKY COVER
AVERAGE SKY COVER           0.40

AVERAGE RH (PERCENT)     63

WEATHER CONDITIONS. NUMBER OF DAYS WITH
THUNDERSTORM              0     MIXED PRECIP               0
HEAVY RAIN                2     RAIN                       2
LIGHT RAIN               11     FREEZING RAIN              0
LT FREEZING RAIN          0     HAIL                       0
HEAVY SNOW                0     SNOW                       0
LIGHT SNOW                1     SLEET                      1
FOG                      13     FOG W/VIS <= 1/4 MILE      2
HAZE                      5

-  INDICATES NEGATIVE NUMBERS.
R  INDICATES RECORD WAS SET OR TIED.
MM INDICATES DATA IS MISSING.
T  INDICATES TRACE AMOUNT.

$$
