000
CXUS55 KLKN 011754
CLMTPH


CLIMATE REPORT
NATIONAL WEATHER SERVICE ELKO NV
1048 AM PDT THU JUN 1 2017

...................................

...THE TONOPAH AIRPORT NV CLIMATE SUMMARY FOR THE MONTH OF MAY 2017...

CLIMATE NORMAL PERIOD 1981 TO 2010
CLIMATE RECORD PERIOD 1954 TO 2017

WEATHER         OBSERVED          NORMAL  DEPART  LAST YEAR`S
                 VALUE   DATE(S)  VALUE   FROM    VALUE  DATE(S)
                                          NORMAL
................................................................
TEMPERATURE (F)
RECORD
 HIGH              96   05/28/2003
 LOW               19   05/03/1964
HIGHEST            88   05/30        88       0       87  05/31
                        05/24
LOWEST             38   05/19        31       7       36  05/21
                                                          05/07
AVG. MAXIMUM     75.0              74.4     0.6     72.0
AVG. MINIMUM     46.2              43.2     3.0     42.9
MEAN             60.6              58.8     1.8     57.5
DAYS MAX >= 90      0               1.2    -1.2        0
DAYS MAX <= 32      0               0.0     0.0        0
DAYS MIN <= 32      0               1.7    -1.7        0
DAYS MIN <= 0       0               0.0     0.0        0

PRECIPITATION (INCHES)
RECORD
 MAXIMUM         2.03   1981
 MINIMUM            T   2007
                        1992
                        1983
TOTALS           0.79              0.53    0.26     0.32
DAILY AVG.       0.03              0.02    0.01     0.01
DAYS >= .01         3               3.4    -0.4        7
DAYS >= .10         2               1.5     0.5        2
DAYS >= .50         0               0.2    -0.2        0
DAYS >= 1.00        0               0.0     0.0        0
GREATEST
 24 HR. TOTAL    0.43   05/07 TO 05/07              0.13

DEGREE_DAYS
HEATING TOTAL     161               218     -57      232
 SINCE 7/1       4979              5411    -432     5138
COOLING TOTAL      33                26       7        8
 SINCE 1/1         33                27       6        8
.................................................................

WIND (MPH)
AVERAGE WIND SPEED              11.7
HIGHEST WIND SPEED/DIRECTION    39/310    DATE  05/24
HIGHEST GUST SPEED/DIRECTION    58/290    DATE  05/24

AVERAGE RH (PERCENT)     34

WEATHER CONDITIONS. NUMBER OF DAYS WITH
THUNDERSTORM              0     MIXED PRECIP               0
HEAVY RAIN                2     RAIN                       3
LIGHT RAIN                5     FREEZING RAIN              0
LT FREEZING RAIN          0     HAIL                       0
HEAVY SNOW                0     SNOW                       0
LIGHT SNOW                0     SLEET                      0
FOG                       3     FOG W/VIS <= 1/4 MILE      0
HAZE                      0

-  INDICATES NEGATIVE NUMBERS.
R  INDICATES RECORD WAS SET OR TIED.
MM INDICATES DATA IS MISSING.
T  INDICATES TRACE AMOUNT.

&&

=====================================================================

A RECORD DAILY RAINFALL OF 0.43 INCHES WAS SET ON THE 7TH.
$$

DS
