000
CXUS55 KLKN 011756
CLMTPH


CLIMATE REPORT
NATIONAL WEATHER SERVICE ELKO NV
1039 AM PDT SAT APR 1 2017

...................................

...THE TONOPAH AIRPORT NV CLIMATE SUMMARY FOR THE MONTH OF MARCH 2017...

CLIMATE NORMAL PERIOD 1981 TO 2010
CLIMATE RECORD PERIOD 1954 TO 2017

WEATHER         OBSERVED          NORMAL  DEPART  LAST YEAR`S
                 VALUE   DATE(S)  VALUE   FROM    VALUE  DATE(S)
                                          NORMAL
................................................................
TEMPERATURE (F)
RECORD
 HIGH              79   03/21/2004
                        03/20/2004
 LOW                4   03/02/1971
HIGHEST            76   03/17        71       5       69  03/19
                                                          03/18
                                                          03/01
LOWEST             11   03/06        18      -7       24  03/30
AVG. MAXIMUM     62.9              56.8     6.1     59.5
AVG. MINIMUM     32.3              29.0     3.3     31.5
MEAN             47.6              42.9     4.7     45.5
DAYS MAX >= 90      0               0.0     0.0        0
DAYS MAX <= 32      0               0.1    -0.1        0
DAYS MIN <= 32     14              20.7    -6.7       22
DAYS MIN <= 0       0               0.0     0.0        0

PRECIPITATION (INCHES)
RECORD
 MAXIMUM         2.38   1978
 MINIMUM         0.00   2003
                        1997
                        1972
TOTALS           0.31              0.57   -0.26     0.44
DAILY AVG.       0.01              0.02   -0.01     0.01
DAYS >= .01         5               4.1     0.9        5
DAYS >= .10         1               1.8    -0.8        2
DAYS >= .50         0               0.1    -0.1        0
DAYS >= 1.00        0               0.0     0.0        0
GREATEST
 24 HR. TOTAL    0.20   03/25 TO 03/25              0.19

DEGREE_DAYS
HEATING TOTAL     531               685    -154      597
 SINCE 7/1       4396              4727    -331     4524
COOLING TOTAL       0                 0       0        0
 SINCE 1/1          0                 0       0        0
.................................................................

WIND (MPH)
AVERAGE WIND SPEED              11.3
HIGHEST WIND SPEED/DIRECTION    51/330    DATE  03/30
HIGHEST GUST SPEED/DIRECTION    64/330    DATE  03/30

AVERAGE RH (PERCENT)     45

WEATHER CONDITIONS. NUMBER OF DAYS WITH
THUNDERSTORM              0     MIXED PRECIP               0
HEAVY RAIN                0     RAIN                       2
LIGHT RAIN                5     FREEZING RAIN              0
LT FREEZING RAIN          0     HAIL                       0
HEAVY SNOW                0     SNOW                       0
LIGHT SNOW                3     SLEET                      0
FOG                       1     FOG W/VIS <= 1/4 MILE      0
HAZE                      2

-  INDICATES NEGATIVE NUMBERS.
R  INDICATES RECORD WAS SET OR TIED.
MM INDICATES DATA IS MISSING.
T  INDICATES TRACE AMOUNT.

&&

=====================================================================

...5TH WARMEST MARCH ON RECORD IN TOHOPAH...

A RECORD DAILY MAXIMUM TEMP OF 75 DEGREES WAS TIED ON THE 14TH.
A RECORD DAILY MAXIMUM TEMP OF 75 DEGREES WAS SET ON THE 15TH.
A RECORD DAILY MAXIMUM TEMP OF 76 DEGREES WAS TIED ON THE 17TH.

$$

DS
