000
CXUS55 KLKN 021742
CLMTPH


CLIMATE REPORT
NATIONAL WEATHER SERVICE ELKO NV
1036 AM PDT SAT JUL 2 2016

...................................

...THE TONOPAH AIRPORT NV CLIMATE SUMMARY FOR THE MONTH OF JUNE 2016...

CLIMATE NORMAL PERIOD 1981 TO 2010
CLIMATE RECORD PERIOD 1954 TO 2016

WEATHER         OBSERVED          NORMAL  DEPART  LAST YEAR`S
                 VALUE   DATE(S)  VALUE   FROM    VALUE  DATE(S)
                                          NORMAL
................................................................
TEMPERATURE (F)
RECORD
 HIGH             103   06/30/2013
 LOW               27   06/01/1971
HIGHEST           100   06/20        96       4      101  06/20
LOWEST             43   06/17        39       4       49  06/07
                                                          06/05
AVG. MAXIMUM     90.7              84.8     5.9     89.9
AVG. MINIMUM     56.3              51.5     4.8     58.4
MEAN             73.5              68.1     5.4     74.2
DAYS MAX >= 90     20               9.4    10.6       19
DAYS MAX <= 32      0               0.0     0.0        0
DAYS MIN <= 32      0               0.1    -0.1        0
DAYS MIN <= 0       0               0.0     0.0        0

PRECIPITATION (INCHES)
RECORD
 MAXIMUM         1.67   1998
                        1969
 MINIMUM         0.00   2012
                        2010
                        2008
TOTALS           0.11              0.28   -0.17     0.26
DAILY AVG.       0.00              0.01   -0.01     0.01
DAYS >= .01         3               2.3     0.7        4
DAYS >= .10         0               0.7    -0.7        1
DAYS >= .50         0               0.1    -0.1        0
DAYS >= 1.00        0               0.0     0.0        0
GREATEST
 24 HR. TOTAL    0.06   06/11 TO 06/12              0.10

DEGREE_DAYS
HEATING TOTAL      10                50     -40        6
 SINCE 7/1       5148              5461    -313     4255
COOLING TOTAL     270               145     125      291
 SINCE 1/1        278               172     106      314
.................................................................

WIND (MPH)
AVERAGE WIND SPEED              10.3
HIGHEST WIND SPEED/DIRECTION    37/100    DATE  06/30
HIGHEST GUST SPEED/DIRECTION    43/070    DATE  06/30

AVERAGE RH (PERCENT)     23

WEATHER CONDITIONS. NUMBER OF DAYS WITH
THUNDERSTORM              0     MIXED PRECIP               0
HEAVY RAIN                0     RAIN                       1
LIGHT RAIN                5     FREEZING RAIN              0
LT FREEZING RAIN          0     HAIL                       0
HEAVY SNOW                0     SNOW                       0
LIGHT SNOW                0     SLEET                      0
FOG                       0     FOG W/VIS <= 1/4 MILE      0
HAZE                      2

-  INDICATES NEGATIVE NUMBERS.
R  INDICATES RECORD WAS SET OR TIED.
MM INDICATES DATA IS MISSING.
T  INDICATES TRACE AMOUNT.

&&

==============================================================

...2ND WARMEST JUNE ON RECORD IN TONOPAH...
...28TH WETTEST JUNE ON RECORD IN TONOPAH...

THE AVERAGE TEMPERATURE IN TONOPAH DURING JUNE 2016 WAS 73.5
DEGREES...WHICH IS 5.4 DEGREES ABOVE THE 1981-2010
CLIMATOLOGICAL NORMAL OF 68.1 DEGREES. THIS MAKES JUNE 2016
THE 2ND WARMEST ON RECORD. THE TOTAL PRECIPITATION WAS 0.11
INCHES...WHICH IS 0.17 INCHES BELOW OR 39 PERCENT OF THE
1981-2010 CLIMATOLOGICAL NORMAL OF 0.28 INCHES. THIS MAKES
JUNE 2016 THE 28TH WETTEST JUNE ON RECORD.

A RECORD HIGH OF 96 DEGREES WAS SET ON JUNE 4.
A RECORD HIGH OF 98 DEGREES WAS SET ON JUNE 8.

$$

NWS ELKO CLIMATE TEAM
