000
CXUS56 KSGX 011436
CLMTRM


CLIMATE REPORT
NATIONAL WEATHER SERVICE SAN DIEGO, CA
635 AM PST MON DEC 1 2014

...................................

...THE THERMAL AIRPORT CA CLIMATE SUMMARY FOR THE MONTH OF NOVEMBER 2014...

CLIMATE NORMAL PERIOD 1981 TO 2010
CLIMATE RECORD PERIOD 1950 TO 2014

WEATHER         OBSERVED          NORMAL  DEPART  LAST YEAR`S
                 VALUE   DATE(S)  VALUE   FROM    VALUE  DATE(S)
                                          NORMAL
................................................................
TEMPERATURE (F)
RECORD
 HIGH              98   11/02/1997
                        11/01/1997
 LOW               20   11/26/2010
HIGHEST            90   11/08        78      12       91  11/13
                        11/05                             11/11
LOWEST             35   11/25        44      -9       38  11/06
                        11/24
                        11/19
AVG. MAXIMUM     79.5              78.9     0.6     78.5
AVG. MINIMUM     44.1              42.9     1.2     45.8
MEAN             61.8              60.9     0.9     62.1
DAYS MAX >= 90      2               2.2    -0.2        2
DAYS MAX <= 32      0               0.0     0.0        0
DAYS MAX >= 100     0                                  0
DAYS MAX >= 110     0                                  0
DAYS MIN <= 32      0               2.2    -2.2        0

PRECIPITATION (INCHES)
RECORD
 MAXIMUM         1.68   1965
 MINIMUM         0.00   2006
                        2005
                        1999
TOTALS              T              0.23   -0.23     0.07
DAILY AVG.          T              0.01   -0.01     0.00
DAYS >= .01         0               1.2    -1.2        1
DAYS >= .10         0               0.5    -0.5        0
DAYS >= .50         0               0.1    -0.1        0
DAYS >= 1.00        0               0.0     0.0        0
DAYS >= 1.50        0                                  0
DAYS >= 2.00        0                                  0
GREATEST
 24 HR. TOTAL       T   11/21 TO 11/21           11/22 TO 11/22
                        10/31 TO 11/01                    11/30 TO 11/30
                        11/01 TO 11/01                    11/30 TO 11/30
 STORM TOTAL       MM                                 MM
 (MM/DD(HH))            MM                    11/22(00) TO 11/22(00)
                                                 11/30(00) TO 11/30(00)0
                                                 11/30(00) TO 11/30(00)0

SNOWFALL (INCHES)
TOTALS            0.0
SINCE 7/1         0.0

DEGREE_DAYS
HEATING TOTAL     109               156     -47      100
 SINCE 7/1        109               167     -58      109
COOLING TOTAL      19                33     -14       20
 SINCE 1/1       4258              3686     572     4072

FREEZE DATES
RECORD
 EARLIEST     10/30/1971
 LATEST       04/10/1999
EARLIEST                        12/02
LATEST                          02/06
.................................................

WIND (MPH)
AVERAGE WIND SPEED              5.5
RESULTANT WIND SPEED/DIRECTION   3/322
HIGHEST WIND SPEED/DIRECTION    31/280    DATE  11/01
HIGHEST GUST SPEED/DIRECTION    41/260    DATE  11/01

SKY COVER
POSSIBLE SUNSHINE (PERCENT)   MM
AVERAGE SKY COVER           0.00
NUMBER OF DAYS FAIR           30
NUMBER OF DAYS PC              0
NUMBER OF DAYS CLOUDY          0

AVERAGE RH (PERCENT)     41

WEATHER CONDITIONS. NUMBER OF DAYS WITH
THUNDERSTORM              0     MIXED PRECIP               0
HEAVY RAIN                0     RAIN                       0
LIGHT RAIN                1     FREEZING RAIN              0
LT FREEZING RAIN          0     HAIL                       0
HEAVY SNOW                0     SNOW                       0
LIGHT SNOW                0     SLEET                      0
FOG                       0     FOG W/VIS <= 1/4 MILE      0
HAZE                     10

-  INDICATES NEGATIVE NUMBERS.
R  INDICATES RECORD WAS SET OR TIED.
MM INDICATES DATA IS MISSING.
T  INDICATES TRACE AMOUNT.

$$
