557
CXUS56 KSGX 011744
CLMTRM


CLIMATE REPORT
NATIONAL WEATHER SERVICE SAN DIEGO, CA
1044 AM PDT SUN MAY 1 2016

...................................

...THE THERMAL AIRPORT CA CLIMATE SUMMARY FOR THE MONTH OF APRIL 2016...

CLIMATE NORMAL PERIOD 1981 TO 2010
CLIMATE RECORD PERIOD 1950 TO 2016

WEATHER         OBSERVED          NORMAL  DEPART  LAST YEAR`S
                 VALUE   DATE(S)  VALUE   FROM    VALUE  DATE(S)
                                          NORMAL
................................................................
TEMPERATURE (F)
RECORD
 HIGH             110   04/08/1989
 LOW               32   04/10/1999
HIGHEST           101   04/06        88      13      103  04/30
LOWEST             47   04/03        55      -8       42  04/17
                                                          04/04
AVG. MAXIMUM     88.6              87.4     1.2     88.3
AVG. MINIMUM     57.7              53.2     4.5     55.1
MEAN             73.2              70.3     2.9     71.7
DAYS MAX >= 90     15              11.4     3.6       12
DAYS MAX <= 32      0               0.0     0.0        0
DAYS MAX >= 100     1                                  2
DAYS MAX >= 110     0                                  0
DAYS MIN <= 32      0               0.1    -0.1        0

PRECIPITATION (INCHES)
RECORD
 MAXIMUM         0.50   1975
 MINIMUM         0.00   2013
                        2008
                        2006
TOTALS           0.35              0.06    0.29        T
DAILY AVG.       0.01              0.00    0.01        T
DAYS >= .01         2               0.7     1.3        0
DAYS >= .10         1               0.2     0.8        0
DAYS >= .50         0               0.0     0.0        0
DAYS >= 1.00        0               0.0     0.0        0
DAYS >= 1.50        0                                  0
DAYS >= 2.00        0                                  0
GREATEST
 24 HR. TOTAL    0.35   04/07 TO 04/08           04/25 TO 04/25
                                                          04/13 TO 04/14
                                                          04/14 TO 04/14
 STORM TOTAL       MM                                 MM
 (MM/DD(HH))            MM                    04/25(00) TO 04/25(00)
                                                 04/14(00) TO 04/14(00)4
                                                 04/14(00) TO 04/14(00)4

DEGREE_DAYS
HEATING TOTAL       0                23     -23        0
 SINCE 7/1       1047              1180    -133      749
COOLING TOTAL     252               182      70      210
 SINCE 1/1        445               256     189      417

FREEZE DATES
RECORD
 EARLIEST     10/30/1971
 LATEST       04/10/1999
EARLIEST                        12/02
LATEST                          02/06
.....................................................

WIND (MPH)
AVERAGE WIND SPEED              8.8
RESULTANT WIND SPEED/DIRECTION   5/328
HIGHEST WIND SPEED/DIRECTION    33/330    DATE  04/25
HIGHEST GUST SPEED/DIRECTION    42/320    DATE  04/25

SKY COVER
POSSIBLE SUNSHINE (PERCENT)   MM
AVERAGE SKY COVER           0.10
NUMBER OF DAYS FAIR           27
NUMBER OF DAYS PC              3
NUMBER OF DAYS CLOUDY          0

AVERAGE RH (PERCENT)     34

WEATHER CONDITIONS. NUMBER OF DAYS WITH
THUNDERSTORM              0     MIXED PRECIP               0
HEAVY RAIN                1     RAIN                       1
LIGHT RAIN                3     FREEZING RAIN              0
LT FREEZING RAIN          0     HAIL                       0
HEAVY SNOW                0     SNOW                       0
LIGHT SNOW                0     SLEET                      0
FOG                       1     FOG W/VIS <= 1/4 MILE      0
HAZE                      9

-  INDICATES NEGATIVE NUMBERS.
R  INDICATES RECORD WAS SET OR TIED.
MM INDICATES DATA IS MISSING.
T  INDICATES TRACE AMOUNT.

$$
